000
CXUS51 KRNK 240924
CF6BLF
PRELIMINARY LOCAL CLIMATOLOGICAL DATA (WS FORM: F-6)

                                          STATION:   BLUEFIELD VA
                                          MONTH:     AUGUST
                                          YEAR:      2016
                                          LATITUDE:   37 17 N
                                          LONGITUDE:  81 12 W

  TEMPERATURE IN F:       :PCPN:    SNOW:  WIND      :SUNSHINE: SKY     :PK WND
================================================================================
1   2   3   4   5  6A  6B    7    8   9   10  11  12  13   14  15   16   17  18
                                     12Z  AVG MX 2MIN
DY MAX MIN AVG DEP HDD CDD  WTR  SNW DPTH SPD SPD DIR MIN PSBL S-S WX    SPD DR
================================================================================

 1  81  64  73   0   0   8 0.00  0.0    0  4.8 10 290   M    M   3        15 280
 2  80  67  74   1   0   9 0.03  0.0    0  4.0 12 270   M    M   7 1      15 280
 3  71  66  69  -4   0   4 0.38  0.0    0  4.6 13  70   M    M  10 1      18  80
 4  68  64  66  -7   0   1 0.00  0.0    0  6.6 15 140   M    M  10 1      24 140
 5  78  65  72  -1   0   7 0.45  0.0    0  4.7 15 270   M    M   7 13     27  20
 6  81  64  73   0   0   8 0.01  0.0    0  5.9 13 290   M    M   7 1      17 230
 7  73  67  70  -3   0   5    T  0.0    0  2.3  8 140   M    M   9 12     12 150
 8  68  64  66  -7   0   1 0.00  0.0    0  5.4 13 130   M    M  10 1      18 140
 9  79  64  72  -1   0   7 0.21  0.0    0  7.4 16 160   M    M   6 1      26 130
10  80  69  75   2   0  10 0.00  0.0    0  5.9 13 150   M    M   5        21 160
11  83  69  76   3   0  11 0.00  0.0    0  4.6 10 180   M    M   3        17 150
12  84  68  76   3   0  11 0.00  0.0    0  3.6 12 170   M    M   1        18 170
13  84  70  77   4   0  12 0.17  0.0    0  4.7 18 250   M    M   3 3      27 260
14  83  66  75   2   0  10 0.06  0.0    0  5.5 14 190   M    M   1 3      22 210
15  84  66  75   2   0  10    T  0.0    0  2.5  9 270   M    M   2 123    12 240
16  85  66  76   4   0  11 0.08  0.0    0  6.8 16 250   M    M   3 13     20 260
17  84  66  75   3   0  10 0.27  0.0    0  5.9 24 250   M    M   2 13     33 300
18  74  66  70  -2   0   5    T  0.0    0  5.1  9 260   M    M   8 1      14 250
19  75  65  70  -2   0   5 0.46  0.0    0  3.4 12 260   M    M   7 1      14 270
20  77  62  70  -2   0   5 0.21  0.0    0  3.2 10 160   M    M   7 12     17 170
21  70  62  66  -6   0   1 0.52  0.0    0  7.3 16 240   M    M   8 1      21 260
22  72  57  65  -7   0   0 0.00  0.0    0  4.0 10 290   M    M   5 12     15 280
23  77  54  66  -6   0   1 0.00  0.0    0  4.4 10 170   M    M   2        17 140
================================================================================
SM 1791 1491         0 152  2.85     0.0 112.6          M      126
================================================================================
AV 77.9 64.8                               4.9 FASTST   M    M   5    MAX(MPH)
                                 MISC ---->  # 24 250               # 33  300
================================================================================
NOTES:
# LAST OF SEVERAL OCCURRENCES

COLUMN 17 PEAK WIND IN M.P.H.

PRELIMINARY LOCAL CLIMATOLOGICAL DATA (WS FORM: F-6) , PAGE 2

                                          STATION:  BLUEFIELD VA
                                          MONTH:    AUGUST
                                          YEAR:     2016
                                          LATITUDE:   37 17 N
                                          LONGITUDE:  81 12 W

[TEMPERATURE DATA]      [PRECIPITATION DATA]       SYMBOLS USED IN COLUMN 16

AVERAGE MONTHLY: 71.3   TOTAL FOR MONTH:   2.85    1 = FOG OR MIST
DPTR FM NORMAL:  -1.3   DPTR FM NORMAL:    0.36    2 = FOG REDUCING VISIBILITY
HIGHEST:    85 ON 16    GRTST 24HR  0.71 ON 20-21      TO 1/4 MILE OR LESS
LOWEST:     54 ON 23                               3 = THUNDER
                        SNOW, ICE PELLETS, HAIL    4 = ICE PELLETS
                        TOTAL MONTH:   0.0 INCH    5 = HAIL
                        GRTST 24HR     0.0         6 = FREEZING RAIN OR DRIZZLE
                        GRTST DEPTH:   0           7 = DUSTSTORM OR SANDSTORM:
                                                       VSBY 1/2 MILE OR LESS
                                                   8 = SMOKE OR HAZE
[NO. OF DAYS WITH]      [WEATHER - DAYS WITH]      9 = BLOWING SNOW
                                                   X = TORNADO
MAX 32 OR BELOW:   0    0.01 INCH OR MORE:  12
MAX 90 OR ABOVE:   0    0.10 INCH OR MORE:   8
MIN 32 OR BELOW:   0    0.50 INCH OR MORE:   1
MIN  0 OR BELOW:   0    1.00 INCH OR MORE:   0

[HDD (BASE 65) ]
TOTAL THIS MO.     0    CLEAR  (SCALE 0-3)   8
DPTR FM NORMAL     0    PTCLDY (SCALE 4-7)  10
TOTAL FM JUL 1     0    CLOUDY (SCALE 8-10)  5
DPTR FM NORMAL    -2

[CDD (BASE 65) ]
TOTAL THIS MO.   152
DPTR FM NORMAL   -26    [PRESSURE DATA]
TOTAL FM JAN 1   537    HIGHEST SLP M ON M
DPTR FM NORMAL  -146    LOWEST  SLP 29.80 ON  6

[REMARKS]
