000
CXUS51 KRNK 250623
CF6BLF

PRELIMINARY LOCAL CLIMATOLOGICAL DATA (WS FORM: F-6)

                                          STATION:   BLUEFIELD WV
                                          MONTH:     APRIL
                                          YEAR:      2017
                                          LATITUDE:   37 17 N
                                          LONGITUDE:  81 12 W

  TEMPERATURE IN F:       :PCPN:    SNOW:  WIND      :SUNSHINE: SKY     :PK WND
================================================================================
1   2   3   4   5  6A  6B    7    8   9   10  11  12  13   14  15   16   17  18
                                     12Z  AVG MX 2MIN
DY MAX MIN AVG DEP HDD CDD  WTR  SNW DPTH SPD SPD DIR MIN PSBL S-S WX    SPD DR
================================================================================

 1  45  40  43  -7  22   0 0.03  0.0    0  8.1 20 290   M    M  10 1      27 300
 2  67  36  52   1  13   0 0.00  0.0    0  6.3 18 160   M    M   4        30 200
 3  58  52  55   4  10   0 0.34  0.0    0 11.0 21 120   M    M   3 1      33 140
 4  69  53  61   9   4   0 0.01  0.0    0 12.9 29 260   M    M   4        40 260
 5  66  49  58   6   7   0 0.24  0.0    0  8.1 22 170   M    M   1 1      36 170
 6  54  32  43  -9  22   0 0.28    T    0 15.3 28 260   M    M   9 1      43 280
 7  39  30  35 -17  30   0 0.02  0.1    0 14.9 26 280   M    M   9 1      40 300
 8  57  30  44  -9  21   0 0.00  0.0    0  5.9 15 300   M    M   0        20 300
 9  70  40  55   2  10   0 0.00  0.0    0  4.7 14 180   M    M   0        21 170
10  75  55  65  11   0   0 0.00  0.0    0  7.9 17 250   M    M   0        22 250
11  75  54  65  11   0   0 0.04  0.0    0  8.7 18 240   M    M   1 1      27 290
12  68  50  59   5   6   0 0.11  0.0    0  5.6 14  10   M    M   5 1      19  10
13  74  47  61   7   4   0 0.00  0.0    0  4.1 16 250   M    M   1        21 250
14  77  53  65  10   0   0 0.00  0.0    0  6.1 15 310   M    M   0        21 320
15  75  58  67  12   0   2    T  0.0    0  8.0 18 250   M    M   4        26 230
16  71  58  65  10   0   0 0.07  0.0    0 10.6 24 250   M    M   3        31 270
17  63  53  58   2   7   0 0.26  0.0    0  4.7 13  10   M    M   8 1      17  10
18  61  52  57   1   8   0 0.01  0.0    0  6.1 15 170   M    M  10 1      23 180
19  65  50  58   2   7   0 0.39  0.0    0  5.4 18 240   M    M   8 1      28 170
20  72  58  65   8   0   0 0.08  0.0    0  9.8 21 270   M    M   5 13     27 240
21  71  58  65   8   0   0 0.17  0.0    0  8.4 18 290   M    M   8 1      24 280
22  58  46  52  -5  13   0 0.85  0.0    0  5.1 14 310   M    M  10 1      18 290
23  48  42  45 -12  20   0 1.05  0.0    0  8.1 15 140   M    M  10 12     23 150
24  50  42  46 -12  19   0 0.17  0.0    0  8.0 14 100   M    M  10 1      22 130
================================================================================
SM 1528 1138       223   2  4.12     0.1 193.8          M      123
================================================================================
AV 63.7 47.4                               8.1 FASTST   M    M   5    MAX(MPH)
                                 MISC ---->  # 29 260               # 43  280
================================================================================
NOTES:
# LAST OF SEVERAL OCCURRENCES

COLUMN 17 PEAK WIND IN M.P.H.

PRELIMINARY LOCAL CLIMATOLOGICAL DATA (WS FORM: F-6) , PAGE 2

                                          STATION:  BLUEFIELD WV
                                          MONTH:    APRIL
                                          YEAR:     2017
                                          LATITUDE:   37 17 N
                                          LONGITUDE:  81 12 W

[TEMPERATURE DATA]      [PRECIPITATION DATA]       SYMBOLS USED IN COLUMN 16

AVERAGE MONTHLY: 55.5   TOTAL FOR MONTH:   4.12    1 = FOG OR MIST
DPTR FM NORMAL:   1.3   DPTR FM NORMAL:    1.49    2 = FOG REDUCING VISIBILITY
HIGHEST:    77 ON 14    GRTST 24HR  1.05 ON 23-23      TO 1/4 MILE OR LESS
LOWEST:     30 ON  8, 7                            3 = THUNDER
                        SNOW, ICE PELLETS, HAIL    4 = ICE PELLETS
                        TOTAL MONTH:   0.1 INCH    5 = HAIL
                        GRTST 24HR   0.1 ON  7- 7  6 = FREEZING RAIN OR DRIZZLE
                        GRTST DEPTH:   0           7 = DUSTSTORM OR SANDSTORM:
                                                       VSBY 1/2 MILE OR LESS
                                                   8 = SMOKE OR HAZE
[NO. OF DAYS WITH]      [WEATHER - DAYS WITH]      9 = BLOWING SNOW
                                                   X = TORNADO
MAX 32 OR BELOW:   0    0.01 INCH OR MORE:  17
MAX 90 OR ABOVE:   0    0.10 INCH OR MORE:  10
MIN 32 OR BELOW:   3    0.50 INCH OR MORE:   2
MIN  0 OR BELOW:   0    1.00 INCH OR MORE:   1

[HDD (BASE 65) ]
TOTAL THIS MO.   223    CLEAR  (SCALE 0-3)   8
DPTR FM NORMAL   -53    PTCLDY (SCALE 4-7)   8
TOTAL FM JUL 1  4061    CLOUDY (SCALE 8-10)  8
DPTR FM NORMAL  -324

[CDD (BASE 65) ]
TOTAL THIS MO.     2
DPTR FM NORMAL   -20    [PRESSURE DATA]
TOTAL FM JAN 1     2    HIGHEST SLP M ON M
DPTR FM NORMAL   -24    LOWEST  SLP 29.38 ON  6

[REMARKS]
DUE TO A POWER OUTAGE CAUSING A MISSING HIGH TEMPERATURE ON NOVEMBER
10...THE SEASONAL HEATING DEGREE DAY TOTAL AND DEPARTURE FROM
NORMAL WILL BE CALCULATED WITHOUT DATA FROM THIS DATE.
