000
CXUS55 KPSR 291005
CF6BLH
PRELIMINARY LOCAL CLIMATOLOGICAL DATA (WS FORM: F-6)

                                          STATION:   BLYTHE CA
                                          MONTH:     JULY
                                          YEAR:      2015
                                          LATITUDE:   33 37 N
                                          LONGITUDE: 114 43 W

  TEMPERATURE IN F:       :PCPN:    SNOW:  WIND      :SUNSHINE: SKY     :PK WND
================================================================================
1   2   3   4   5  6A  6B    7    8   9   10  11  12  13   14  15   16   17  18
                                     12Z  AVG MX 2MIN
DY MAX MIN AVG DEP HDD CDD  WTR  SNW DPTH SPD SPD DIR MIN PSBL S-S WX    SPD DR
================================================================================

 1 100  80  90  -3   0  25 0.16  0.0    0 11.2 29 220   M    M   0 13     35 220
 2 106  79  93   0   0  28 0.00  0.0    0  7.2 16 260   M    M   0        19 260
 3 104  84  94   1   0  29 0.00  0.0    0  3.3 14 240   M    M   0        16 230
 4 109  85  97   4   0  32 0.00  0.0    0 10.3 25 170   M    M   0        30 170
 5 107  86  97   4   0  32 0.00  0.0    0 14.7 25 180   M    M   0        31 190
 6 106  83  95   1   0  30 0.00  0.0    0  9.5 16 200   M    M   0        21 150
 7 109  83  96   2   0  31 0.00  0.0    0 10.8 20 170   M    M   0        26 180
 8 106  80  93  -1   0  28 0.00  0.0    0 12.6 23 240   M    M   0        28 190
 9  99  74  87  -7   0  22 0.00  0.0    0 14.6 25 240   M    M   0        35 210
10  98  71  85  -9   0  20 0.00  0.0    0  9.8 21 160   M    M   0        29 160
11  98  74  86  -8   0  21 0.00  0.0    0  9.5 18 200   M    M   0        24 180
12 106  69  88  -6   0  23 0.00  0.0    0  8.1 14 170   M    M   0        18 200
13 110  78  94   0   0  29 0.00  0.0    0  8.1 21 170   M    M   0        25 170
14 109  82  96   2   0  31 0.00  0.0    0 10.3 20 240   M    M   0         M  M
15 106  78  92  -3   0  27 0.00  0.0    0 12.3 23 190   M    M   0        26 190
16 107  78  93  -2   0  28 0.00  0.0    0  9.4 18 200   M    M   0        22 200
17 107  83  95   0   0  30 0.00  0.0    0 12.9 31 200   M    M   0 8      36 200
18  99  79  89  -6   0  24 0.02  0.0    0  9.5 28 340   M    M   2 3      32 340
19  98  75  87  -8   0  22 0.05  0.0    0  6.8 29 270   M    M   2 13     32 260
20 100  76  88  -7   0  23    T  0.0    0  5.6 13 300   M    M   0        17 270
21 105  82  94  -1   0  29 0.00  0.0    0  7.4 17 200   M    M   0        22 190
22 104  79  92  -3   0  27 0.00  0.0    0 12.7 21 170   M    M   0        25 190
23 106  79  93  -2   0  28 0.00  0.0    0 11.7 18 200   M    M   0        35 190
24 108  78  93  -2   0  28 0.00  0.0    0 10.1 20 250   M    M   0        24 250
25 110  77  94  -1   0  29 0.00  0.0    0  5.6 17 240   M    M   0        21 250
26 112  76  94  -1   0  29 0.00  0.0    0  9.7 25 230   M    M   0        32 250
27 107  78  93  -2   0  28 0.00  0.0    0  9.5 21 190   M    M   0        25 170
28 107  77  92  -3   0  27 0.00  0.0    0  7.6 17 200   M    M   0        19 200
================================================================================
SM 2943 2203         0 760  0.23     0.0 270.8          M        4
================================================================================
AV105.1 78.7                               9.7 FASTST   M    M   0    MAX(MPH)
                                 MISC ---->  # 31 200               # 36  200
================================================================================
NOTES:
# LAST OF SEVERAL OCCURRENCES

COLUMN 17 PEAK WIND IN M.P.H.

PRELIMINARY LOCAL CLIMATOLOGICAL DATA (WS FORM: F-6) , PAGE 2

                                          STATION:  BLYTHE CA
                                          MONTH:    JULY
                                          YEAR:     2015
                                          LATITUDE:   33 37 N
                                          LONGITUDE: 114 43 W

[TEMPERATURE DATA]      [PRECIPITATION DATA]       SYMBOLS USED IN COLUMN 16

AVERAGE MONTHLY: 91.9   TOTAL FOR MONTH:   0.23    1 = FOG OR MIST
DPTR FM NORMAL:  -2.4   DPTR FM NORMAL:    0.01    2 = FOG REDUCING VISIBILITY
HIGHEST:   112 ON 26    GRTST 24HR  0.16 ON  1- 1      TO 1/4 MILE OR LESS
LOWEST:     69 ON 12                               3 = THUNDER
                        SNOW, ICE PELLETS, HAIL    4 = ICE PELLETS
                        TOTAL MONTH:   0.0 INCH    5 = HAIL
                        GRTST 24HR     0.0         6 = FREEZING RAIN OR DRIZZLE
                        GRTST DEPTH:   0           7 = DUSTSTORM OR SANDSTORM:
                                                       VSBY 1/2 MILE OR LESS
                                                   8 = SMOKE OR HAZE
[NO. OF DAYS WITH]      [WEATHER - DAYS WITH]      9 = BLOWING SNOW
                                                   X = TORNADO
MAX 32 OR BELOW:   0    0.01 INCH OR MORE:   3
MAX 90 OR ABOVE:  28    0.10 INCH OR MORE:   1
MIN 32 OR BELOW:   0    0.50 INCH OR MORE:   0
MIN  0 OR BELOW:   0    1.00 INCH OR MORE:   0

[HDD (BASE 65) ]
TOTAL THIS MO.     0    CLEAR  (SCALE 0-3)  28
DPTR FM NORMAL     0    PTCLDY (SCALE 4-7)   0
TOTAL FM JUL 1     0    CLOUDY (SCALE 8-10)  0
DPTR FM NORMAL     0

[CDD (BASE 65) ]
TOTAL THIS MO.   760
DPTR FM NORMAL   -62    [PRESSURE DATA]
TOTAL FM JAN 1  2427    HIGHEST SLP M ON M
DPTR FM NORMAL   134    LOWEST  SLP 29.55 ON  8

[REMARKS]
