000
CXUS55 KSEW 290930
CF6BLI
PRELIMINARY LOCAL CLIMATOLOGICAL DATA (WS FORM: F-6)

                                          STATION:   BELLINGHAM WA AIRPORT
                                          MONTH:     MARCH
                                          YEAR:      2017
                                          LATITUDE:   48 47 N
                                          LONGITUDE: 122 32 W

  TEMPERATURE IN F:       :PCPN:    SNOW:  WIND      :SUNSHINE: SKY     :PK WND
================================================================================
1   2   3   4   5  6A  6B    7    8   9   10  11  12  13   14  15   16   17  18
                                     12Z  AVG MX 2MIN
DY MAX MIN AVG DEP HDD CDD  WTR  SNW DPTH SPD SPD DIR MIN PSBL S-S WX    SPD DR
================================================================================

 1  46  41  44   2  21   0 0.07  0.0    0  8.8 17 180   M    M   9 1      27 170
 2  47  40  44   2  21   0 0.05  0.0    0 13.7 29 150   M    M   9 1      36 150
 3  47  37  42   0  23   0 0.59  0.0    0 12.5 28 150   M    M  10 1      39 140
 4  45  34  40  -2  25   0 0.07    M    M  7.4 15 160   M    M   7 1      22 150
 5  44  33  39  -4  26   0 0.31    M    M 10.8 25 140   M    M  10 1      31 140
 6  42  34  38  -5  27   0 0.14    M    M  9.6 18 170   M    M   5 1      26 160
 7  42  36  39  -4  26   0 0.03  0.0    0 11.1 22 150   M    M   9        27 140
 8  45  35  40  -3  25   0 0.26  0.0    0  6.7 17 160   M    M   8 1      23 160
 9  41  35  38  -5  27   0 0.32  0.0    0  6.1 15  20   M    M  10 1      20  10
10  51  39  45   2  20   0 0.04  0.0    0  7.2 23 160   M    M  10 1      34 160
11  51  39  45   1  20   0 0.28  0.0    0  7.3 21 150   M    M   8 1      31 130
12  53  46  50   6  15   0 0.04  0.0    0  7.6 16 150   M    M  10 1      20 140
13  52  46  49   5  16   0 0.20  0.0    0  4.2 15 130   M    M   9 1      18 140
14  57  46  52   8  13   0 0.49  0.0    0  7.5 18 150   M    M  10 1      24 160
15  52  46  49   5  16   0 0.24  0.0    0  4.8 17 170   M    M   9 13     27 160
16  52  41  47   3  18   0 0.00  0.0    0 11.0 18 140   M    M   5        27 150
17  51  35  43  -1  22   0 0.47    M    0  5.8 17 140   M    M   6 1      22 130
18  50  36  43  -2  22   0 0.21    M    0  4.7 12 260   M    M   7 1      20 200
19  52  36  44  -1  21   0 0.01  0.0    0  5.9 12  10   M    M   5 1      16 190
20  55  37  46   1  19   0 0.08  0.0    0 10.4 22  30   M    M   4        31  10
21  57  44  51   6  14   0 0.11  0.0    0  6.5 16 130   M    M  10        21 130
22  55  43  49   4  16   0 0.02  0.0    0 12.1 29 150   M    M   8 1      38 150
23  55  44  50   5  15   0 0.13  0.0    0 11.0 22 150   M    M   7        30 160
24  54  43  49   3  16   0 0.27  0.0    0 10.8 22 150   M    M  10 1      30 140
25  51  42  47   1  18   0 0.01  0.0    0  6.9 21 150   M    M   9        29 150
26  52  41  47   1  18   0 0.36  0.0    0  5.3 16 130   M    M  10 1      24 120
27  53  46  50   4  15   0 0.10    M    0 10.3 20 160   M    M   9        27 160
28  50  46  48   2  17   0 0.32    M    0 16.9 29 140   M    M  10 1      41 130
================================================================================
SM 1402 1121       552   0  5.22     0.0 242.9          M      233
================================================================================
AV 50.1 40.0                               8.7 FASTST   M    M   8    MAX(MPH)
                                 MISC ---->  # 29 150               # 41  130
================================================================================
NOTES:
# LAST OF SEVERAL OCCURRENCES

COLUMN 17 PEAK WIND IN M.P.H.

PRELIMINARY LOCAL CLIMATOLOGICAL DATA (WS FORM: F-6) , PAGE 2

                                          STATION:  BELLINGHAM WA AIRPORT
                                          MONTH:    MARCH
                                          YEAR:     2017
                                          LATITUDE:   48 47 N
                                          LONGITUDE: 122 32 W

[TEMPERATURE DATA]      [PRECIPITATION DATA]       SYMBOLS USED IN COLUMN 16

AVERAGE MONTHLY: 45.1   TOTAL FOR MONTH:   5.22    1 = FOG OR MIST
DPTR FM NORMAL:   1.0   DPTR FM NORMAL:    2.32    2 = FOG REDUCING VISIBILITY
HIGHEST:    57 ON 21,14 GRTST 24HR  0.59 ON  3- 3      TO 1/4 MILE OR LESS
LOWEST:     33 ON  5                               3 = THUNDER
                        SNOW, ICE PELLETS, HAIL    4 = ICE PELLETS
                        TOTAL MONTH:   0.0 INCH    5 = HAIL
                        GRTST 24HR     0.0         6 = FREEZING RAIN OR DRIZZLE
                        GRTST DEPTH:   0           7 = DUSTSTORM OR SANDSTORM:
                                                       VSBY 1/2 MILE OR LESS
                                                   8 = SMOKE OR HAZE
[NO. OF DAYS WITH]      [WEATHER - DAYS WITH]      9 = BLOWING SNOW
                                                   X = TORNADO
MAX 32 OR BELOW:   0    0.01 INCH OR MORE:  27
MAX 90 OR ABOVE:   0    0.10 INCH OR MORE:  17
MIN 32 OR BELOW:   0    0.50 INCH OR MORE:   1
MIN  0 OR BELOW:   0    1.00 INCH OR MORE:   0

[HDD (BASE 65) ]
TOTAL THIS MO.   552    CLEAR  (SCALE 0-3)   0
DPTR FM NORMAL   -34    PTCLDY (SCALE 4-7)  11
TOTAL FM JUL 1  4233    CLOUDY (SCALE 8-10) 17
DPTR FM NORMAL  -224

[CDD (BASE 65) ]
TOTAL THIS MO.     0
DPTR FM NORMAL     0    [PRESSURE DATA]
TOTAL FM JAN 1     0    HIGHEST SLP M ON M
DPTR FM NORMAL     0    LOWEST  SLP 29.45 ON  4

[REMARKS]
