000
CXUS54 KEWX 190910
CF6BMQ
PRELIMINARY LOCAL CLIMATOLOGICAL DATA (WS FORM: F-6)

                                          STATION:   BURNET
                                          MONTH:     DECEMBER
                                          YEAR:      2014
                                          LATITUDE:   30 43 N
                                          LONGITUDE:  98 14 W

  TEMPERATURE IN F:       :PCPN:    SNOW:  WIND      :SUNSHINE: SKY     :PK WND
================================================================================
1   2   3   4   5  6A  6B    7    8   9   10  11  12  13   14  15   16   17  18
                                     12Z  AVG MX 2MIN
DY MAX MIN AVG DEP HDD CDD  WTR  SNW DPTH SPD SPD DIR MIN PSBL S-S WX    SPD DR
================================================================================

 1  64  36  50  -1  15   0 0.00    M    M  9.7 20  10   M    M   9        26  10
 2  51  37  44  -7  21   0 0.00    M    M  5.0 13 340   M    M  10        16  10
 3  56  45  51   0  14   0    T    M    M  3.3  9 180   M    M  10 1      15 190
 4  66  56  61  10   4   0    T    M    M  4.8 10 150   M    M  10 12     16 150
 5  74  56  65  15   0   0    T    M    M  7.3 20 200   M    M   5 1      24 190
 6  67  51  59   9   6   0 0.00    M    M  7.9 14  20   M    M   3        19  30
 7  52  48  50   0  15   0 0.00    M    M  4.7 12  20   M    M   9 18     16  20
 8   M   M   M   M   M   M 0.00    M    M  2.8  7 360   M    M   4         M  M
 9  68  51  60  10   5   0 0.00    M    M  2.6  7 110   M    M   0         M  M
10  62  50  56   7   9   0    T    M    M  4.5 12 180   M    M   9        15 170
11  62  56  59  10   6   0 0.24    M    M  4.8 12 180   M    M  10 1      16 170
12  66  57  62  13   3   0 0.00    M    M  5.5 14 180   M    M   8 1      18 190
13  69  52  61  12   4   0 0.00    M    M  5.2 13 170   M    M   6 1      22 150
14  69  59  64  15   1   0    T    M    M  8.9 23 180   M    M   8 1      35 190
15  69  49  59  10   6   0 0.00    M    M  6.5 14 320   M    M   2 1      18 320
16  61  42  52   4  13   0 0.00    M    M  6.9 17  20   M    M   3        22  20
17  50  45  48   0  17   0    T    M    M  5.4 12 130   M    M  10 1      15 130
18  64  47  56   8   9   0 0.00    M    0  5.3 16  60   M    M   8 1      22  40
================================================================================
SM 1070  837       148   0  0.24    M    101.1          M      124
================================================================================
AV 62.9 49.2                               5.6 FASTST   M    M   7    MAX(MPH)
                                 MISC ---->  # 23 180               # 35  190
================================================================================
NOTES:
# LAST OF SEVERAL OCCURRENCES

COLUMN 17 PEAK WIND IN M.P.H.

PRELIMINARY LOCAL CLIMATOLOGICAL DATA (WS FORM: F-6) , PAGE 2

                                          STATION:  BURNET
                                          MONTH:    DECEMBER
                                          YEAR:     2014
                                          LATITUDE:   30 43 N
                                          LONGITUDE:  98 14 W

[TEMPERATURE DATA]      [PRECIPITATION DATA]       SYMBOLS USED IN COLUMN 16

AVERAGE MONTHLY: 56.1   TOTAL FOR MONTH:   0.24    1 = FOG OR MIST
DPTR FM NORMAL:   6.5   DPTR FM NORMAL:   -1.03    2 = FOG REDUCING VISIBILITY
HIGHEST:    74 ON  5    GRTST 24HR  0.24 ON 10-11      TO 1/4 MILE OR LESS
LOWEST:     36 ON  1                               3 = THUNDER
                        SNOW, ICE PELLETS, HAIL    4 = ICE PELLETS
                        TOTAL MONTH:    M          5 = HAIL
                        GRTST 24HR    M  ON   M    6 = FREEZING RAIN OR DRIZZLE
                        GRTST DEPTH:   0           7 = DUSTSTORM OR SANDSTORM:
                                                       VSBY 1/2 MILE OR LESS
                                                   8 = SMOKE OR HAZE
[NO. OF DAYS WITH]      [WEATHER - DAYS WITH]      9 = BLOWING SNOW
                                                   X = TORNADO
MAX 32 OR BELOW:   0    0.01 INCH OR MORE:   1
MAX 90 OR ABOVE:   0    0.10 INCH OR MORE:   1
MIN 32 OR BELOW:   0    0.50 INCH OR MORE:   0
MIN  0 OR BELOW:   0    1.00 INCH OR MORE:   0

[HDD (BASE 65) ]
TOTAL THIS MO.   148    CLEAR  (SCALE 0-3)   3
DPTR FM NORMAL  -132    PTCLDY (SCALE 4-7)   6
TOTAL FM JUL 1   483    CLOUDY (SCALE 8-10)  9
DPTR FM NORMAL  -121

[CDD (BASE 65) ]
TOTAL THIS MO.     0
DPTR FM NORMAL     0    [PRESSURE DATA]
TOTAL FM JAN 1  2753    HIGHEST SLP M ON M
DPTR FM NORMAL   168    LOWEST  SLP 29.81 ON 14

[REMARKS]
