000
CXUS56 KBOI 011002
CF6BNO
PRELIMINARY LOCAL CLIMATOLOGICAL DATA (WS FORM: F-6)

                                          STATION:   BURNS OR
                                          MONTH:     JUNE
                                          YEAR:      2015
                                          LATITUDE:   43 34 N
                                          LONGITUDE: 118 57 W

  TEMPERATURE IN F:       :PCPN:    SNOW:  WIND      :SUNSHINE: SKY     :PK WND
================================================================================
1   2   3   4   5  6A  6B    7    8   9   10  11  12  13   14  15   16   17  18
                                     12Z  AVG MX 2MIN
DY MAX MIN AVG DEP HDD CDD  WTR  SNW DPTH SPD SPD DIR MIN PSBL S-S WX    SPD DR
================================================================================

 1  74  44  59   4   6   0    T    M    M  9.8 28 220   M    M   4        37 220
 2  71  43  57   2   8   0    T    M    M  9.3 22 300   M    M   6        27 280
 3  70  43  57   2   8   0 0.00    M    M  7.2 16 310   M    M   0        23 290
 4  76  40  58   2   7   0 0.00    M    M  7.9 21 320   M    M   2        25 330
 5  77  47  62   6   3   0 0.00    M    M  8.3 20 330   M    M   3        25 330
 6  85  50  68  12   0   3 0.00    M    M  8.5 21 320   M    M   1        27 320
 7  87  45  66  10   0   1 0.00    M    M  5.0 13 220   M    M   0        16 140
 8  93  49  71  15   0   6 0.00    M    M  4.6 12 190   M    M   0        16 180
 9  94  52  73  17   0   8 0.00    M    M  9.3 32 310   M    M   0        39 310
10  87  47  67  10   0   2 0.00    M    M 10.5 22 290   M    M   0        27 270
11  89  41  65   8   0   0 0.00    M    M  8.1 21 350   M    M   0        26 360
12  84  44  64   7   1   0 0.00    M    M  9.8 18 290   M    M   0        24 310
13  82  34  58   0   7   0 0.00    M    M  9.1 17 260   M    M   0        22 200
14  81  37  59   1   6   0 0.00    M    M  6.3 16 340   M    M   0        20 340
15  87  44  66   8   0   1    T    M    M  8.7 31 260   M    M   0 38     39 250
16  86  42  64   6   1   0 0.00    M    M  6.0 12 280   M    M   0        17 170
17  87  48  68  10   0   3 0.00    M    M  7.6 17 260   M    M   0        23 290
18  89  46  68   9   0   3 0.00    M    M  8.3 21 210   M    M   0        28 210
19  81  48  65   6   0   0 0.00    M    M 10.4 22 190   M    M   0        30 190
20  84  46  65   6   0   0 0.00    M    M  5.3 15 150   M    M   0        20 150
21  88  47  68   8   0   3 0.00    M    M  8.2 31 310   M    M   0 8      43 250
22  85  40  63   3   2   0 0.00    M    M  5.2 14 230   M    M   1        17 270
23  88  52  70  10   0   5 0.00    M    M  7.9 20 290   M    M   0        25 280
24  90  44  67   6   0   2 0.00    M    M  6.9 18 330   M    M   0        23 320
25  93  44  69   8   0   4 0.00    M    M  4.5 10 280   M    M   0        14 180
26  99  55  77  16   0  12 0.00    M    M  5.8 23 170   M    M   0        29 170
27 102  58  80  18   0  15    T    M    M  7.2 22 240   M    M   0        34  90
28  99  58  79  17   0  14    T    M    M  7.4 33 200   M    M   0 38     42 190
29  96  65  81  19   0  16 0.00    M    M  7.2 14 270   M    M   0        17 170
30  98  56  77  14   0  12 0.00    M    M  7.1 20 320   M    M   0        25 330
================================================================================
SM 2602 1409        49 110    T     M    227.4          M       17
================================================================================
AV 86.7 47.0                               7.6 FASTST   M    M   1    MAX(MPH)
                                 MISC ---->  # 33 200               # 43  250
================================================================================
NOTES:
# LAST OF SEVERAL OCCURRENCES

COLUMN 17 PEAK WIND IN M.P.H.

PRELIMINARY LOCAL CLIMATOLOGICAL DATA (WS FORM: F-6) , PAGE 2

                                          STATION:  BURNS OR
                                          MONTH:    JUNE
                                          YEAR:     2015
                                          LATITUDE:   43 34 N
                                          LONGITUDE: 118 57 W

[TEMPERATURE DATA]      [PRECIPITATION DATA]       SYMBOLS USED IN COLUMN 16

AVERAGE MONTHLY: 66.8   TOTAL FOR MONTH:      T    1 = FOG OR MIST
DPTR FM NORMAL:   8.4   DPTR FM NORMAL:   -0.76    2 = FOG REDUCING VISIBILITY
HIGHEST:   102 ON 27    GRTST 24HR    T  ON 28-28      TO 1/4 MILE OR LESS
LOWEST:     34 ON 13                               3 = THUNDER
                        SNOW, ICE PELLETS, HAIL    4 = ICE PELLETS
                        TOTAL MONTH:    M          5 = HAIL
                        GRTST 24HR    M  ON   M    6 = FREEZING RAIN OR DRIZZLE
                        GRTST DEPTH:  M  ON   M    7 = DUSTSTORM OR SANDSTORM:
                                                       VSBY 1/2 MILE OR LESS
                                                   8 = SMOKE OR HAZE
[NO. OF DAYS WITH]      [WEATHER - DAYS WITH]      9 = BLOWING SNOW
                                                   X = TORNADO
MAX 32 OR BELOW:   0    0.01 INCH OR MORE:   0
MAX 90 OR ABOVE:   9    0.10 INCH OR MORE:   0
MIN 32 OR BELOW:   0    0.50 INCH OR MORE:   0
MIN  0 OR BELOW:   0    1.00 INCH OR MORE:   0

[HDD (BASE 65) ]
TOTAL THIS MO.    49    CLEAR  (SCALE 0-3)  28
DPTR FM NORMAL  -169    PTCLDY (SCALE 4-7)   2
TOTAL FM JUL 1  6217    CLOUDY (SCALE 8-10)  0
DPTR FM NORMAL -1471

[CDD (BASE 65) ]
TOTAL THIS MO.   110
DPTR FM NORMAL    90    [PRESSURE DATA]
TOTAL FM JAN 1   113    HIGHEST SLP 30.09 ON 26
DPTR FM NORMAL    90    LOWEST  SLP 29.66 ON 10

[REMARKS]
#FINAL-06-15#
