000
CXUS54 KMAF 301100
CF6BPG
PRELIMINARY LOCAL CLIMATOLOGICAL DATA (WS FORM: F-6)

                                          STATION:   Big Spring McMahon-Wrinkle Fi
                                          MONTH:     JUNE
                                          YEAR:      2015
                                          LATITUDE:   32 12 N
                                          LONGITUDE: 101 31 W

  TEMPERATURE IN F:       :PCPN:    SNOW:  WIND      :SUNSHINE: SKY     :PK WND
================================================================================
1   2   3   4   5  6A  6B    7    8   9   10  11  12  13   14  15   16   17  18
                                     12Z  AVG MX 2MIN
DY MAX MIN AVG DEP HDD CDD  WTR  SNW DPTH SPD SPD DIR MIN PSBL S-S WX    SPD DR
================================================================================

 1  88  65  77   M   0  12 0.00  0.0    0 11.4 16 140   M    M   0        22 160
 2  91  67  79   M   0  14 0.00  0.0    0 13.3 21 140   M    M   0        28 140
 3  94  67  81   M   0  16 0.00  0.0    0 15.6 22 170   M    M   0        24 160
 4  92  66  79   M   0  14 0.00  0.0    0 13.7 18 120   M    M   1        25 150
 5  88  69  79   M   0  14 0.00  0.0    0 13.4 22 110   M    M   3        25 130
 6  88  66  77   M   0  12 0.00  0.0    0 10.5 21 140   M    M   2        24 140
 7  91  72  82   M   0  17 0.00  0.0    0 10.6 18 150   M    M   0        21 140
 8  94  72  83   M   0  18 0.00  0.0    0  6.5 12 160   M    M   0         M  M
 9  94  69  82   M   0  17 0.00  0.0    0  6.4 10 120   M    M   1         M  M
10  95  72  84   M   0  19 0.02  0.0    0 11.7 18 150   M    M   0        23 160
11 100  74  87   M   0  22 0.00  0.0    0 16.1 21 160   M    M   0        28 160
12  93  74  84   M   0  19 0.01  0.0    0 15.1 24 170   M    M   3 3      32 170
13  94  67  81   M   0  16 0.03  0.0    0 12.0 18  40   M    M   5 3      32 310
14  94  66  80   M   0  15 0.15  0.0    0 11.1 25 290   M    M   2 3      36 290
15  83  68  76   M   0  11 0.03  0.0    0  6.0 17 150   M    M   4         M  M
16  86  69  78   M   0  13 0.01  0.0    0  8.4 16  50   M    M   6        22  70
17  88  71  80   M   0  15 0.00  0.0    0  6.0  8  90   M    M   5         M  M
18  94  69  82   M   0  17 0.15  0.0    0  5.7 10 140   M    M   2         M  M
19  94  72  83   M   0  18 0.00  0.0    0  8.5 17 140   M    M   1        22 140
20  92  67  80   M   0  15 0.00  0.0    0 14.4 22 170   M    M   3        29 160
21  94  74  84   M   0  19 0.00  0.0    0 13.9 17 140   M    M   4        27 140
22  90  74  82   M   0  17 0.00  0.0    0 15.7 27 150   M    M   6        33 150
23  94  69  82   M   0  17 0.00  0.0    0 11.1 20 110   M    M   2        27 140
24  94  71  83   M   0  18 0.00  0.0    0 11.0 18 160   M    M   1        24 140
25  96  74  85   M   0  20 0.00  0.0    0 13.3 20 170   M    M   2        28 160
26  94  74  84   M   0  19 0.01  0.0    0  9.0 18 220   M    M   2        28 220
27  94  70  82   M   0  17 0.00  0.0    0  8.2 18  40   M    M   3        25  50
28  94  67  81   M   0  16 0.00  0.0    0  4.5 10  80   M    M   2        17  40
29  99  69  84   M   0  19 0.00  0.0    0  7.0 12 140   M    M   1        18 140
================================================================================
SM 2682 2024         0 476  0.41     0.0 310.1          M       61
================================================================================
AV 92.5 69.8                              10.7 FASTST   M    M   2    MAX(MPH)
                                 MISC ---->  # 27 150                 36    M
================================================================================
NOTES:
# LAST OF SEVERAL OCCURRENCES

COLUMN 17 PEAK WIND IN M.P.H.

PRELIMINARY LOCAL CLIMATOLOGICAL DATA (WS FORM: F-6) , PAGE 2

                                          STATION:  Big Spring McMahon-Wrinkle Fi
                                          MONTH:    JUNE
                                          YEAR:     2015
                                          LATITUDE:   32 12 N
                                          LONGITUDE: 101 31 W

[TEMPERATURE DATA]      [PRECIPITATION DATA]       SYMBOLS USED IN COLUMN 16

AVERAGE MONTHLY: 81.1   TOTAL FOR MONTH:   0.41    1 = FOG OR MIST
DPTR FM NORMAL:     M   DPTR FM NORMAL:       M    2 = FOG REDUCING VISIBILITY
HIGHEST:   100 ON 11    GRTST 24HR  0.15 ON 18-18      TO 1/4 MILE OR LESS
LOWEST:     65 ON  1                               3 = THUNDER
                        SNOW, ICE PELLETS, HAIL    4 = ICE PELLETS
                        TOTAL MONTH:   0.0 INCH    5 = HAIL
                        GRTST 24HR     0.0         6 = FREEZING RAIN OR DRIZZLE
                        GRTST DEPTH:   0           7 = DUSTSTORM OR SANDSTORM:
                                                       VSBY 1/2 MILE OR LESS
                                                   8 = SMOKE OR HAZE
[NO. OF DAYS WITH]      [WEATHER - DAYS WITH]      9 = BLOWING SNOW
                                                   X = TORNADO
MAX 32 OR BELOW:   0    0.01 INCH OR MORE:   8
MAX 90 OR ABOVE:  23    0.10 INCH OR MORE:   2
MIN 32 OR BELOW:   0    0.50 INCH OR MORE:   0
MIN  0 OR BELOW:   0    1.00 INCH OR MORE:   0

[HDD (BASE 65) ]
TOTAL THIS MO.     0    CLEAR  (SCALE 0-3)  22
DPTR FM NORMAL     M    PTCLDY (SCALE 4-7)   7
TOTAL FM JUL 1  2287    CLOUDY (SCALE 8-10)  0
DPTR FM NORMAL     M

[CDD (BASE 65) ]
TOTAL THIS MO.   476
DPTR FM NORMAL     M    [PRESSURE DATA]
TOTAL FM JAN 1   933    HIGHEST SLP M ON M
DPTR FM NORMAL     M    LOWEST  SLP M ON M

[REMARKS]
