000
CXUS54 KLZK 281430
CF6BPK
PRELIMINARY LOCAL CLIMATOLOGICAL DATA (WS FORM: F-6)

                                          STATION:   Mountain Home Airport
                                          MONTH:     FEBRUARY
                                          YEAR:      2015
                                          LATITUDE:   36 22 N
                                          LONGITUDE:  92 28 W

  TEMPERATURE IN F:       :PCPN:    SNOW:  WIND      :SUNSHINE: SKY     :PK WND
================================================================================
1   2   3   4   5  6A  6B    7    8   9   10  11  12  13   14  15   16   17  18
                                     12Z  AVG MX 2MIN
DY MAX MIN AVG DEP HDD CDD  WTR  SNW DPTH SPD SPD DIR MIN PSBL S-S WX    SPD DR
================================================================================

 1  50  23  37  -2  28   0 0.25    M    0  9.3 18 310   M    M  10 1      32 300
 2  31  19  25 -14  40   0 0.00  0.0    0  5.6 17 320   M    M   5        27 320
 3  57  19  38  -2  27   0 0.00  0.0    0  6.0 14 200   M    M   0        20 220
 4  53  24  39  -1  26   0    T    M    0  5.1 16 350   M    M   5 168    25 340
 5  33  14  24 -16  41   0 0.00  0.0    0  4.3 10  10   M    M   1        19  20
 6  56  21  39  -1  26   0 0.00  0.0    0  6.3 13 180   M    M   0        18 210
 7  71  34  53  13  12   0 0.00  0.0    0  8.3 20 190   M    M   0        26 200
 8  71  45  58  17   7   0 0.00  0.0    0  5.5 12 220   M    M   0        19 270
 9  51  34  43   2  22   0 0.00  0.0    0  5.8 14 340   M    M   7 8      22 350
10  50  29  40  -1  25   0 0.00  0.0    0  6.0 13 110   M    M   3 8      17 120
11  58  27  43   2  22   0 0.00  0.0    0  5.0 14 320   M    M   0 18     23 320
12  36  25  31 -11  34   0 0.00  0.0    0  5.9 14  30   M    M   0        23 350
13  46  23  35  -7  30   0 0.00  0.0    0  5.0 12 170   M    M   3 8      15 150
14  66  25  46   4  19   0 0.00  0.0    0  6.1 16  40   M    M   0        25 300
15  30  18  24 -18  41   0 0.21    M    0 11.3 17 100   M    M   5 16     23 110
16  25  15  20 -23  45   0 0.46    M    0  5.7 12 340   M    M   8 128    17 340
17  39  11  25 -18  40   0    T    M    0  4.0 18 320   M    M   5 18     31 330
18  28  14  21 -22  44   0 0.00  0.0    0  8.3 18 310   M    M   1        30 320
19  23   5  14 -29  51   0 0.00  0.0    0  3.1  9 130   M    M   6        13 130
20  30  19  25 -19  40   0 0.03    M    0  9.2 14 120   M    M  10 1368   20 140
21  40  30  35  -9  30   0 0.87  0.0    0  3.3 10 340   M    M   9 1368   14  10
22  35  22  29 -15  36   0 0.00  0.0    0  5.9 12 350   M    M   8 18     19  40
23  25  17  21 -23  44   0 0.00  0.0    0  5.0 10  50   M    M   9        20  30
24  42  22  32 -13  33   0 0.00  0.0    0  3.2 10 310   M    M   5        16 330
25  43  23  33 -12  32   0 0.00  0.0    0  1.6  8 120   M    M   0 18     10 140
26  32  17  25 -20  40   0 0.00  0.0    0  5.8 14 330   M    M   5 8      26 310
27  22   9  16 -29  49   0    T    T    0  5.2 12  60   M    M   4 18     16  60
================================================================================
SM 1143  584       884   0  1.82    T    155.8          M      109
================================================================================
AV 42.3 21.6                               5.8 FASTST   M    M   4    MAX(MPH)
                                 MISC ---->  # 20 190               # 32  300
================================================================================
NOTES:
# LAST OF SEVERAL OCCURRENCES

COLUMN 17 PEAK WIND IN M.P.H.

PRELIMINARY LOCAL CLIMATOLOGICAL DATA (WS FORM: F-6) , PAGE 2

                                          STATION:  Mountain Home Airport
                                          MONTH:    FEBRUARY
                                          YEAR:     2015
                                          LATITUDE:   36 22 N
                                          LONGITUDE:  92 28 W

[TEMPERATURE DATA]      [PRECIPITATION DATA]       SYMBOLS USED IN COLUMN 16

AVERAGE MONTHLY: 32.0   TOTAL FOR MONTH:   1.82    1 = FOG OR MIST
DPTR FM NORMAL: -10.2   DPTR FM NORMAL:   -0.66    2 = FOG REDUCING VISIBILITY
HIGHEST:    71 ON  8, 7 GRTST 24HR  0.87 ON 21-21      TO 1/4 MILE OR LESS
LOWEST:      5 ON 19                               3 = THUNDER
                        SNOW, ICE PELLETS, HAIL    4 = ICE PELLETS
                        TOTAL MONTH:    T          5 = HAIL
                        GRTST 24HR    T  ON 27-27  6 = FREEZING RAIN OR DRIZZLE
                        GRTST DEPTH:   0           7 = DUSTSTORM OR SANDSTORM:
                                                       VSBY 1/2 MILE OR LESS
                                                   8 = SMOKE OR HAZE
[NO. OF DAYS WITH]      [WEATHER - DAYS WITH]      9 = BLOWING SNOW
                                                   X = TORNADO
MAX 32 OR BELOW:   9    0.01 INCH OR MORE:   5
MAX 90 OR ABOVE:   0    0.10 INCH OR MORE:   4
MIN 32 OR BELOW:  24    0.50 INCH OR MORE:   1
MIN  0 OR BELOW:   0    1.00 INCH OR MORE:   0

[HDD (BASE 65) ]
TOTAL THIS MO.   884    CLEAR  (SCALE 0-3)  12
DPTR FM NORMAL   267    PTCLDY (SCALE 4-7)  11
TOTAL FM JUL 1  3396    CLOUDY (SCALE 8-10)  4
DPTR FM NORMAL   385

[CDD (BASE 65) ]
TOTAL THIS MO.     0
DPTR FM NORMAL     0    [PRESSURE DATA]
TOTAL FM JAN 1     0    HIGHEST SLP M ON M
DPTR FM NORMAL    -1    LOWEST  SLP 29.72 ON  1

[REMARKS]
