000
CXUS54 KLCH 292110
CF6BPT
PRELIMINARY LOCAL CLIMATOLOGICAL DATA (WS FORM: F-6)

                                          STATION:   BEAUMONT PORT ARTHUR
                                          MONTH:     AUGUST
                                          YEAR:      2015
                                          LATITUDE:   29 57 N
                                          LONGITUDE:  94  1 W

  TEMPERATURE IN F:       :PCPN:    SNOW:  WIND      :SUNSHINE: SKY     :PK WND
================================================================================
1   2   3   4   5  6A  6B    7    8   9   10  11  12  13   14  15   16   17  18
                                     12Z  AVG MX 2MIN
DY MAX MIN AVG DEP HDD CDD  WTR  SNW DPTH SPD SPD DIR MIN PSBL S-S WX    SPD DR
================================================================================

 1  98  74  86   3   0  21 0.00  0.0    0  8.3 18  30   M    M   0        26 160
 2  99  70  85   2   0  20 0.00  0.0    0  4.9 15  90   M    M   0        27 320
 3 100  73  87   4   0  22 0.00  0.0    0  3.9 15 170   M    M   1 1      18 170
 4  97  75  86   3   0  21 0.00  0.0    0  5.5 16 180   M    M   1 1      21 190
 5  97  76  87   4   0  22 0.00  0.0    0  8.2 17 180   M    M   2        23 190
 6  98  76  87   4   0  22 0.00  0.0    0  8.4 20 180   M    M   1        25 200
 7  99  75  87   4   0  22 0.00  0.0    0  6.8 16 210   M    M   1 1      30 320
 8  99  75  87   4   0  22 0.00  0.0    0  6.8 18 170   M    M   2 1      24 180
 9 100  77  89   6   0  24 0.00  0.0    0  5.9 16 180   M    M   1        21 190
10 102  78  90   7   0  25 0.00  0.0    0  6.1 14 170   M    M   1 8      17 180
11 104  74  89   6   0  24 1.97  0.0    0  5.9 33  20   M    M   2 138    47  10
12  99  73  86   3   0  21 0.00  0.0    0  4.8 15 120   M    M   1 13     32 100
13  97  76  87   4   0  22 0.21  0.0    0  4.5 29 220   M    M   6 13     37 210
14  97  75  86   3   0  21 0.00  0.0    0  6.4 16  50   M    M   1        24  50
15  94  75  85   2   0  20    T  0.0    0  7.1 17 110   M    M   2 3      22  90
16  94  73  84   1   0  19 0.10  0.0    0  5.8 24  90   M    M   2 13     32  80
17  90  73  82  -1   0  17 0.04  0.0    0  4.3 16 360   M    M   4 138    20 140
18  91  76  84   1   0  19 0.24  0.0    0  6.1 17 170   M    M   3 13     24 190
19  90  74  82  -1   0  17 1.03  0.0    0  8.8 24 210   M    M   4 13     33 210
20  81  74  78  -5   0  13 1.16  0.0    0  7.5 23 140   M    M   4 13     31 110
21  87  74  81  -2   0  16 0.20  0.0    0  6.4 17 180   M    M   3 13     21 180
22  93  76  85   2   0  20 0.52  0.0    0  5.5 18 240   M    M   2 13     25 250
23  96  75  86   3   0  21 0.00  0.0    0  3.7 14 180   M    M   2 18     17 180
24  98  75  87   4   0  22 0.00  0.0    0  4.2 15 340   M    M   2 1      20 340
25  94  72  83   0   0  18 0.20  0.0    0  6.0 30 350   M    M   1 13     44 330
26  89  71  80  -3   0  15 0.00  0.0    0  6.6 17  40   M    M   0        23 150
27  91  68  80  -3   0  15 0.00  0.0    0  4.6 14 330   M    M   0        34 210
28  91  68  80  -3   0  15 0.00  0.0    0  3.8 12 190   M    M   1 1      14 190
================================================================================
SM 2665 2071         0 556  5.67     0.0 166.8          M       50
================================================================================
AV 95.2 74.0                               6.0 FASTST   M    M   2    MAX(MPH)
                                 MISC ---->  # 33  20               # 47   10
================================================================================
NOTES:
# LAST OF SEVERAL OCCURRENCES

COLUMN 17 PEAK WIND IN M.P.H.

PRELIMINARY LOCAL CLIMATOLOGICAL DATA (WS FORM: F-6) , PAGE 2

                                          STATION:  BEAUMONT PORT ARTHUR
                                          MONTH:    AUGUST
                                          YEAR:     2015
                                          LATITUDE:   29 57 N
                                          LONGITUDE:  94  1 W

[TEMPERATURE DATA]      [PRECIPITATION DATA]       SYMBOLS USED IN COLUMN 16

AVERAGE MONTHLY: 84.6   TOTAL FOR MONTH:   5.67    1 = FOG OR MIST
DPTR FM NORMAL:   1.6   DPTR FM NORMAL:    0.88    2 = FOG REDUCING VISIBILITY
HIGHEST:   104 ON 11    GRTST 24HR  1.97 ON 11-11      TO 1/4 MILE OR LESS
LOWEST:     68 ON 28,27                            3 = THUNDER
                        SNOW, ICE PELLETS, HAIL    4 = ICE PELLETS
                        TOTAL MONTH:   0.0 INCH    5 = HAIL
                        GRTST 24HR     0.0         6 = FREEZING RAIN OR DRIZZLE
                        GRTST DEPTH:   0           7 = DUSTSTORM OR SANDSTORM:
                                                       VSBY 1/2 MILE OR LESS
                                                   8 = SMOKE OR HAZE
[NO. OF DAYS WITH]      [WEATHER - DAYS WITH]      9 = BLOWING SNOW
                                                   X = TORNADO
MAX 32 OR BELOW:   0    0.01 INCH OR MORE:  10
MAX 90 OR ABOVE:  25    0.10 INCH OR MORE:   9
MIN 32 OR BELOW:   0    0.50 INCH OR MORE:   4
MIN  0 OR BELOW:   0    1.00 INCH OR MORE:   3

[HDD (BASE 65) ]
TOTAL THIS MO.     0    CLEAR  (SCALE 0-3)  23
DPTR FM NORMAL     0    PTCLDY (SCALE 4-7)   5
TOTAL FM JUL 1     0    CLOUDY (SCALE 8-10)  0
DPTR FM NORMAL     0

[CDD (BASE 65) ]
TOTAL THIS MO.   556
DPTR FM NORMAL    52    [PRESSURE DATA]
TOTAL FM JAN 1  2419    HIGHEST SLP M ON M
DPTR FM NORMAL   309    LOWEST  SLP 29.84 ON 19

[REMARKS]
