000
CXUS54 KLCH 171910
CF6BPT
PRELIMINARY LOCAL CLIMATOLOGICAL DATA (WS FORM: F-6)

                                          STATION:   BEAUMONT PORT ARTHUR
                                          MONTH:     APRIL
                                          YEAR:      2014
                                          LATITUDE:   29 57 N
                                          LONGITUDE:  94  1 W

  TEMPERATURE IN F:       :PCPN:    SNOW:  WIND      :SUNSHINE: SKY     :PK WND
================================================================================
1   2   3   4   5  6A  6B    7    8   9   10  11  12  13   14  15   16   17  18
                                     12Z  AVG MX 2MIN
DY MAX MIN AVG DEP HDD CDD  WTR  SNW DPTH SPD SPD DIR MIN PSBL S-S WX    SPD DR
================================================================================

 1  77  66  72   7   0   7 0.00  0.0    0 11.5 18 150   M    M   9        23 170
 2  80  69  75   9   0  10 0.01  0.0    0 15.0 24 160   M    M   9 1      33 150
 3  78  70  74   8   0   9    T  0.0    0 16.4 26 160   M    M  10 18     37 160
 4  77  61  69   3   0   4 0.01  0.0    0 12.8 26  10   M    M   5 1      34  10
 5  73  59  66   0   0   1 0.00  0.0    0 12.8 21  90   M    M   8        26  80
 6  77  55  66   0   0   1 0.02  0.0    0 11.7 23 180   M    M  10 18     32 180
 7  74  54  64  -3   1   0 0.00  0.0    0 11.3 21 320   M    M   5        27 320
 8  73  49  61  -6   4   0 0.01    M    0 12.4 29 290   M    M   2 1      38 300
 9  77  44  61  -6   4   0 0.00  0.0    0  6.0 17 180   M    M   0 8      22 190
10  77  54  66  -1   0   1 0.00  0.0    0 11.7 22 170   M    M   0        26 190
11  79  62  71   4   0   6 0.00  0.0    0 11.2 18 170   M    M   6        24 170
12  80  65  73   5   0   8 0.00  0.0    0 14.1 22 130   M    M   5 1      27 150
13  79  70  75   7   0  10 0.04  0.0    0 15.5 24 160   M    M  10 18     30 160
14  79  45  62  -6   3   0 1.88    M    0 15.5 33 310   M    M   9 123    42 300
15  64  42  53 -15  12   0 0.00  0.0    0 12.4 25  30   M    M   0        34  30
16  66  43  55 -14  10   0 0.00  0.0    0  8.5 17 130   M    M   2        21 130
================================================================================
SM 1210  908        34  57  1.97     0.0 198.8          M       90
================================================================================
AV 75.6 56.8                              12.4 FASTST   M    M   6    MAX(MPH)
                                 MISC ---->  # 33 310               # 42  300
================================================================================
NOTES:
# LAST OF SEVERAL OCCURRENCES

COLUMN 17 PEAK WIND IN M.P.H.

PRELIMINARY LOCAL CLIMATOLOGICAL DATA (WS FORM: F-6) , PAGE 2

                                          STATION:  BEAUMONT PORT ARTHUR
                                          MONTH:    APRIL
                                          YEAR:     2014
                                          LATITUDE:   29 57 N
                                          LONGITUDE:  94  1 W

[TEMPERATURE DATA]      [PRECIPITATION DATA]       SYMBOLS USED IN COLUMN 16

AVERAGE MONTHLY: 66.2   TOTAL FOR MONTH:   1.97    1 = FOG OR MIST
DPTR FM NORMAL:  -0.8   DPTR FM NORMAL:    0.41    2 = FOG REDUCING VISIBILITY
HIGHEST:    80 ON 12, 2 GRTST 24HR  1.88 ON 14-14      TO 1/4 MILE OR LESS
LOWEST:     42 ON 15                               3 = THUNDER
                        SNOW, ICE PELLETS, HAIL    4 = ICE PELLETS
                        TOTAL MONTH:   0.0 INCH    5 = HAIL
                        GRTST 24HR     0.0         6 = FREEZING RAIN OR DRIZZLE
                        GRTST DEPTH:   0           7 = DUSTSTORM OR SANDSTORM:
                                                       VSBY 1/2 MILE OR LESS
                                                   8 = SMOKE OR HAZE
[NO. OF DAYS WITH]      [WEATHER - DAYS WITH]      9 = BLOWING SNOW
                                                   X = TORNADO
MAX 32 OR BELOW:   0    0.01 INCH OR MORE:   6
MAX 90 OR ABOVE:   0    0.10 INCH OR MORE:   1
MIN 32 OR BELOW:   0    0.50 INCH OR MORE:   1
MIN  0 OR BELOW:   0    1.00 INCH OR MORE:   1

[HDD (BASE 65) ]
TOTAL THIS MO.    34    CLEAR  (SCALE 0-3)   5
DPTR FM NORMAL     3    PTCLDY (SCALE 4-7)   5
TOTAL FM JUL 1  1707    CLOUDY (SCALE 8-10)  6
DPTR FM NORMAL   315

[CDD (BASE 65) ]
TOTAL THIS MO.    57
DPTR FM NORMAL    -4    [PRESSURE DATA]
TOTAL FM JAN 1   104    HIGHEST SLP M ON M
DPTR FM NORMAL   -38    LOWEST  SLP 29.64 ON  6

[REMARKS]
