218
CXAK56 PAFG 211415
CF6BRW

PRELIMINARY LOCAL CLIMATOLOGICAL DATA (WS FORM: F-6)

                                          STATION:   BARROW AK
                                          MONTH:     JANUARY
                                          YEAR:      2017
                                          LATITUDE:   71 17 N
                                          LONGITUDE: 156 47 W

  TEMPERATURE IN F:       :PCPN:    SNOW:  WIND      :SUNSHINE: SKY     :PK WND
================================================================================
1   2   3   4   5  6A  6B    7    8   9   10  11  12  13   14  15   16   17  18
                                     12Z  AVG MX 2MIN
DY MAX MIN AVG DEP HDD CDD  WTR  SNW DPTH SPD SPD DIR MIN PSBL S-S WX    SPD DR
================================================================================

 1  36  20  28  39  37   0 0.32  3.1    7 20.3 31 190   M    M  10 1689   37 200
 2  34  17  26  37  39   0    T    T    5 19.5 38 230   M    M   3 19     47 230
 3  30  -4  13  25  52   0    T    T    0 19.3 33 230   M    M   3 9      41 230
 4  28  -1  14  26  51   0    T    T    5 21.6 43 230   M    M   9 129    52 230
 5  21  -6   8  20  57   0 0.02  0.2    5 23.0 45 300   M    M   4 89     59 320
 6  27 -12   8  20  57   0 0.04    T    5 21.2 37 240   M    M   8 1689   44 240
 7  28  27  28  40  37   0 0.01  0.1    5 19.6 32 260   M    M  10 169    40 250
 8  27  22  25  38  40   0    T    T    5 13.9 22 230   M    M   9 168    27 240
 9  25  10  18  31  47   0 0.01    T    5 14.2 23 270   M    M   7 168    27 270
10  25   2  14  27  51   0 0.00  0.0    5 14.9 30 270   M    M   4 18     36 270
11  24  -7   9  22  56   0 0.06  0.7    6 20.2 30 290   M    M   9 189    35 300
12   0  -6  -3  10  68   0    T  0.1    6 12.3 20 260   M    M   9 189    24 250
13  -3 -13  -8   5  73   0    T    T    6 11.1 18  40   M    M   2 168    22  40
14 -10 -16 -13   1  78   0 0.00  0.0    6 17.0 23  40   M    M   2 18     27  40
15  -8 -24 -16  -2  81   0    T    T    6  9.9 22  40   M    M   6 189    27  40
16 -15 -32 -23  -9  88   0    T    T    6  7.8 16 200   M    M   8 18     18 200
17  -9 -19 -14   0  79   0 0.00  0.0    6  3.8  8  10   M    M   4 18     11  20
18  -9 -22 -15  -1  80   0    T    T    6  4.1  8 180   M    M   7 18      8 330
19 -19 -36 -27 -13  92   0    T    T    6  5.8  9 180   M    M   5 18     10 190
20 -14 -35 -24 -10  89   0    T  0.1    6 10.0 15 210   M    M   3 8      17 210
================================================================================
SM  218 -135      1252   0  0.46     4.3 289.5          M      122
================================================================================
AV 10.9 -6.7                              14.5 FASTST   M    M   6    MAX(MPH)
                                 MISC ---->  # 45 300               # 59  320
================================================================================
NOTES:
# LAST OF SEVERAL OCCURRENCES

COLUMN 17 PEAK WIND IN M.P.H.

PRELIMINARY LOCAL CLIMATOLOGICAL DATA (WS FORM: F-6) , PAGE 2

                                          STATION:  BARROW AK
                                          MONTH:    JANUARY
                                          YEAR:     2017
                                          LATITUDE:   71 17 N
                                          LONGITUDE: 156 47 W

[TEMPERATURE DATA]      [PRECIPITATION DATA]       SYMBOLS USED IN COLUMN 16

AVERAGE MONTHLY:  2.1   TOTAL FOR MONTH:   0.46    1 = FOG OR MIST
DPTR FM NORMAL:  15.0   DPTR FM NORMAL:    0.37    2 = FOG REDUCING VISIBILITY
HIGHEST:    36 ON  1    GRTST 24HR  0.32 ON  1- 1      TO 1/4 MILE OR LESS
LOWEST:    -36 ON 19                               3 = THUNDER
                        SNOW, ICE PELLETS, HAIL    4 = ICE PELLETS
                        TOTAL MONTH:   4.3 INCHES  5 = HAIL
                        GRTST 24HR   3.1 ON   M    6 = FREEZING RAIN OR DRIZZLE
                        GRTST DEPTH:   7 ON  1     7 = DUSTSTORM OR SANDSTORM:
                                                       VSBY 1/2 MILE OR LESS
                                                   8 = SMOKE OR HAZE
[NO. OF DAYS WITH]      [WEATHER - DAYS WITH]      9 = BLOWING SNOW
                                                   X = TORNADO
MAX 32 OR BELOW:  18    0.01 INCH OR MORE:   6
MAX 90 OR ABOVE:   0    0.10 INCH OR MORE:   1
MIN 32 OR BELOW:  20    0.50 INCH OR MORE:   0
MIN  0 OR BELOW:  14    1.00 INCH OR MORE:   0

[HDD (BASE 65) ]
TOTAL THIS MO.  1252    CLEAR  (SCALE 0-3)   3
DPTR FM NORMAL  -308    PTCLDY (SCALE 4-7)  11
TOTAL FM JUL 1  8211    CLOUDY (SCALE 8-10)  6
DPTR FM NORMAL -1558

[CDD (BASE 65) ]
TOTAL THIS MO.     0
DPTR FM NORMAL     0    [PRESSURE DATA]
TOTAL FM JAN 1     0    HIGHEST SLP M ON M
DPTR FM NORMAL     0    LOWEST  SLP 29.53 ON 20

[REMARKS]
CXUS55 KABR 211400
CF6ABR
PRELIMINARY LOCAL CLIMATOLOGICAL DATA (WS FORM: F-6)

                                          STATION:   ABERDEEN SD
                                          MONTH:     JANUARY
                                          YEAR:      2017
                                          LATITUDE:   45 27 N
                                          LONGITUDE:  98 26 W

  TEMPERATURE IN F:       :PCPN:    SNOW:  WIND      :SUNSHINE: SKY     :PK WND
================================================================================
1   2   3   4   5  6A  6B    7    8   9   10  11  12  13   14  15   16   17  18
                                     12Z  AVG MX 2MIN
DY MAX MIN AVG DEP HDD CDD  WTR  SNW DPTH SPD SPD DIR MIN PSBL S-S WX    SPD DR
================================================================================

 1  23  11  17   5  48   0    T  0.1    1  9.6 20  80   M    M   6 1      23  90
 2  23   7  15   3  50   0 0.16  2.2    3 12.0 17 310   M    M   9 128    21 310
 3   8  -8   0 -12  65   0 0.00  0.0    3 17.3 25 310   M    M   0        30 320
 4   2 -13  -5 -17  70   0 0.00  0.0    3  8.5 15 290   M    M   3 8      19 290
 5  -3 -14  -8 -20  73   0 0.00  0.0    3 10.3 23 320   M    M   3 8      26 320
 6   9 -12  -1 -13  66   0 0.03  0.3    3  4.3  9 320   M    M   6 18     12 310
 7   3 -19  -8 -20  73   0 0.00  0.0    3  5.0  9 170   M    M   0        11 310
 8  21 -13   4  -8  61   0    T    T    3 16.4 28 180   M    M   3 8      35 170
 9  13  -1   6  -6  59   0 0.08  0.8    3  7.3 18  70   M    M   4 18     21  70
10  10  -5   3  -9  62   0 0.14  4.3    7 13.8 29 310   M    M   4 28     34 310
11   4  -5   0 -12  65   0 0.04  0.7    8  9.5 17 350   M    M   6 8      19 350
12   4 -19  -7 -19  72   0 0.00  0.0    8 11.2 30 320   M    M   1 8      37 320
13  10 -19  -4 -16  69   0 0.01  0.1    8 11.6 22 180   M    M   5        27 170
14  13 -11   1 -11  64   0 0.00  0.0    8  5.3 10 190   M    M   0        11 180
15  16  -8   4  -8  61   0 0.00  0.0    8  5.8 13 170   M    M   0        16 170
16  25  -2  12   0  53   0 0.00  0.0    7  3.8  9 200   M    M   0        10 200
17  21  -3   9  -3  56   0 0.00  0.0    7  7.3 15 180   M    M   0        18 180
18  33  12  23  11  42   0 0.00  0.0    7  8.0 17 180   M    M   0 12     20 180
19  34  12  23  11  42   0 0.00  0.0    5  8.5 17 180   M    M  10 12     21 180
20  36  30  33  21  32   0 0.00  0.0    4  7.6 15 140   M    M  10 1      17 140
================================================================================
SM  305  -80      1183   0  0.46     8.5 183.1          M       70
================================================================================
AV 15.3 -4.0                               9.2 FASTST   M    M   4    MAX(MPH)
                                 MISC ---->  # 30 320               # 37  320
================================================================================
NOTES:
# LAST OF SEVERAL OCCURRENCES

COLUMN 17 PEAK WIND IN M.P.H.

PRELIMINARY LOCAL CLIMATOLOGICAL DATA (WS FORM: F-6) , PAGE 2

                                          STATION:  ABERDEEN SD
                                          MONTH:    JANUARY
                                          YEAR:     2017
                                          LATITUDE:   45 27 N
                                          LONGITUDE:  98 26 W

[TEMPERATURE DATA]      [PRECIPITATION DATA]       SYMBOLS USED IN COLUMN 16

AVERAGE MONTHLY:  5.6   TOTAL FOR MONTH:   0.46    1 = FOG OR MIST
DPTR FM NORMAL:  -6.4   DPTR FM NORMAL:    0.14    2 = FOG REDUCING VISIBILITY
HIGHEST:    36 ON 20    GRTST 24HR  0.22 ON  9-10      TO 1/4 MILE OR LESS
LOWEST:    -19 ON 13,12                            3 = THUNDER
                        SNOW, ICE PELLETS, HAIL    4 = ICE PELLETS
                        TOTAL MONTH:   8.5 INCHES  5 = HAIL
                        GRTST 24HR   4.3 ON   M    6 = FREEZING RAIN OR DRIZZLE
                        GRTST DEPTH:   8 ON 15,14  7 = DUSTSTORM OR SANDSTORM:
                                                       VSBY 1/2 MILE OR LESS
                                                   8 = SMOKE OR HAZE
[NO. OF DAYS WITH]      [WEATHER - DAYS WITH]      9 = BLOWING SNOW
                                                   X = TORNADO
MAX 32 OR BELOW:  17    0.01 INCH OR MORE:   6
MAX 90 OR ABOVE:   0    0.10 INCH OR MORE:   2
MIN 32 OR BELOW:  20    0.50 INCH OR MORE:   0
MIN  0 OR BELOW:  15    1.00 INCH OR MORE:   0

[HDD (BASE 65) ]
TOTAL THIS MO.  1183    CLEAR  (SCALE 0-3)  10
DPTR FM NORMAL   123    PTCLDY (SCALE 4-7)   7
TOTAL FM JUL 1  4130    CLOUDY (SCALE 8-10)  3
DPTR FM NORMAL  -421

[CDD (BASE 65) ]
TOTAL THIS MO.     0
DPTR FM NORMAL     0    [PRESSURE DATA]
TOTAL FM JAN 1     0    HIGHEST SLP M ON M
DPTR FM NORMAL     0    LOWEST  SLP 29.38 ON 20

[REMARKS]
