000
CXAK56 PABR 280904
CF6BRW

PRELIMINARY LOCAL CLIMATOLOGICAL DATA (WS FORM: F-6)

                                          STATION:   BARROW
                                          MONTH:     08
                                          YEAR:      2016
                                          LATITUDE:   71 17 N
                                          LONGITUDE: 156 46 W

  TEMPERATURE IN F:       :PCPN:    SNOW:  WIND      :SUNSHINE: SKY     :PK WND
================================================================================
1   2   3   4   5  6A  6B    7     8   9   10  11  12  13   14  15   16  17  18
                                      12Z  AVG MX 2MIN
DY MAX MIN AVG DEP HDD CDD  WTR   SNW DPTH SPD SPD DIR MIN PSBL S-S WX   SPD DR
================================================================================

 1  47  34  41   0  24   0  0.05  0.0   0 16.9 28  280   M    M   M 2     35 260
 2  37  33  35  -5  30   0     T    T   0 16.0 25  270   M    M   M 16    29 270
 3  36  32  34  -6  31   0     T    T   T  7.7 16  280   M    M   M 1     19 280
 4  43  30  37  -3  28   0  0.00  0.0   0 10.3 18   80   M    M   M 2     22 110
 5  46  35  41   1  24   0  0.00  0.0   0 19.0 26  100   M    M   M 1     33 100
 6  47  39  43   3  22   0  0.00  0.0   0 14.4 22  100   M    M   M 2     27 100
 7  53  37  45   5  20   0  0.00  0.0   0 10.2 14   40   M    M   M 2     16  50
 8  41  37  39  -1  26   0  0.00  0.0   0 12.0 16  350   M    M   M 2     19 350
 9  42  39  41   1  24   0  0.02  0.0   0 13.2 17   50   M    M   M 2     22  40
10  40  37  39  -1  26   0     T  0.0   0 14.8 20   80   M    M   M 1     23  70
11  42  36  39  -1  26   0  0.00  0.0   0 14.9 20   80   M    M   M 1     24  80
12  41  37  39  -1  26   0  0.00  0.0   0 13.9 18   70   M    M   M 2     22  70
13  44  38  41   1  24   0  0.00  0.0   0 11.4 16   80   M    M   M 2     18  80
14  46  38  42   3  23   0     T  0.0   0  5.6 10  280   M    M   M 1     12 300
15  43  34  39   0  26   0  0.02  0.0   0 13.8 23  250   M    M   M 1     31 240
16  37  33  35  -4  30   0  0.02  0.3   0 11.1 18  320   M    M   M 1     23 310
17  54  37  46   7  19   0  0.14  0.0   0 11.8 20  230   M    M   M 2     24 230
18  53  31  42   3  23   0  0.41  0.0   0 16.7 31  220   M    M   M 2     38 220
19  37  30  34  -5  31   0  0.16  1.6   T  8.7 15   40   M    M   M 26    18 280
20  37  34  36  -3  29   0     T    T   T  9.9 14   70   M    M   M 1     18 350
21  39  34  37  -2  28   0     T    T   0 16.8 23   30   M    M   M 1     27  30
22  37  33  35  -3  30   0  0.02  0.2   0 14.1 23  360   M    M   M 1     28  10
23  38  33  36  -2  29   0     T    T   T 15.6 23  100   M    M   M 1     29 100
24  47  34  41   3  24   0     T    T   0 10.2 25  110   M    M   M 2     31 100
25  53  34  44   6  21   0  0.00  0.0   0  7.6 13  230   M    M   M 2     16 240
26  53  40  47   9  18   0  0.00  0.0   0  9.2 16  230   M    M   M       20 220
27  64  42  53  15  12   0  0.00  0.0   0 11.2 20  250   M    M   M 1     24 250
================================================================================
SM 1197  951       674   0  0.84 2.1    337.0           M        M
================================================================================
AV 44.3 35.2                             12.5 FASTST  PSBL  %   M    MAX(MPH)
                                 MISC ---->     31  220                 38 220
================================================================================
NOTES:
# LAST OF SEVERAL OCCURRENCES

COLUMN 17 PEAK WIND IN M.P.H.

PRELIMINARY LOCAL CLIMATOLOGICAL DATA (WS FORM: F-6) , PAGE 2

                                          STATION:   BARROW
                                          MONTH:     08
                                          YEAR:      2016
                                          LATITUDE:  71 17 N
                                          LONGITUDE: 156 46 W

[TEMPERATURE DATA]      [PRECIPITATION DATA]       SYMBOLS USED IN COLUMN 16

AVERAGE MONTHLY:39.8   TOTAL FOR MONTH: 0.84       1 = FOG
DPTR FM NORMAL:  0.5   DPTR FM NORMAL: -0.08       2 = FOG REDUCING VISIBILITY
HIGHEST:    64 ON 27    GRTST 24HR   0.41 ON 18        TO 1/4 MILE OR LESS
LOWEST:     30 ON 19                               3 = THUNDER
                        SNOW, ICE PELLETS, HAIL    4 = ICE PELLETS
                        TOTAL MONTH: 2.1 INCHES  5 = HAIL
                        GRTST 24HR   1.6 ON 19     6 = GLAZE OR RIME
                        GRTST DEPTH:   T ON 23    7 = BLOWING DUST OR SAND:
                                                       VSBY 1/2 MILE OR LESS
                                                   8 = SMOKE OR HAZE
[NO. OF DAYS WITH]      [WEATHER - DAYS WITH]      9 = BLOWING SNOW
                                                   X = TORNADO
MAX 32 OR BELOW:   0    0.01 INCH OR MORE:   8
MAX 70 OR ABOVE:   0    0.10 INCH OR MORE:   3
MIN 32 OR BELOW:   4    0.50 INCH OR MORE:   0
MIN  0 OR BELOW:   0    1.00 INCH OR MORE:   0

[HDD (BASE 65) ]
TOTAL THIS MO.   674    CLEAR  (SCALE 0-3)   M
DPTR FM NORMAL   -21    PTCLDY (SCALE 4-7)   M
SEASONAL TOTAL  1327    CLOUDY (SCALE 8-10)  M
DPTR FM NORMAL  -115

[CDD (BASE 65) ]
TOTAL THIS MO.     0
DPTR FM NORMAL     0    [PRESSURE DATA]
SEASONAL TOTAL     0    HIGHEST SLP     M
DPTR FM NORMAL     0    LOWEST  SLP     M

[REMARKS]
