000
CXUS54 KTSA 290840
CF6BVO
PRELIMINARY LOCAL CLIMATOLOGICAL DATA (WS FORM: F-6)

                                          STATION:   BARTLESVILLE OKLAHOMA
                                          MONTH:     JUNE
                                          YEAR:      2015
                                          LATITUDE:   36 45 N
                                          LONGITUDE:  96  0 W

  TEMPERATURE IN F:       :PCPN:    SNOW:  WIND      :SUNSHINE: SKY     :PK WND
================================================================================
1   2   3   4   5  6A  6B    7    8   9   10  11  12  13   14  15   16   17  18
                                     12Z  AVG MX 2MIN
DY MAX MIN AVG DEP HDD CDD  WTR  SNW DPTH SPD SPD DIR MIN PSBL S-S WX    SPD DR
================================================================================

 1  78  49  64  -8   1   0 0.00  0.0    0  3.0  9  60   M    M   2 1      13  50
 2  86  60  73   1   0   8 0.00  0.0    0  5.5 14 160   M    M   4 8      20 160
 3  88  66  77   4   0  12 0.00  0.0    0  8.1 20 150   M    M   0        26 160
 4  89  63  76   3   0  11 0.00  0.0    0  5.5 20 150   M    M   1 1      24 140
 5  92  66  79   6   0  14 0.00  0.0    0  3.2 13 210   M    M   1 1      16 170
 6  93  66  80   6   0  15 0.00  0.0    0  4.4 10 170   M    M   0 12     15 200
 7  93  68  81   7   0  16 0.00  0.0    0  8.7 18 220   M    M   0 1      24 200
 8  91  64  78   4   0  13    T  0.0    0  2.3 12  10   M    M   1        15 250
 9  96  62  79   5   0  14 0.00  0.0    0  3.3 12 220   M    M   1        15 210
10  97  67  82   7   0  17 0.00  0.0    0  6.3 15 220   M    M   1        19 220
11  94  71  83   8   0  18 0.00  0.0    0  8.9 18 200   M    M   0        27 210
12  92  66  79   4   0  14 3.49  0.0    0  5.5 17 110   M    M   6 1      21 100
13  84  67  76   0   0  11 0.73  0.0    0  6.2 16 230   M    M   5 1      22 220
14  86  70  78   2   0  13 0.01  0.0    0  7.4 20 210   M    M   6 1      25 210
15  87  71  79   3   0  14 0.93  0.0    0  5.9 16 150   M    M   6 1      21 130
16  83  69  76   0   0  11 0.58  0.0    0  2.1  6 190   M    M   8 1       M  M
17  79  72  76  -1   0  11 0.02  0.0    0  4.5 17 120   M    M   5 1      21 120
18  79  70  75  -2   0  10 0.99  0.0    0  7.4 22  10   M    M   7 1      25  10
19  90  68  79   2   0  14 0.00  0.0    0  1.3  7 230   M    M   1        11  30
20  93  70  82   4   0  17 0.00  0.0    0 11.5 16 210   M    M   0         M  M
21  88  72  80   2   0  15 0.00  0.0    0  8.8 14 170   M    M   2         M  M
22  90  73  82   4   0  17 0.00  0.0    0   M   M   M   M    M   0         M  M
23  92  73  83   5   0  18 0.00  0.0    0   M   M   M   M    M   0         M  M
24  94  71  83   5   0  18 0.00  0.0    0  8.2 14 210   M    M   0        19 210
25  96  71  84   5   0  19 0.00  0.0    0  7.0 15 220   M    M   0        21 210
26  85  67  76  -3   0  11 0.31  0.0    0  5.0 16  10   M    M   3 13     21  10
27  85  64  75  -4   0  10 0.00  0.0    0  2.6 10  40   M    M   1 1      14  20
28  92  61  77  -2   0  12 0.00  0.0    0  7.0 16 220   M    M   1        22 230
================================================================================
SM 2492 1877         1 373  7.06     0.0 149.6          M       62
================================================================================
AV 89.0 67.0                               5.8 FASTST   M    M   2    MAX(MPH)
                                 MISC ---->  # 22  10               # 27  210
================================================================================
NOTES:
# LAST OF SEVERAL OCCURRENCES

COLUMN 17 PEAK WIND IN M.P.H.

PRELIMINARY LOCAL CLIMATOLOGICAL DATA (WS FORM: F-6) , PAGE 2

                                          STATION:  BARTLESVILLE OKLAHOMA
                                          MONTH:    JUNE
                                          YEAR:     2015
                                          LATITUDE:   36 45 N
                                          LONGITUDE:  96  0 W

[TEMPERATURE DATA]      [PRECIPITATION DATA]       SYMBOLS USED IN COLUMN 16

AVERAGE MONTHLY: 78.0   TOTAL FOR MONTH:   7.06    1 = FOG OR MIST
DPTR FM NORMAL:   2.1   DPTR FM NORMAL:    2.01    2 = FOG REDUCING VISIBILITY
HIGHEST:    97 ON 10    GRTST 24HR  4.21 ON 12-13      TO 1/4 MILE OR LESS
LOWEST:     49 ON  1                               3 = THUNDER
                        SNOW, ICE PELLETS, HAIL    4 = ICE PELLETS
                        TOTAL MONTH:   0.0 INCH    5 = HAIL
                        GRTST 24HR     0.0         6 = FREEZING RAIN OR DRIZZLE
                        GRTST DEPTH:   0           7 = DUSTSTORM OR SANDSTORM:
                                                       VSBY 1/2 MILE OR LESS
                                                   8 = SMOKE OR HAZE
[NO. OF DAYS WITH]      [WEATHER - DAYS WITH]      9 = BLOWING SNOW
                                                   X = TORNADO
MAX 32 OR BELOW:   0    0.01 INCH OR MORE:   8
MAX 90 OR ABOVE:  15    0.10 INCH OR MORE:   6
MIN 32 OR BELOW:   0    0.50 INCH OR MORE:   5
MIN  0 OR BELOW:   0    1.00 INCH OR MORE:   1

[HDD (BASE 65) ]
TOTAL THIS MO.     1    CLEAR  (SCALE 0-3)  19
DPTR FM NORMAL     1    PTCLDY (SCALE 4-7)   9
TOTAL FM JUL 1  4179    CLOUDY (SCALE 8-10)  0
DPTR FM NORMAL   113

[CDD (BASE 65) ]
TOTAL THIS MO.   373
DPTR FM NORMAL    66    [PRESSURE DATA]
TOTAL FM JAN 1   512    HIGHEST SLP M ON M
DPTR FM NORMAL    22    LOWEST  SLP 29.66 ON 11

[REMARKS]
