000
CXUS54 KLZK 191130
CF6BVX
PRELIMINARY LOCAL CLIMATOLOGICAL DATA (WS FORM: F-6)

                                          STATION:   Batesville Regional Airport
                                          MONTH:     AUGUST
                                          YEAR:      2017
                                          LATITUDE:   35 43 N
                                          LONGITUDE:  91 39 W

  TEMPERATURE IN F:       :PCPN:    SNOW:  WIND      :SUNSHINE: SKY     :PK WND
================================================================================
1   2   3   4   5  6A  6B    7    8   9   10  11  12  13   14  15   16   17  18
                                     12Z  AVG MX 2MIN
DY MAX MIN AVG DEP HDD CDD  WTR  SNW DPTH SPD SPD DIR MIN PSBL S-S WX    SPD DR
================================================================================

 1  79  64  72  -9   0   7 0.00    M    M  1.5  8 340   M    M   3         M  M
 2  88  70  79  -2   0  14 0.00    M    M  4.3 10 200   M    M   6         M  M
 3  90  68  79  -2   0  14 0.00    M    M  3.1  9 220   M    M   1 3       M  M
 4  84  64  74  -7   0   9 0.00    M    M  3.7  8  60   M    M   2         M  M
 5  86  64  75  -6   0  10 0.00    M    M  6.4 14  90   M    M   6        16 120
 6  81  66  74  -7   0   9 0.31    M    M  4.8 16 230   M    M   7 3      22 230
 7  81  68  75  -6   0  10 0.01    M    M  1.9  8  50   M    M   8         M  M
 8  86  64  75  -6   0  10 0.00    M    M  5.1 12  60   M    M   3        16  60
 9  88  64  76  -5   0  11 0.00    M    M  3.8  8 100   M    M   1         M  M
10  93  64  79  -1   0  14 0.00    M    M  2.5  9  90   M    M   2         M  M
11  86  72  79  -1   0  14 0.94    M    M  2.0  6 250   M    M   4 3       M  M
12  88  70  79  -1   0  14 0.00  0.0    0  4.7  9  70   M    M   3         M  M
13  79  70  75  -5   0  10 0.34  0.0    0  4.9 12 100   M    M   9         M  M
14  82  72  77  -3   0  12 0.02  0.0    0  2.0  6  80   M    M   6         M  M
15  88  73  81   1   0  16 0.95  0.0    0  4.1 13 100   M    M   5 3       M  M
16  91  75  83   3   0  18 0.00  0.0    0  5.2 12 210   M    M   4        17 190
17  86  70  78  -2   0  13 1.45  0.0    0  4.2 10 230   M    M   5 3       M  M
18  91  70  81   1   0  16 0.03  0.0    0  2.3  8 240   M    M   1         M  M
================================================================================
SM 1547 1228         0 221  4.05     0.0  66.5          M       76
================================================================================
AV 85.9 68.2                               3.7 FASTST   M    M   4    MAX(MPH)
                                 MISC ---->  # 16 230               # 22  230
================================================================================
NOTES:
# LAST OF SEVERAL OCCURRENCES

COLUMN 17 PEAK WIND IN M.P.H.

PRELIMINARY LOCAL CLIMATOLOGICAL DATA (WS FORM: F-6) , PAGE 2

                                          STATION:  Batesville Regional Airport
                                          MONTH:    AUGUST
                                          YEAR:     2017
                                          LATITUDE:   35 43 N
                                          LONGITUDE:  91 39 W

[TEMPERATURE DATA]      [PRECIPITATION DATA]       SYMBOLS USED IN COLUMN 16

AVERAGE MONTHLY: 77.1   TOTAL FOR MONTH:   4.05    1 = FOG OR MIST
DPTR FM NORMAL:  -3.4   DPTR FM NORMAL:    2.31    2 = FOG REDUCING VISIBILITY
HIGHEST:    93 ON 10    GRTST 24HR  1.45 ON 17-17      TO 1/4 MILE OR LESS
LOWEST:     64 ON 10, 9                            3 = THUNDER
                        SNOW, ICE PELLETS, HAIL    4 = ICE PELLETS
                        TOTAL MONTH:   0.0 INCH    5 = HAIL
                        GRTST 24HR     0.0         6 = FREEZING RAIN OR DRIZZLE
                        GRTST DEPTH:   0           7 = DUSTSTORM OR SANDSTORM:
                                                       VSBY 1/2 MILE OR LESS
                                                   8 = SMOKE OR HAZE
[NO. OF DAYS WITH]      [WEATHER - DAYS WITH]      9 = BLOWING SNOW
                                                   X = TORNADO
MAX 32 OR BELOW:   0    0.01 INCH OR MORE:   8
MAX 90 OR ABOVE:   4    0.10 INCH OR MORE:   5
MIN 32 OR BELOW:   0    0.50 INCH OR MORE:   3
MIN  0 OR BELOW:   0    1.00 INCH OR MORE:   1

[HDD (BASE 65) ]
TOTAL THIS MO.     0    CLEAR  (SCALE 0-3)   6
DPTR FM NORMAL     0    PTCLDY (SCALE 4-7)  11
TOTAL FM JUL 1     0    CLOUDY (SCALE 8-10)  1
DPTR FM NORMAL     0

[CDD (BASE 65) ]
TOTAL THIS MO.   221
DPTR FM NORMAL   -59    [PRESSURE DATA]
TOTAL FM JAN 1  1296    HIGHEST SLP M ON M
DPTR FM NORMAL    -2    LOWEST  SLP M ON M

[REMARKS]
