000
CXUS54 KLZK 261130
CF6BVX
PRELIMINARY LOCAL CLIMATOLOGICAL DATA (WS FORM: F-6)

                                          STATION:   Batesville Regional Airport
                                          MONTH:     MARCH
                                          YEAR:      2017
                                          LATITUDE:   35 43 N
                                          LONGITUDE:  91 39 W

  TEMPERATURE IN F:       :PCPN:    SNOW:  WIND      :SUNSHINE: SKY     :PK WND
================================================================================
1   2   3   4   5  6A  6B    7    8   9   10  11  12  13   14  15   16   17  18
                                     12Z  AVG MX 2MIN
DY MAX MIN AVG DEP HDD CDD  WTR  SNW DPTH SPD SPD DIR MIN PSBL S-S WX    SPD DR
================================================================================

 1  72  43  58  13   7   0 0.00  0.0    0  9.9 18 210   M    M   8        29 210
 2  61  36  49   4  16   0 0.00  0.0    0  4.6  8 270   M    M   0         M  M
 3  55  36  46   0  19   0 0.00  0.0    0  6.6 13 110   M    M   0        20 110
 4  68  34  51   5  14   0 0.00  0.0    0  6.7 14 200   M    M   1        20 190
 5  55  48  52   6  13   0 0.16  0.0    0  8.4 14 180   M    M   9        20 180
 6  66  54  60  13   5   0 0.31  0.0    0  9.7 18 190   M    M  10        25 190
 7  66  43  55   8  10   0 0.97    M    0  6.8 18 200   M    M   5 3      30 200
 8  70  43  57  10   8   0 0.00  0.0    0  6.7 13 170   M    M   0        16 170
 9  79  48  64  16   1   0 0.42    M    0  8.1 15 180   M    M   4 3      25 200
10  59  41  50   2  15   0 0.01    M    0  8.4 13 100   M    M   1        22 360
11  41  30  36 -12  29   0 0.41    M    0  6.1  9  30   M    M   9        17  50
12  46  27  37 -11  28   0 0.23    M    0  3.4 14  90   M    M   1         M  M
13  48  34  41  -8  24   0 0.28    M    0  5.6 14 310   M    M  10        23 310
14  37  30  34 -15  31   0 0.00  0.0    0  5.1  9 310   M    M   9        18 320
15  45  25  35 -14  30   0 0.00  0.0    0  3.6 10 120   M    M   2         M  M
16  46  37  42  -8  23   0 0.00  0.0    0  6.3 10 120   M    M  10         M  M
17  68  46  57   7   8   0 0.04    M    0  7.8 12 230   M    M  10        18 160
18  75  52  64  14   1   0 0.00  0.0    0  5.0  9 300   M    M   1        21 290
19  66  46  56   5   9   0 0.00  0.0    0  7.5 14 100   M    M   5        18 110
20  88  50  69  18   0   4 0.00  0.0    0  9.4 16 200   M    M   1        23 230
21  73  55  64  13   1   0 0.00  0.0    0  7.4 13  60   M    M   5        17  40
22  59  46  53   1  12   0 0.56    M    0 10.5 17  80   M    M   9 3      22  20
23  77  43  60   8   5   0 0.00  0.0    0  5.5 13  80   M    M   4        16 150
24  75  55  65  13   0   0 1.21  0.0    0 10.5 18 150   M    M   6 3      32 170
25  68  52  60   8   5   0 0.29  0.0    0 10.2 18 220   M    M   6 3      29 220
================================================================================
SM 1563 1054       314   4  4.89     0.0 179.8          M      126
================================================================================
AV 62.5 42.2                               7.2 FASTST   M    M   5    MAX(MPH)
                                 MISC ---->    18   M                 32    M
================================================================================
NOTES:
# LAST OF SEVERAL OCCURRENCES

COLUMN 17 PEAK WIND IN M.P.H.

PRELIMINARY LOCAL CLIMATOLOGICAL DATA (WS FORM: F-6) , PAGE 2

                                          STATION:  Batesville Regional Airport
                                          MONTH:    MARCH
                                          YEAR:     2017
                                          LATITUDE:   35 43 N
                                          LONGITUDE:  91 39 W

[TEMPERATURE DATA]      [PRECIPITATION DATA]       SYMBOLS USED IN COLUMN 16

AVERAGE MONTHLY: 52.3   TOTAL FOR MONTH:   4.89    1 = FOG OR MIST
DPTR FM NORMAL:   3.6   DPTR FM NORMAL:    1.45    2 = FOG REDUCING VISIBILITY
HIGHEST:    88 ON 20    GRTST 24HR  1.21 ON 24-24      TO 1/4 MILE OR LESS
LOWEST:     25 ON 15                               3 = THUNDER
                        SNOW, ICE PELLETS, HAIL    4 = ICE PELLETS
                        TOTAL MONTH:   0.0 INCH    5 = HAIL
                        GRTST 24HR     0.0         6 = FREEZING RAIN OR DRIZZLE
                        GRTST DEPTH:   0           7 = DUSTSTORM OR SANDSTORM:
                                                       VSBY 1/2 MILE OR LESS
                                                   8 = SMOKE OR HAZE
[NO. OF DAYS WITH]      [WEATHER - DAYS WITH]      9 = BLOWING SNOW
                                                   X = TORNADO
MAX 32 OR BELOW:   0    0.01 INCH OR MORE:  12
MAX 90 OR ABOVE:   0    0.10 INCH OR MORE:  10
MIN 32 OR BELOW:   4    0.50 INCH OR MORE:   3
MIN  0 OR BELOW:   0    1.00 INCH OR MORE:   1

[HDD (BASE 65) ]
TOTAL THIS MO.   314    CLEAR  (SCALE 0-3)   9
DPTR FM NORMAL   -95    PTCLDY (SCALE 4-7)   7
TOTAL FM JUL 1  2425    CLOUDY (SCALE 8-10)  9
DPTR FM NORMAL -1031

[CDD (BASE 65) ]
TOTAL THIS MO.     4
DPTR FM NORMAL     4    [PRESSURE DATA]
TOTAL FM JAN 1    20    HIGHEST SLP M ON M
DPTR FM NORMAL    20    LOWEST  SLP M ON M

[REMARKS]
