000
CXUS54 KLZK 201330
CF6BVX
PRELIMINARY LOCAL CLIMATOLOGICAL DATA (WS FORM: F-6)

                                          STATION:   Batesville Regional Airport
                                          MONTH:     APRIL
                                          YEAR:      2014
                                          LATITUDE:   35 43 N
                                          LONGITUDE:  91 39 W

  TEMPERATURE IN F:       :PCPN:    SNOW:  WIND      :SUNSHINE: SKY     :PK WND
================================================================================
1   2   3   4   5  6A  6B    7    8   9   10  11  12  13   14  15   16   17  18
                                     12Z  AVG MX 2MIN
DY MAX MIN AVG DEP HDD CDD  WTR  SNW DPTH SPD SPD DIR MIN PSBL S-S WX    SPD DR
================================================================================

 1  77  48  63   9   2   0 0.00  0.0    0  6.0 15 200   M    M   2        20 200
 2  72  63  68  13   0   3 0.00  0.0    0  6.7 12 170   M    M   9        18 190
 3  81  63  72  17   0   7 0.31  0.0    0 13.0 21 230   M    M   6 3      33 220
 4  61  43  52  -3  13   0 0.27    M    0  9.6 18 290   M    M   1 3      29 290
 5  55  37  46 -10  19   0 0.00  0.0    0  4.3 10 100   M    M   0         M  M
 6  57  39  48  -8  17   0 0.07    M    0  4.9 13 100   M    M   6         M  M
 7  63  45  54  -2  11   0 0.41    M    0  7.0 14 290   M    M   7        20 300
 8  66  43  55  -2  10   0 0.00  0.0    0  5.9 12 320   M    M   3        25 330
 9  70  39  55  -2  10   0 0.00  0.0    0  6.1 15 200   M    M   0        23 200
10  82  55  69  12   0   4 0.00  0.0    0 11.1 17 170   M    M   0        29 220
11  79  61  70  12   0   5 0.00  0.0    0  7.0 10 170   M    M   1        22 210
12  75  63  69  11   0   4 0.00  0.0    0 10.0 16 170   M    M   5        23 190
13  72  57  65   7   0   0 2.33  0.0    0 10.6 16 180   M    M   6 3      25 210
14  59  37  48 -10  17   0 0.23    M    0  9.6 15 310   M    M   8 3      27 300
15  55  32  44 -15  21   0 0.00  0.0    0  5.8  9 120   M    M   0        17 300
16  59  36  48 -11  17   0 0.00  0.0    0  7.0 13 140   M    M   0        20 110
17  70  37  54  -5  11   0 0.00  0.0    0  4.7 14 120   M    M   1        17 120
18  73  46  60   0   5   0 0.00  0.0    0  4.3 10  80   M    M   2        18 120
19  79  46  63   3   2   0 0.00  0.0    0  4.3  9  80   M    M   0         M  M
================================================================================
SM 1305  890       155  23  3.62     0.0 137.9          M       57
================================================================================
AV 68.7 46.8                               7.3 FASTST   M    M   3    MAX(MPH)
                                 MISC ---->    21   M                 33    M
================================================================================
NOTES:
# LAST OF SEVERAL OCCURRENCES

COLUMN 17 PEAK WIND IN M.P.H.

PRELIMINARY LOCAL CLIMATOLOGICAL DATA (WS FORM: F-6) , PAGE 2

                                          STATION:  Batesville Regional Airport
                                          MONTH:    APRIL
                                          YEAR:     2014
                                          LATITUDE:   35 43 N
                                          LONGITUDE:  91 39 W

[TEMPERATURE DATA]      [PRECIPITATION DATA]       SYMBOLS USED IN COLUMN 16

AVERAGE MONTHLY: 57.8   TOTAL FOR MONTH:   3.62    1 = FOG OR MIST
DPTR FM NORMAL:   0.6   DPTR FM NORMAL:    0.83    2 = FOG REDUCING VISIBILITY
HIGHEST:    82 ON 10    GRTST 24HR  2.33 ON 13-13      TO 1/4 MILE OR LESS
LOWEST:     32 ON 15                               3 = THUNDER
                        SNOW, ICE PELLETS, HAIL    4 = ICE PELLETS
                        TOTAL MONTH:   0.0 INCH    5 = HAIL
                        GRTST 24HR     0.0         6 = FREEZING RAIN OR DRIZZLE
                        GRTST DEPTH:   0           7 = DUSTSTORM OR SANDSTORM:
                                                       VSBY 1/2 MILE OR LESS
                                                   8 = SMOKE OR HAZE
[NO. OF DAYS WITH]      [WEATHER - DAYS WITH]      9 = BLOWING SNOW
                                                   X = TORNADO
MAX 32 OR BELOW:   0    0.01 INCH OR MORE:   6
MAX 90 OR ABOVE:   0    0.10 INCH OR MORE:   5
MIN 32 OR BELOW:   1    0.50 INCH OR MORE:   1
MIN  0 OR BELOW:   0    1.00 INCH OR MORE:   1

[HDD (BASE 65) ]
TOTAL THIS MO.   155    CLEAR  (SCALE 0-3)  11
DPTR FM NORMAL    -8    PTCLDY (SCALE 4-7)   6
TOTAL FM JUL 1  3838    CLOUDY (SCALE 8-10)  2
DPTR FM NORMAL   148

[CDD (BASE 65) ]
TOTAL THIS MO.    23
DPTR FM NORMAL     5    [PRESSURE DATA]
TOTAL FM JAN 1    23    HIGHEST SLP M ON M
DPTR FM NORMAL     0    LOWEST  SLP M ON M

[REMARKS]
