000
CXUS55 KRIW 260903
CF6BYG
PRELIMINARY LOCAL CLIMATOLOGICAL DATA (WS FORM: F-6)

                                          STATION:   BUFFALO WY
                                          MONTH:     MARCH
                                          YEAR:      2017
                                          LATITUDE:   44 22 N
                                          LONGITUDE: 106 43 W

  TEMPERATURE IN F:       :PCPN:    SNOW:  WIND      :SUNSHINE: SKY     :PK WND
================================================================================
1   2   3   4   5  6A  6B    7    8   9   10  11  12  13   14  15   16   17  18
                                     12Z  AVG MX 2MIN
DY MAX MIN AVG DEP HDD CDD  WTR  SNW DPTH SPD SPD DIR MIN PSBL S-S WX    SPD DR
================================================================================

 1  40  15  28  -2  37   0 0.01    M    M 11.5 30 320   M    M   5 1      39 340
 2  38  24  31   0  34   0 0.02    M    M  7.8 17 350   M    M   5 1      26 340
 3  55  27  41  10  24   0 0.00  0.0    M  5.8 22 260   M    M   2        31 300
 4  62  37  50  19  15   0 0.00  0.0    M 13.0 30 240   M    M   0        36 240
 5  60  35  48  16  17   0    T    M    M 17.4 37 200   M    M   0        48 210
 6  35  23  29  -3  36   0    T    M    M 21.4 39 340   M    M   7 12     57 340
 7  40  22  31  -1  34   0 0.00  0.0    M 14.1 33 310   M    M   2        45 320
 8  55  19  37   5  28   0 0.00  0.0    M  7.9 35 350   M    M   4        40 330
 9  33  24  29  -3  36   0 0.01    M    M 10.9 22 140   M    M   9 18     27 140
10  46  25  36   3  29   0 0.05    M    M  6.8 22 150   M    M   6 1      27 150
11  47  23  35   2  30   0 0.02    M    M  8.8 20 320   M    M   7 12     28 330
12  49  25  37   4  28   0 0.01    M    M 16.7 44 310   M    M   5 1      53 320
13  51  22  37   3  28   0 0.00    M    M  4.0 13 360   M    M   4 18     22 360
14  56  37  47  13  18   0 0.00    M    M  7.0 15 170   M    M   6        19 170
15  73  38  56  22   9   0 0.00    M    M  6.7 20 260   M    M   0        24 250
16  68  42  55  21  10   0    T    M    M 13.1 33 340   M    M   4        43 340
17  56  32  44   9  21   0 0.00  0.0    M  9.5 23 150   M    M   0        27 150
18  79  40  60  25   5   0 0.00  0.0    M 12.0 26 210   M    M   0        33 220
19  69  43  56  21   9   0 0.00  0.0    M  8.7 23 350   M    M   2        33 350
20  51  34  43   8  22   0 0.26    M    M  6.6 21 350   M    M   9 1      26 340
21  51  34  43   7  22   0 0.01    M    M  9.7 35 200   M    M   9 12     39 200
22  61  37  49  13  16   0    T    M    M  7.4 23 180   M    M   2        29 200
23  48  35  42   6  23   0 0.44    M    M 13.5 23 320   M    M   9 1      33 340
24  62  34  48  12  17   0 0.00  0.0    M 11.7 26 180   M    M   1        33 170
25  54  35  45   8  20   0 0.27    M    M 11.1 23 340   M    M   7 1      28 340
================================================================================
SM 1339  762       568   0  1.10     0.0 263.1          M      105
================================================================================
AV 53.6 30.5                              10.5 FASTST   M    M   4    MAX(MPH)
                                 MISC ---->  # 44 310               # 57  340
================================================================================
NOTES:
# LAST OF SEVERAL OCCURRENCES

COLUMN 17 PEAK WIND IN M.P.H.

PRELIMINARY LOCAL CLIMATOLOGICAL DATA (WS FORM: F-6) , PAGE 2

                                          STATION:  BUFFALO WY
                                          MONTH:    MARCH
                                          YEAR:     2017
                                          LATITUDE:   44 22 N
                                          LONGITUDE: 106 43 W

[TEMPERATURE DATA]      [PRECIPITATION DATA]       SYMBOLS USED IN COLUMN 16

AVERAGE MONTHLY: 42.0   TOTAL FOR MONTH:   1.10    1 = FOG OR MIST
DPTR FM NORMAL:   8.5   DPTR FM NORMAL:    0.43    2 = FOG REDUCING VISIBILITY
HIGHEST:    79 ON 18    GRTST 24HR  0.44 ON 23-23      TO 1/4 MILE OR LESS
LOWEST:     15 ON  1                               3 = THUNDER
                        SNOW, ICE PELLETS, HAIL    4 = ICE PELLETS
                        TOTAL MONTH:   0.0 INCH    5 = HAIL
                        GRTST 24HR     0.0         6 = FREEZING RAIN OR DRIZZLE
                        GRTST DEPTH:  M  ON   M    7 = DUSTSTORM OR SANDSTORM:
                                                       VSBY 1/2 MILE OR LESS
                                                   8 = SMOKE OR HAZE
[NO. OF DAYS WITH]      [WEATHER - DAYS WITH]      9 = BLOWING SNOW
                                                   X = TORNADO
MAX 32 OR BELOW:   0    0.01 INCH OR MORE:  10
MAX 90 OR ABOVE:   0    0.10 INCH OR MORE:   3
MIN 32 OR BELOW:  12    0.50 INCH OR MORE:   0
MIN  0 OR BELOW:   0    1.00 INCH OR MORE:   0

[HDD (BASE 65) ]
TOTAL THIS MO.   568    CLEAR  (SCALE 0-3)  10
DPTR FM NORMAL  -219    PTCLDY (SCALE 4-7)  11
TOTAL FM JUL 1  5410    CLOUDY (SCALE 8-10)  4
DPTR FM NORMAL  -617

[CDD (BASE 65) ]
TOTAL THIS MO.     0
DPTR FM NORMAL     0    [PRESSURE DATA]
TOTAL FM JAN 1     0    HIGHEST SLP M ON M
DPTR FM NORMAL     0    LOWEST  SLP 29.43 ON  5

[REMARKS]
