000
CXUS55 KGJT 281000
CF6CAG
PRELIMINARY LOCAL CLIMATOLOGICAL DATA (WS FORM: F-6)

                                          STATION:   CRAIG CO
                                          MONTH:     JULY
                                          YEAR:      2015
                                          LATITUDE:   40 30 N
                                          LONGITUDE: 107 32 W

  TEMPERATURE IN F:       :PCPN:    SNOW:  WIND      :SUNSHINE: SKY     :PK WND
================================================================================
1   2   3   4   5  6A  6B    7    8   9   10  11  12  13   14  15   16   17  18
                                     12Z  AVG MX 2MIN
DY MAX MIN AVG DEP HDD CDD  WTR  SNW DPTH SPD SPD DIR MIN PSBL S-S WX    SPD DR
================================================================================

 1  89  50  70   6   0   5    T    M    M  3.9 22  80   M    M   2        26  70
 2  92  49  71   7   0   6 0.00    M    M  5.0 21  90   M    M   2        27 100
 3  94  53  74  10   0   9 0.00    M    M  3.7 16 110   M    M   1        20 110
 4  93  50  72   7   0   7 0.12    M    M  4.7 17 120   M    M   1 3      23 230
 5  75  52  64  -1   1   0 0.52    M    M  3.6 21 310   M    M   7 138    27 290
 6  82  51  67   2   0   2 0.30    M    M  2.2 17 350   M    M   6 123    26 350
 7  72  53  63  -3   2   0 0.01    M    M  3.4 23 270   M    M  10 23     31 270
 8  71  53  62  -4   3   0 0.33    M    M  3.5 20 240   M    M   8 13     25 240
 9  78  47  63  -3   2   0 0.11    M    M  6.6 25 200   M    M   4 3      33 210
10  75  51  63  -3   2   0 0.06    M    M  9.2 30 240   M    M   4 3      43 260
11  80  46  63  -3   2   0 0.04    M    M  7.8 32 220   M    M   2        46 200
12  85  50  68   1   0   3 0.02    M    M  8.6 26 240   M    M   1 13     32 240
13  87  50  69   2   0   4 0.12    M    M  4.7 21 240   M    M   1 3      26 250
14  84  54  69   2   0   4 0.21    M    M  7.9 22 260   M    M   2 3      27 260
15  83  48  66  -1   0   1    T    M    M  6.7 26 280   M    M   2        36 300
16  87  44  66  -1   0   1 0.00    M    M  8.4 28 210   M    M   0 3      34 220
17  87  48  68   1   0   3    T    M    M 10.4 33 210   M    M   1 3      43 230
18  80  45  63  -5   2   0 0.09    M    M  7.3 37 250   M    M   4 3      49 250
19  77  50  64  -4   1   0 0.00    M    M  2.6 13 210   M    M   5        17 220
20  86  45  66  -2   0   1    T    M    M  5.1 20 320   M    M   3        27 330
21  77  52  65  -3   0   0    T    M    M  6.4 24 200   M    M   6 3      28 200
22  83  47  65  -3   0   0    T    M    M  6.4 36 290   M    M   3 3      48 270
23  89  46  68   0   0   3 0.00    M    M  7.1 26 240   M    M   1        37 220
24  90  40  65  -3   0   0 0.00    M    M  7.1 21 210   M    M   1        30 180
25  89  45  67  -1   0   2 0.00    M    M  6.6 21 240   M    M   2        26 200
26  92  42  67  -1   0   2 0.00    M    M  8.4 23 210   M    M   0        32 210
27  90  49  70   2   0   5 0.00    M    M 13.0 40 240   M    M   0        48 240
================================================================================
SM 2267 1310        15  58  1.93    M    170.3          M       79
================================================================================
AV 84.0 48.5                               6.3 FASTST   M    M   3    MAX(MPH)
                                 MISC ---->  # 40 240               # 49  250
================================================================================
NOTES:
# LAST OF SEVERAL OCCURRENCES

COLUMN 17 PEAK WIND IN M.P.H.

PRELIMINARY LOCAL CLIMATOLOGICAL DATA (WS FORM: F-6) , PAGE 2

                                          STATION:  CRAIG CO
                                          MONTH:    JULY
                                          YEAR:     2015
                                          LATITUDE:   40 30 N
                                          LONGITUDE: 107 32 W

[TEMPERATURE DATA]      [PRECIPITATION DATA]       SYMBOLS USED IN COLUMN 16

AVERAGE MONTHLY: 66.2   TOTAL FOR MONTH:   1.93    1 = FOG OR MIST
DPTR FM NORMAL:  -0.4   DPTR FM NORMAL:    0.97    2 = FOG REDUCING VISIBILITY
HIGHEST:    94 ON  3    GRTST 24HR  0.52 ON  5- 5      TO 1/4 MILE OR LESS
LOWEST:     40 ON 24                               3 = THUNDER
                        SNOW, ICE PELLETS, HAIL    4 = ICE PELLETS
                        TOTAL MONTH:    M          5 = HAIL
                        GRTST 24HR    M  ON   M    6 = FREEZING RAIN OR DRIZZLE
                        GRTST DEPTH:  M  ON   M    7 = DUSTSTORM OR SANDSTORM:
                                                       VSBY 1/2 MILE OR LESS
                                                   8 = SMOKE OR HAZE
[NO. OF DAYS WITH]      [WEATHER - DAYS WITH]      9 = BLOWING SNOW
                                                   X = TORNADO
MAX 32 OR BELOW:   0    0.01 INCH OR MORE:  12
MAX 90 OR ABOVE:   6    0.10 INCH OR MORE:   7
MIN 32 OR BELOW:   0    0.50 INCH OR MORE:   1
MIN  0 OR BELOW:   0    1.00 INCH OR MORE:   0

[HDD (BASE 65) ]
TOTAL THIS MO.    15    CLEAR  (SCALE 0-3)  18
DPTR FM NORMAL    -5    PTCLDY (SCALE 4-7)   8
TOTAL FM JUL 1    15    CLOUDY (SCALE 8-10)  1
DPTR FM NORMAL    -5

[CDD (BASE 65) ]
TOTAL THIS MO.    58
DPTR FM NORMAL    -6    [PRESSURE DATA]
TOTAL FM JAN 1   115    HIGHEST SLP M ON M
DPTR FM NORMAL    41    LOWEST  SLP 29.69 ON 27

[REMARKS]
