000
CXUS51 KCLE 250800
CF6CAK
PRELIMINARY LOCAL CLIMATOLOGICAL DATA (WS FORM: F-6)

                                          STATION:   AKRON CANTON OH
                                          MONTH:     FEBRUARY
                                          YEAR:      2018
                                          LATITUDE:   40 55 N
                                          LONGITUDE:  81 26 W

  TEMPERATURE IN F:       :PCPN:    SNOW:  WIND      :SUNSHINE: SKY     :PK WND
================================================================================
1   2   3   4   5  6A  6B    7    8   9   10  11  12  13   14  15   16   17  18
                                     12Z  AVG MX 2MIN
DY MAX MIN AVG DEP HDD CDD  WTR  SNW DPTH SPD SPD DIR MIN PSBL S-S WX    SPD DR
================================================================================

 1  45  19  32   5  33   0    T    T    T 14.2 24 310   M    M  10        31 320
 2  19  11  15 -12  50   0 0.02  0.5    T 12.7 21 310   M    M   9 8      28 310
 3  33  11  22  -5  43   0    T    T    0 13.5 22 180   M    M   8 1      29 190
 4  36  20  28   1  37   0 0.16  1.8    T 15.0 31 210   M    M  10 1      41 200
 5  21   6  14 -13  51   0 0.01  0.2    1  9.4 28 340   M    M   8 8      34 330
 6  27  20  24  -3  41   0 0.06  1.1    2  5.5 13 310   M    M   9 1      15 260
 7  30  13  22  -6  43   0 0.40  6.2    5  9.2 20 320   M    M   9 1      25 330
 8  23  11  17 -11  48   0    T    T    0  8.1 20 250   M    M   7 18     23 260
 9  41  13  27  -1  38   0 0.06  0.6    6 10.0 23 220   M    M   9 18     26 220
10  44  29  37   9  28   0 0.12  0.0    4  6.5 15  10   M    M  10 126    19 360
11  48  28  38  10  27   0 0.12  0.0    3 11.1 20 300   M    M  10 12     26 280
12  34  18  26  -2  39   0 0.00  0.0    T  8.4 14 330   M    M   5        19 320
13  40  15  28   0  37   0    T  0.0    T  9.2 18 190   M    M   5        22 190
14  45  23  34   5  31   0 0.40  0.0    0  9.0 21 210   M    M  10 128    25 220
15  63  45  54  25  11   0 0.73  0.0    0 10.6 24 230   M    M  10 12     40 300
16  50  30  40  11  25   0 0.33    T    0  8.9 21 340   M    M  10 18     24 350
17  34  28  31   2  34   0 0.05  0.5    0  6.1 15 160   M    M  10 1      18 170
18  43  32  38   8  27   0 0.03  0.3    T  9.2 16 210   M    M   9 1      22 280
19  64  34  49  19  16   0 0.74  0.0    0 11.7 20 200   M    M   9 1      26 210
20  74  61  68  38   0   3 0.00  0.0    0 15.6 26 220   M    M   7        34 220
21  68  34  51  21  14   0 0.11  0.0    0 12.8 24 210   M    M   9 1      31 210
22  46  34  40  10  25   0 0.42  0.0    0 11.8 24  90   M    M  10 18     30  80
23  62  41  52  21  13   0 0.15  0.0    0 10.5 24 230   M    M  10 12     33 220
24  51  42  47  16  18   0 0.90  0.0    0  9.0 17 120   M    M  10 18     22 120
================================================================================
SM 1041  618       729   3  4.81    11.2 248.0          M      213
================================================================================
AV 43.4 25.8                              10.3 FASTST   M    M   9    MAX(MPH)
                                 MISC ---->  # 31 210               # 41  200
================================================================================
NOTES:
# LAST OF SEVERAL OCCURRENCES

COLUMN 17 PEAK WIND IN M.P.H.

PRELIMINARY LOCAL CLIMATOLOGICAL DATA (WS FORM: F-6) , PAGE 2

                                          STATION:  AKRON CANTON OH
                                          MONTH:    FEBRUARY
                                          YEAR:     2018
                                          LATITUDE:   40 55 N
                                          LONGITUDE:  81 26 W

[TEMPERATURE DATA]      [PRECIPITATION DATA]       SYMBOLS USED IN COLUMN 16

AVERAGE MONTHLY: 34.6   TOTAL FOR MONTH:   4.81    1 = FOG OR MIST
DPTR FM NORMAL:   6.0   DPTR FM NORMAL:    2.85    2 = FOG REDUCING VISIBILITY
HIGHEST:    74 ON 20    GRTST 24HR  0.90 ON 24-24      TO 1/4 MILE OR LESS
LOWEST:      6 ON  5                               3 = THUNDER
                        SNOW, ICE PELLETS, HAIL    4 = ICE PELLETS
                        TOTAL MONTH:  11.2 INCHES  5 = HAIL
                        GRTST 24HR   6.2 ON  7- 7  6 = FREEZING RAIN OR DRIZZLE
                        GRTST DEPTH:   6 ON  9     7 = DUSTSTORM OR SANDSTORM:
                                                       VSBY 1/2 MILE OR LESS
                                                   8 = SMOKE OR HAZE
[NO. OF DAYS WITH]      [WEATHER - DAYS WITH]      9 = BLOWING SNOW
                                                   X = TORNADO
MAX 32 OR BELOW:   5    0.01 INCH OR MORE:  18
MAX 90 OR ABOVE:   0    0.10 INCH OR MORE:  12
MIN 32 OR BELOW:  17    0.50 INCH OR MORE:   3
MIN  0 OR BELOW:   0    1.00 INCH OR MORE:   0

[HDD (BASE 65) ]
TOTAL THIS MO.   729    CLEAR  (SCALE 0-3)   0
DPTR FM NORMAL  -146    PTCLDY (SCALE 4-7)   6
TOTAL FM JUL 1  4074    CLOUDY (SCALE 8-10) 18
DPTR FM NORMAL  -337

[CDD (BASE 65) ]
TOTAL THIS MO.     3
DPTR FM NORMAL     3    [PRESSURE DATA]
TOTAL FM JAN 1     3    HIGHEST SLP M ON M
DPTR FM NORMAL     3    LOWEST  SLP 29.63 ON 15

[REMARKS]
