000
CXUS54 KLZK 231130
CF6CCA
PRELIMINARY LOCAL CLIMATOLOGICAL DATA (WS FORM: F-6)

                                          STATION:   Clinton
                                          MONTH:     JANUARY
                                          YEAR:      2018
                                          LATITUDE:   35 32 N
                                          LONGITUDE:  92 22 W

  TEMPERATURE IN F:       :PCPN:    SNOW:  WIND      :SUNSHINE: SKY     :PK WND
================================================================================
1   2   3   4   5  6A  6B    7    8   9   10  11  12  13   14  15   16   17  18
                                     12Z  AVG MX 2MIN
DY MAX MIN AVG DEP HDD CDD  WTR  SNW DPTH SPD SPD DIR MIN PSBL S-S WX    SPD DR
================================================================================

 1  23   7  15   M  50   0 0.00  0.0    0  4.6  9 320   M    M   0        16   0
 2  23   7  15   M  50   0 0.00  0.0    0  0.8  5 210   M    M   3         M  M
 3  37  12  25   M  40   0 0.00  0.0    0  2.6 13 330   M    M   3        21 330
 4  37  18  28   M  37   0 0.00  0.0    0  2.9  6 310   M    M   0        14  10
 5  48  12  30   M  35   0 0.00  0.0    0  0.6  6 150   M    M   1         M  M
 6  37  21  29   M  36   0 0.00  0.0    0  3.6 10 140   M    M   2        12  99
 7  39  19  29   M  36   0 0.00  0.0    0  0.2  5 300   M    M   9 1       M  M
 8  45  39  42   M  23   0 0.00  0.0    0  2.6  8 320   M    M  10 1      13  99
 9  45  37  41   M  24   0 0.00  0.0    0  0.9  7  80   M    M  10 12      M  M
10  59  43  51   M  14   0 0.00  0.0    0  2.0  8 150   M    M  10 1      16  99
11  63  27  45   M  20   0 0.00  0.0    0  6.6 15 310   M    M   9 1      32 330
12  36  21  29   M  36   0 0.00  0.0    0  9.3 15 310   M    M   3        30 310
13  34  19  27   M  38   0 0.00  0.0    0  4.0  9 340   M    M   6        22 340
14  34  21  28   M  37   0 0.00  0.0    0  3.0  9 140   M    M   7         M  M
15  39  18  29   M  36   0 0.00  0.0    0  3.5 13 330   M    M   7        28 340
16  18   7  13   M  52   0 0.00  0.0    0  9.2 16 300   M    M   2        24 330
17  32   5  19   M  46   0 0.00  0.0    0  1.7  6  99   M    M   0        12  99
18  43   7  25   M  40   0 0.00  0.0    0  2.1 12 210   M    M   0        18 210
19  52  14  33   M  32   0 0.00  0.0    0  2.3 13 170   M    M   3        15 140
20  59  28  44   M  21   0 0.00  0.0    0  3.2 14 210   M    M  10        20 210
21  64  57  61   M   4   0 0.00  0.0    0  8.2 14 170   M    M  10 3      25 170
22  64  37  51   M  14   0 0.00  0.0    0 10.7 22 230   M    M   6 123    36 260
================================================================================
SM  931  476       721   0  0.00     0.0  84.6          M      111
================================================================================
AV 42.3 21.6                               3.8 FASTST   M    M   5    MAX(MPH)
                                 MISC ---->  # 22 230               # 36  260
================================================================================
NOTES:
# LAST OF SEVERAL OCCURRENCES

COLUMN 17 PEAK WIND IN M.P.H.

PRELIMINARY LOCAL CLIMATOLOGICAL DATA (WS FORM: F-6) , PAGE 2

                                          STATION:  Clinton
                                          MONTH:    JANUARY
                                          YEAR:     2018
                                          LATITUDE:   35 32 N
                                          LONGITUDE:  92 22 W

[TEMPERATURE DATA]      [PRECIPITATION DATA]       SYMBOLS USED IN COLUMN 16

AVERAGE MONTHLY: 32.0   TOTAL FOR MONTH:   0.00    1 = FOG OR MIST
DPTR FM NORMAL:     M   DPTR FM NORMAL:       M    2 = FOG REDUCING VISIBILITY
HIGHEST:    64 ON 22,21 GRTST 24HR  0.00 ON 22-22      TO 1/4 MILE OR LESS
LOWEST:      5 ON 17                               3 = THUNDER
                        SNOW, ICE PELLETS, HAIL    4 = ICE PELLETS
                        TOTAL MONTH:   0.0 INCH    5 = HAIL
                        GRTST 24HR     0.0         6 = FREEZING RAIN OR DRIZZLE
                        GRTST DEPTH:   0           7 = DUSTSTORM OR SANDSTORM:
                                                       VSBY 1/2 MILE OR LESS
                                                   8 = SMOKE OR HAZE
[NO. OF DAYS WITH]      [WEATHER - DAYS WITH]      9 = BLOWING SNOW
                                                   X = TORNADO
MAX 32 OR BELOW:   4    0.01 INCH OR MORE:   0
MAX 90 OR ABOVE:   0    0.10 INCH OR MORE:   0
MIN 32 OR BELOW:  17    0.50 INCH OR MORE:   0
MIN  0 OR BELOW:   0    1.00 INCH OR MORE:   0

[HDD (BASE 65) ]
TOTAL THIS MO.   721    CLEAR  (SCALE 0-3)  11
DPTR FM NORMAL     M    PTCLDY (SCALE 4-7)   4
TOTAL FM JUL 1  2116    CLOUDY (SCALE 8-10)  7
DPTR FM NORMAL     M

[CDD (BASE 65) ]
TOTAL THIS MO.     0
DPTR FM NORMAL     M    [PRESSURE DATA]
TOTAL FM JAN 1     0    HIGHEST SLP M ON M
DPTR FM NORMAL     M    LOWEST  SLP M ON M

[REMARKS]
