000
CXUS54 KLZK 261430
CF6CCA
PRELIMINARY LOCAL CLIMATOLOGICAL DATA (WS FORM: F-6)

                                          STATION:   Clinton
                                          MONTH:     NOVEMBER
                                          YEAR:      2014
                                          LATITUDE:   35 32 N
                                          LONGITUDE:  92 22 W

  TEMPERATURE IN F:       :PCPN:    SNOW:  WIND      :SUNSHINE: SKY     :PK WND
================================================================================
1   2   3   4   5  6A  6B    7    8   9   10  11  12  13   14  15   16   17  18
                                     12Z  AVG MX 2MIN
DY MAX MIN AVG DEP HDD CDD  WTR  SNW DPTH SPD SPD DIR MIN PSBL S-S WX    SPD DR
================================================================================

 1   M   M   M   M   M   M    M    M    M   M   M   M   M    M   M         M  M
 2   M   M   M   M   M   M    M    M    M   M   M   M   M    M   M         M  M
 3   M   M   M   M   M   M    M    M    M   M   M   M   M    M   M         M  M
 4   M   M   M   M   M   M    M    M    M   M   M   M   M    M   M         M  M
 5  54  46  50   M  15   0 0.00  0.0    M  1.0  5 300   M    M  10 12      M  M
 6  64  36  50   M  15   0 0.00  0.0    0  3.9 16 300   M    M   3 12     25 300
 7  57  30  44   M  21   0 0.00  0.0    0  1.3  6 200   M    M   0 1       M  M
 8  63  36  50   M  15   0 0.00  0.0    0  2.7 10 310   M    M   0 1      21 310
 9  63  30  47   M  18   0 0.00  0.0    0  2.0 10 220   M    M   0 1       M  M
10  72  34  53   M  12   0 0.00  0.0    0  4.4 16 180   M    M   0 18     27 180
11  54  32  43   M  22   0 0.00  0.0    0  6.1 15 300   M    M   5 18     24 310
12  41  30  36   M  29   0 0.00  0.0    0  6.5 13 310   M    M   5        18 320
13  37  25  31   M  34   0 0.00  0.0    0  5.9 13 310   M    M   3        22 330
14  39  19  29   M  36   0 0.00  0.0    0  1.2  6 230   M    M   0         M  M
15  41  21  31   M  34   0 0.00  0.0    0  2.2  7 110   M    M   4 18      M  M
16  39  32  36   M  29   0 0.12    M    0  1.8 10 310   M    M  10 18      M  M
17  37  18  28   M  37   0 0.00  0.0    0  6.1 16 280   M    M   1 8      22 280
18  41  10  26   M  39   0 0.00  0.0    0  1.7 10 190   M    M   0         M  M
19  57  21  39   M  26   0 0.00  0.0    0  2.8 13 210   M    M   0        17 270
20  54  25  40   M  25   0 0.00  0.0    0  1.4  7  90   M    M   2         M  M
21  45  36  41   M  24   0 0.06    M    0  0.2  5  80   M    M  10 1       M  M
22  55  43  49   M  16   0 0.09    M    0  0.0  M   M   M    M  10 12      M  M
23  61  48  55   M  10   0 0.61    M    0  1.6  8 220   M    M   9 1       M  M
24  57  30  44   M  21   0 0.00  0.0    0  6.5 16 300   M    M   1 1      28 300
25  54  23  39   M  26   0 0.00  0.0    0  1.6  7 330   M    M   0 18      M  M
================================================================================
SM 1085  625       504   0  0.88     0.0  60.9          M       73
================================================================================
AV 51.7 29.8                               2.9 FASTST   M    M   3    MAX(MPH)
                                 MISC ---->    16   M                 28    M
================================================================================
NOTES:
# LAST OF SEVERAL OCCURRENCES

COLUMN 17 PEAK WIND IN M.P.H.

PRELIMINARY LOCAL CLIMATOLOGICAL DATA (WS FORM: F-6) , PAGE 2

                                          STATION:  Clinton
                                          MONTH:    NOVEMBER
                                          YEAR:     2014
                                          LATITUDE:   35 32 N
                                          LONGITUDE:  92 22 W

[TEMPERATURE DATA]      [PRECIPITATION DATA]       SYMBOLS USED IN COLUMN 16

AVERAGE MONTHLY: 40.7   TOTAL FOR MONTH:   0.88    1 = FOG OR MIST
DPTR FM NORMAL:     M   DPTR FM NORMAL:       M    2 = FOG REDUCING VISIBILITY
HIGHEST:    72 ON 10    GRTST 24HR  0.61 ON 23-23      TO 1/4 MILE OR LESS
LOWEST:     10 ON 18                               3 = THUNDER
                        SNOW, ICE PELLETS, HAIL    4 = ICE PELLETS
                        TOTAL MONTH:   0.0 INCH    5 = HAIL
                        GRTST 24HR     0.0         6 = FREEZING RAIN OR DRIZZLE
                        GRTST DEPTH:   0           7 = DUSTSTORM OR SANDSTORM:
                                                       VSBY 1/2 MILE OR LESS
                                                   8 = SMOKE OR HAZE
[NO. OF DAYS WITH]      [WEATHER - DAYS WITH]      9 = BLOWING SNOW
                                                   X = TORNADO
MAX 32 OR BELOW:   0    0.01 INCH OR MORE:   4
MAX 90 OR ABOVE:   0    0.10 INCH OR MORE:   2
MIN 32 OR BELOW:  14    0.50 INCH OR MORE:   1
MIN  0 OR BELOW:   0    1.00 INCH OR MORE:   0

[HDD (BASE 65) ]
TOTAL THIS MO.   504    CLEAR  (SCALE 0-3)  13
DPTR FM NORMAL     M    PTCLDY (SCALE 4-7)   3
TOTAL FM JUL 1   541    CLOUDY (SCALE 8-10)  5
DPTR FM NORMAL     M

[CDD (BASE 65) ]
TOTAL THIS MO.     0
DPTR FM NORMAL     M    [PRESSURE DATA]
TOTAL FM JAN 1  1596    HIGHEST SLP M ON M
DPTR FM NORMAL     M    LOWEST  SLP M ON M

[REMARKS]
