000
CXUS54 KLZK 211330
CF6CCA
PRELIMINARY LOCAL CLIMATOLOGICAL DATA (WS FORM: F-6)

                                          STATION:   Clinton
                                          MONTH:     AUGUST
                                          YEAR:      2014
                                          LATITUDE:   35 32 N
                                          LONGITUDE:  92 22 W

  TEMPERATURE IN F:       :PCPN:    SNOW:  WIND      :SUNSHINE: SKY     :PK WND
================================================================================
1   2   3   4   5  6A  6B    7    8   9   10  11  12  13   14  15   16   17  18
                                     12Z  AVG MX 2MIN
DY MAX MIN AVG DEP HDD CDD  WTR  SNW DPTH SPD SPD DIR MIN PSBL S-S WX    SPD DR
================================================================================

 1  82  66  74   M   0   9 0.00  0.0    0  0.9  7 310   M    M   7 1       M  M
 2  88  63  76   M   0  11 0.00  0.0    0  0.5  5  80   M    M   1 1       M  M
 3  88  63  76   M   0  11 0.00  0.0    0  1.4  8 330   M    M   0 128     M  M
 4  90  61  76   M   0  11 0.00  0.0    0  1.2  7 130   M    M   1 128     M  M
 5  91  61  76   M   0  11 0.00  0.0    0  1.3  7 230   M    M   0 18      M  M
 6  93  64  79   M   0  14 0.00  0.0    0  1.7  7 260   M    M   1 18      M  M
 7  90  70  80   M   0  15 0.01  0.0    0  2.6  9 200   M    M   2 18      M  M
 8  91  73  82   M   0  17 0.02  0.0    0  2.0 13 260   M    M   3 138    18 260
 9  90  68  79   M   0  14 0.02  0.0    0  2.8 16 300   M    M   2 138    32 300
10  90  64  77   M   0  12 0.00  0.0    0  2.7  9 230   M    M   0 1       M  M
11  90  72  81   M   0  16 0.00  0.0    0  3.3 10 310   M    M   3 18     16 330
12  86  63  75   M   0  10 0.00  0.0    0  2.9  9 290   M    M   0         M  M
13  88  57  73   M   0   8 0.00  0.0    0  0.7  5  80   M    M   0         M  M
14  88  57  73   M   0   8 0.00  0.0    0  1.3  6 260   M    M   0 18      M  M
15  90  61  76   M   0  11 0.00  0.0    0  1.8  7 140   M    M   2 18      M  M
16  93  64  79   M   0  14 0.00  0.0    0  2.3 12 150   M    M   1 18     16 150
17  95  72  84   M   0  19 0.00  0.0    0  3.4 10 300   M    M   1 18      M  M
18  93  70  82   M   0  17 0.01  0.0    0  1.6  7 200   M    M   2 18      M  M
19  97  66  82   M   0  17 0.02  0.0    0  2.7  9 250   M    M   2 128     M  M
20  97  70  84   M   0  19 0.00  0.0    0  3.1 12 210   M    M   0 18     16 220
================================================================================
SM 1810 1305         0 264  0.08     0.0  40.2          M       28
================================================================================
AV 90.5 65.2                               2.0 FASTST   M    M   1    MAX(MPH)
                                 MISC ---->    16   M                 32    M
================================================================================
NOTES:
# LAST OF SEVERAL OCCURRENCES

COLUMN 17 PEAK WIND IN M.P.H.

PRELIMINARY LOCAL CLIMATOLOGICAL DATA (WS FORM: F-6) , PAGE 2

                                          STATION:  Clinton
                                          MONTH:    AUGUST
                                          YEAR:     2014
                                          LATITUDE:   35 32 N
                                          LONGITUDE:  92 22 W

[TEMPERATURE DATA]      [PRECIPITATION DATA]       SYMBOLS USED IN COLUMN 16

AVERAGE MONTHLY: 77.9   TOTAL FOR MONTH:   0.08    1 = FOG OR MIST
DPTR FM NORMAL:     M   DPTR FM NORMAL:       M    2 = FOG REDUCING VISIBILITY
HIGHEST:    97 ON 20,19 GRTST 24HR  0.02 ON 19-19      TO 1/4 MILE OR LESS
LOWEST:     57 ON 14,13                            3 = THUNDER
                        SNOW, ICE PELLETS, HAIL    4 = ICE PELLETS
                        TOTAL MONTH:   0.0 INCH    5 = HAIL
                        GRTST 24HR     0.0         6 = FREEZING RAIN OR DRIZZLE
                        GRTST DEPTH:   0           7 = DUSTSTORM OR SANDSTORM:
                                                       VSBY 1/2 MILE OR LESS
                                                   8 = SMOKE OR HAZE
[NO. OF DAYS WITH]      [WEATHER - DAYS WITH]      9 = BLOWING SNOW
                                                   X = TORNADO
MAX 32 OR BELOW:   0    0.01 INCH OR MORE:   5
MAX 90 OR ABOVE:  14    0.10 INCH OR MORE:   0
MIN 32 OR BELOW:   0    0.50 INCH OR MORE:   0
MIN  0 OR BELOW:   0    1.00 INCH OR MORE:   0

[HDD (BASE 65) ]
TOTAL THIS MO.     0    CLEAR  (SCALE 0-3)  18
DPTR FM NORMAL     M    PTCLDY (SCALE 4-7)   2
TOTAL FM JUL 1     0    CLOUDY (SCALE 8-10)  0
DPTR FM NORMAL     M

[CDD (BASE 65) ]
TOTAL THIS MO.   264
DPTR FM NORMAL     M    [PRESSURE DATA]
TOTAL FM JAN 1  1111    HIGHEST SLP M ON M
DPTR FM NORMAL     M    LOWEST  SLP M ON M

[REMARKS]
