289
CXUS56 KMTR 281000
CF6CCR
PRELIMINARY LOCAL CLIMATOLOGICAL DATA (WS FORM: F-6)

                                          STATION:   CONCORD AIRPORT
                                          MONTH:     JULY
                                          YEAR:      2017
                                          LATITUDE:   37 58 N
                                          LONGITUDE: 122  3 W

  TEMPERATURE IN F:       :PCPN:    SNOW:  WIND      :SUNSHINE: SKY     :PK WND
================================================================================
1   2   3   4   5  6A  6B    7    8   9   10  11  12  13   14  15   16   17  18
                                     12Z  AVG MX 2MIN
DY MAX MIN AVG DEP HDD CDD  WTR  SNW DPTH SPD SPD DIR MIN PSBL S-S WX    SPD DR
================================================================================

 1  85  56  71  -1   0   6 0.00  0.0    0 16.9 26 190   M    M   0        31 190
 2  88  57  73   1   0   8 0.00  0.0    0 11.3 21 200   M    M   0        25 200
 3  87  56  72   0   0   7 0.00  0.0    0  8.3 20 320   M    M   0        24 320
 4  91  56  74   2   0   9 0.00  0.0    0  9.2 18 330   M    M   0        23 320
 5  88  56  72   0   0   7 0.00  0.0    0  9.3 18 330   M    M   0         M  M
 6  98  58  78   6   0  13 0.00  0.0    0  7.3 16 280   M    M   0        21 280
 7 107  61  84  12   0  19 0.00  0.0    0  6.5 20 290   M    M   0        27 290
 8 104  66  85  13   0  20 0.00  0.0    0  6.9 18 250   M    M   0        23 240
 9  99  57  78   6   0  13 0.00  0.0    0  8.6 18 220   M    M   0        23 210
10  96  58  77   5   0  12 0.00  0.0    0  9.8 20 200   M    M   0        24 210
11  88  60  74   2   0   9 0.00  0.0    0 13.7 21 200   M    M   0 8      29 220
12  93  59  76   4   0  11 0.00  0.0    0 10.0 16 330   M    M   0 8      21 270
13  91  57  74   2   0   9 0.00  0.0    0  9.6 17 310   M    M   0        22 320
14  94  57  76   4   0  11 0.00  0.0    0  8.4 17 260   M    M   0        31 250
15 102  58  80   8   0  15 0.00  0.0    0  4.9 14 270   M    M   0        32 280
16 105  67  86  14   0  21 0.00  0.0    0  6.4 17 290   M    M   0        22 280
17  99  68  84  12   0  19 0.00  0.0    0  8.7 16 280   M    M   0        20 280
18  84  58  71  -1   0   6 0.00  0.0    0 13.8 23 200   M    M   0        29 200
19  91  59  75   3   0  10 0.00  0.0    0 10.9 18 190   M    M   0        24 190
20  90  59  75   3   0  10 0.00  0.0    0 13.7 20 190   M    M   0        24 200
21  93  59  76   4   0  11 0.00  0.0    0 11.9 18 190   M    M   0        24 200
22 100  59  80   8   0  15 0.00  0.0    0  6.3 16 330   M    M   0        19 330
23 100  63  82  10   0  17 0.00  0.0    0  7.4 18 270   M    M   0        21 280
24  80  58  69  -3   0   4 0.00  0.0    0 11.4 22 270   M    M   0        27 240
25  87  59  73   1   0   8 0.00  0.0    0 10.1 17 260   M    M   0        24 320
26  92  59  76   4   0  11 0.00  0.0    0  7.8 18 330   M    M   1        21 330
27  99  58  79   7   0  14 0.00  0.0    0  7.1 16 300   M    M   0        20 300
================================================================================
SM 2531 1598         0 315  0.00     0.0 256.2          M        1
================================================================================
AV 93.7 59.2                               9.5 FASTST   M    M   0    MAX(MPH)
                                 MISC ---->  # 26 190               # 32  280
================================================================================
NOTES:
# LAST OF SEVERAL OCCURRENCES

COLUMN 17 PEAK WIND IN M.P.H.

PRELIMINARY LOCAL CLIMATOLOGICAL DATA (WS FORM: F-6) , PAGE 2

                                          STATION:  CONCORD AIRPORT
                                          MONTH:    JULY
                                          YEAR:     2017
                                          LATITUDE:   37 58 N
                                          LONGITUDE: 122  3 W

[TEMPERATURE DATA]      [PRECIPITATION DATA]       SYMBOLS USED IN COLUMN 16

AVERAGE MONTHLY: 76.5   TOTAL FOR MONTH:   0.00    1 = FOG OR MIST
DPTR FM NORMAL:   4.5   DPTR FM NORMAL:    0.00    2 = FOG REDUCING VISIBILITY
HIGHEST:   107 ON  7    GRTST 24HR  0.00 ON 27-27      TO 1/4 MILE OR LESS
LOWEST:     56 ON  5, 4                            3 = THUNDER
                        SNOW, ICE PELLETS, HAIL    4 = ICE PELLETS
                        TOTAL MONTH:   0.0 INCH    5 = HAIL
                        GRTST 24HR     0.0         6 = FREEZING RAIN OR DRIZZLE
                        GRTST DEPTH:   0           7 = DUSTSTORM OR SANDSTORM:
                                                       VSBY 1/2 MILE OR LESS
                                                   8 = SMOKE OR HAZE
[NO. OF DAYS WITH]      [WEATHER - DAYS WITH]      9 = BLOWING SNOW
                                                   X = TORNADO
MAX 32 OR BELOW:   0    0.01 INCH OR MORE:   0
MAX 90 OR ABOVE:  19    0.10 INCH OR MORE:   0
MIN 32 OR BELOW:   0    0.50 INCH OR MORE:   0
MIN  0 OR BELOW:   0    1.00 INCH OR MORE:   0

[HDD (BASE 65) ]
TOTAL THIS MO.     0    CLEAR  (SCALE 0-3)  27
DPTR FM NORMAL     0    PTCLDY (SCALE 4-7)   0
TOTAL FM JUL 1     0    CLOUDY (SCALE 8-10)  0
DPTR FM NORMAL     0

[CDD (BASE 65) ]
TOTAL THIS MO.   315
DPTR FM NORMAL   111    [PRESSURE DATA]
TOTAL FM JAN 1   684    HIGHEST SLP M ON M
DPTR FM NORMAL   267    LOWEST  SLP 29.77 ON 23

[REMARKS]
