000
CXUS55 KBOU 261210
CF6CCU
PRELIMINARY LOCAL CLIMATOLOGICAL DATA (WS FORM: F-6)

                                          STATION:   COPPER MTN CO
                                          MONTH:     FEBRUARY
                                          YEAR:      2015
                                          LATITUDE:   39 28 N
                                          LONGITUDE: 106  9 W

  TEMPERATURE IN F:       :PCPN:    SNOW:  WIND      :SUNSHINE: SKY     :PK WND
================================================================================
1   2   3   4   5  6A  6B    7    8   9   10  11  12  13   14  15   16   17  18
                                     12Z  AVG MX 2MIN
DY MAX MIN AVG DEP HDD CDD  WTR  SNW DPTH SPD SPD DIR MIN PSBL S-S WX    SPD DR
================================================================================

 1  18   7  13   M  52   0    M    M    M 26.4 40 280   M    M   5 8      52 280
 2  23  18  21   M  44   0    M    M    M 20.0 40 280   M    M   9 8      48 280
 3  30  23  27   M  38   0    M    M    M 19.6 30 260   M    M   9 8      43 260
 4  28  25  27   M  38   0    M    M    M 25.1 39 270   M    M  10 8      48 270
 5  36  25  31   M  34   0    M    M    M 20.5 39 280   M    M   1 8      46 280
 6  41  28  35   M  30   0    M    M    M 20.0 27 250   M    M   0 8      39 240
 7   M   M   M   M   M   M    M    M    M   M   M   M   M    M   M         M  M
 8  37  30  34   M  31   0    M    M    M 16.0 29 270   M    M   2        35 270
 9  37  30  34   M  31   0    M    M    M 15.3 30 260   M    M   2 8      44 250
10  32  23  28   M  37   0    M    M    M 12.7 28 240   M    M   9 8      41 240
11  32  19  26   M  39   0    M    M    M  9.3 23 280   M    M   4        22 280
12  34  21  28   M  37   0    M    M    M 19.0 27 280   M    M   3        36 280
13  37  25  31   M  34   0    M    M    M 13.4 21 270   M    M   1        27 270
14  45  28  37   M  28   0    M    M    M 11.4 28 280   M    M   0        35 280
15  34  18  26   M  39   0    M    M    M 17.0 33 270   M    M   8 8      44 270
16  14   5  10   M  55   0    M    M    M 13.4 23 280   M    M   8        30 280
17  14   5  10   M  55   0    M    M    M 26.3 37 270   M    M   7 8      47 280
18  30  14  22   M  43   0    M    M    M 20.3 39 270   M    M   4 8      52 270
19  34  23  29   M  36   0    M    M    M 19.9 31 270   M    M   1 8      41 260
20  27  14  21   M  44   0    M    M    M 19.5 35 270   M    M   9 8      46 270
21  18  12  15   M  50   0    M    M    M  9.8 18 260   M    M  10        28 240
22  19   9  14   M  51   0    M    M    M  5.9 17 170   M    M  10 8      21 170
23  28  18  23   M  42   0    M    M    M  9.8 20 280   M    M   9 8      25 280
24  34  14  24   M  41   0    M    M    M  8.9 23 280   M    M   1        29 280
25  19  10  15   M  50   0    M    M    M 19.9 29 260   M    M  10 8      43 260
================================================================================
SM  701  444       979   0    M     M    399.4          M      132
================================================================================
AV 29.2 18.5                              16.6 FASTST   M    M   6    MAX(MPH)
                                 MISC ---->    40   M                 52    M
================================================================================
NOTES:
# LAST OF SEVERAL OCCURRENCES

COLUMN 17 PEAK WIND IN M.P.H.

PRELIMINARY LOCAL CLIMATOLOGICAL DATA (WS FORM: F-6) , PAGE 2

                                          STATION:  COPPER MTN CO
                                          MONTH:    FEBRUARY
                                          YEAR:     2015
                                          LATITUDE:   39 28 N
                                          LONGITUDE: 106  9 W

[TEMPERATURE DATA]      [PRECIPITATION DATA]       SYMBOLS USED IN COLUMN 16

AVERAGE MONTHLY: 23.9   TOTAL FOR MONTH:      M    1 = FOG OR MIST
DPTR FM NORMAL:     M   DPTR FM NORMAL:       M    2 = FOG REDUCING VISIBILITY
HIGHEST:    45 ON 14    GRTST 24HR    M  ON   M        TO 1/4 MILE OR LESS
LOWEST:      5 ON 17,16                            3 = THUNDER
                        SNOW, ICE PELLETS, HAIL    4 = ICE PELLETS
                        TOTAL MONTH:    M          5 = HAIL
                        GRTST 24HR    M  ON   M    6 = FREEZING RAIN OR DRIZZLE
                        GRTST DEPTH:  M  ON   M    7 = DUSTSTORM OR SANDSTORM:
                                                       VSBY 1/2 MILE OR LESS
                                                   8 = SMOKE OR HAZE
[NO. OF DAYS WITH]      [WEATHER - DAYS WITH]      9 = BLOWING SNOW
                                                   X = TORNADO
MAX 32 OR BELOW:  14    0.01 INCH OR MORE:   0
MAX 90 OR ABOVE:   0    0.10 INCH OR MORE:   0
MIN 32 OR BELOW:  24    0.50 INCH OR MORE:   0
MIN  0 OR BELOW:   0    1.00 INCH OR MORE:   0

[HDD (BASE 65) ]
TOTAL THIS MO.   979    CLEAR  (SCALE 0-3)   9
DPTR FM NORMAL     M    PTCLDY (SCALE 4-7)   5
TOTAL FM JUL 1  6634    CLOUDY (SCALE 8-10) 10
DPTR FM NORMAL     M

[CDD (BASE 65) ]
TOTAL THIS MO.     0
DPTR FM NORMAL     M    [PRESSURE DATA]
TOTAL FM JAN 1     0    HIGHEST SLP M ON M
DPTR FM NORMAL     M    LOWEST  SLP M ON M

[REMARKS]
