000
CXUS53 KARX 250930
CF6CCY
PRELIMINARY LOCAL CLIMATOLOGICAL DATA (WS FORM: F-6)

                                          STATION:   CHARLES_CITY IA
                                          MONTH:     MARCH
                                          YEAR:      2017
                                          LATITUDE:   43  4 N
                                          LONGITUDE:  92 37 W

  TEMPERATURE IN F:       :PCPN:    SNOW:  WIND      :SUNSHINE: SKY     :PK WND
================================================================================
1   2   3   4   5  6A  6B    7    8   9   10  11  12  13   14  15   16   17  18
                                     12Z  AVG MX 2MIN
DY MAX MIN AVG DEP HDD CDD  WTR  SNW DPTH SPD SPD DIR MIN PSBL S-S WX    SPD DR
================================================================================

 1  36  25  31   3  34   0 0.09  1.5    0 18.7 25 320   M    M   9 1      33 320
 2  27  19  23  -5  42   0 0.00  0.0    0 12.2 18 310   M    M   3        27 310
 3  32  16  24  -4  41   0 0.00  0.0    0  9.0 17 120   M    M   5        18 180
 4  45  28  37   8  28   0 0.00  0.0    0 18.2 24 120   M    M   1        35 120
 5  57  36  47  18  18   0 0.00  0.0    0 15.0 23 130   M    M   8        24 130
 6  68  46  57  27   8   0 0.65  0.0    0 20.8 29 180   M    M   9 13     41 260
 7  48  34  41  11  24   0 0.00  0.0    0 22.1 33 260   M    M   3        46 260
 8  43  28  36   5  29   0 0.00  0.0    0 20.9 33 280   M    M   1        45 280
 9  36  23  30  -1  35   0    M    M    M 11.2 20 350   M    M   8        24 340
10  23  14  19 -13  46   0 0.00  0.0    0 14.3 21 350   M    M   5        24 340
11  25  16  21 -11  44   0 0.00  0.0    0  9.4 13 320   M    M  10        16 360
12  28  12  20 -12  45   0    M    M    0  9.5 17 130   M    M   5        27 130
13  25  10  18 -15  47   0    M    M    M 13.9 20  40   M    M  10 1      25  40
14  21   1  11 -23  54   0 0.00  0.0    M  8.6 10 340   M    M   1         M  M
15  25  -2  12 -22  53   0 0.00  0.0    M  5.0 10 140   M    M   1         M  M
16  36  19  28  -6  37   0 0.00  0.0    0 14.2 21 130   M    M   7        29 140
17  45  30  38   3  27   0 0.00  0.0    0 14.8 24 300   M    M   5 1      35 300
18  39  30  35   0  30   0 0.00  0.0    0 12.3 22 300   M    M   7        30 300
19  57  28  43   7  22   0 0.00  0.0    0 12.8 25 150   M    M   1        33 160
20  61  36  49  13  16   0 0.00  0.0    0 11.0 18  30   M    M   2        28  30
21  43  28  36  -1  29   0 0.00  0.0    0 13.0 20 360   M    M   2        25 330
22  41  21  31  -6  34   0 0.00  0.0    0 12.9 18 130   M    M   4        22 140
23  41  34  38   0  27   0 0.14    M    0 18.6 25 140   M    M  10        39 140
24  45  39  42   4  23   0 0.11  0.0    0 12.5 18 120   M    M   8 1      24 120
================================================================================
SM  947  571       793   0  0.99     1.5 330.9          M      125
================================================================================
AV 39.5 23.8                              13.8 FASTST   M    M   5    MAX(MPH)
                                 MISC ---->  # 33 260               # 46  260
================================================================================
NOTES:
# LAST OF SEVERAL OCCURRENCES

COLUMN 17 PEAK WIND IN M.P.H.

PRELIMINARY LOCAL CLIMATOLOGICAL DATA (WS FORM: F-6) , PAGE 2

                                          STATION:  CHARLES_CITY IA
                                          MONTH:    MARCH
                                          YEAR:     2017
                                          LATITUDE:   43  4 N
                                          LONGITUDE:  92 37 W

[TEMPERATURE DATA]      [PRECIPITATION DATA]       SYMBOLS USED IN COLUMN 16

AVERAGE MONTHLY: 31.6   TOTAL FOR MONTH:   0.99    1 = FOG OR MIST
DPTR FM NORMAL:  -1.2   DPTR FM NORMAL:   -0.35    2 = FOG REDUCING VISIBILITY
HIGHEST:    68 ON  6    GRTST 24HR  0.65 ON  6- 6      TO 1/4 MILE OR LESS
LOWEST:     -2 ON 15                               3 = THUNDER
                        SNOW, ICE PELLETS, HAIL    4 = ICE PELLETS
                        TOTAL MONTH:   1.5 INCHES  5 = HAIL
                        GRTST 24HR   1.5 ON  1- 1  6 = FREEZING RAIN OR DRIZZLE
                        GRTST DEPTH:   0           7 = DUSTSTORM OR SANDSTORM:
                                                       VSBY 1/2 MILE OR LESS
                                                   8 = SMOKE OR HAZE
[NO. OF DAYS WITH]      [WEATHER - DAYS WITH]      9 = BLOWING SNOW
                                                   X = TORNADO
MAX 32 OR BELOW:   8    0.01 INCH OR MORE:   4
MAX 90 OR ABOVE:   0    0.10 INCH OR MORE:   3
MIN 32 OR BELOW:  18    0.50 INCH OR MORE:   1
MIN  0 OR BELOW:   1    1.00 INCH OR MORE:   0

[HDD (BASE 65) ]
TOTAL THIS MO.   793    CLEAR  (SCALE 0-3)   8
DPTR FM NORMAL    19    PTCLDY (SCALE 4-7)  10
TOTAL FM JUL 1  5432    CLOUDY (SCALE 8-10)  6
DPTR FM NORMAL  -982

[CDD (BASE 65) ]
TOTAL THIS MO.     0
DPTR FM NORMAL     0    [PRESSURE DATA]
TOTAL FM JAN 1     0    HIGHEST SLP M ON M
DPTR FM NORMAL     0    LOWEST  SLP M ON M

[REMARKS]
