000
CXUS56 KSLC 011228
CF6CDC
PRELIMINARY LOCAL CLIMATOLOGICAL DATA (WS FORM: F-6)

                                          STATION:   CEDAR CITY UT
                                          MONTH:     FEBRUARY
                                          YEAR:      2017
                                          LATITUDE:   37 42 N
                                          LONGITUDE: 113  6 W

  TEMPERATURE IN F:       :PCPN:    SNOW:  WIND      :SUNSHINE: SKY     :PK WND
================================================================================
1   2   3   4   5  6A  6B    7    8   9   10  11  12  13   14  15   16   17  18
                                     12Z  AVG MX 2MIN
DY MAX MIN AVG DEP HDD CDD  WTR  SNW DPTH SPD SPD DIR MIN PSBL S-S WX    SPD DR
================================================================================

 1  49  25  37   7  28   0 0.00  0.0    0  8.7 23 210   M    M   0        28 220
 2  50  31  41  10  24   0 0.00  0.0    0  9.3 21 220   M    M   3        25 230
 3  53  30  42  11  23   0 0.00  0.0    0 11.2 30 210   M    M   3        39 180
 4  51  31  41  10  24   0 0.00  0.0    0  8.1 21 220   M    M   0        26 220
 5  53  28  41  10  24   0 0.00  0.0    0  9.3 24 180   M    M   0        31 180
 6  51  38  45  14  20   0 0.00  0.0    0 18.5 36 200   M    M   1        45 200
 7  55  39  47  15  18   0    T    M    0 18.4 32 200   M    M   5        42 220
 8  61  36  49  17  16   0 0.00  0.0    0  8.0 16 210   M    M   2        22 210
 9  67  33  50  18  15   0 0.00  0.0    0 12.9 29 190   M    M   0        37 190
10  60  47  54  22  11   0    T    M    0 21.2 38 200   M    M   3        50 210
11  49  32  41   9  24   0 0.41    M    0  9.1 24 190   M    M  10 1      30 180
12  40  30  35   2  30   0 0.01    M    0  8.1 17  10   M    M  10 1      23  10
13  47  29  38   5  27   0 0.00  0.0    0  4.4 13 350   M    M   6        16 340
14  52  23  38   5  27   0 0.00  0.0    0  2.8 15 330   M    M   0        19 340
15  56  22  39   6  26   0 0.00  0.0    0  3.1 12 150   M    M   0        13 160
16  58  25  42   8  23   0    T    M    0  8.7 30 210   M    M   3        37 210
17  48  40  44  10  21   0    T    M    0 14.3 30 210   M    M   8        39 200
18  51  38  45  11  20   0    T    M    0  9.8 25 190   M    M  10        34 160
19  50  36  43   9  22   0    T    M    0 12.5 25 220   M    M   7        32 220
20  52  34  43   9  22   0 0.00  0.0    0 14.5 31 210   M    M   4        40 210
21  56  41  49  14  16   0 0.00  0.0    0 20.3 35 200   M    M   0        46 190
22  55  25  40   5  25   0 0.18    M    0 14.2 32 210   M    M   3 1      42 210
23  36  17  27  -8  38   0    T    M    0  6.7 21 260   M    M   5        26 260
24  35  18  27  -9  38   0 0.00  0.0    0  4.7 14 270   M    M   2        20 270
25  40  13  27  -9  38   0 0.00  0.0    0  5.0 15 210   M    M   5        21 210
26  46  16  31  -5  34   0    T    M    0 10.1 26 190   M    M   3        43 210
27  44  28  36   0  29   0 0.04    M    0 17.8 33 200   M    M   7 1      43 190
28  41  20  31  -6  34   0    T    M    0  5.0 17 290   M    M   4 1      22 300
================================================================================
SM 1406  825       697   0  0.64     0.0 296.7          M      104
================================================================================
AV 50.2 29.5                              10.6 FASTST   M    M   4    MAX(MPH)
                                 MISC ---->  # 38 200               # 50  210
================================================================================
NOTES:
# LAST OF SEVERAL OCCURRENCES

COLUMN 17 PEAK WIND IN M.P.H.

PRELIMINARY LOCAL CLIMATOLOGICAL DATA (WS FORM: F-6) , PAGE 2

                                          STATION:  CEDAR CITY UT
                                          MONTH:    FEBRUARY
                                          YEAR:     2017
                                          LATITUDE:   37 42 N
                                          LONGITUDE: 113  6 W

[TEMPERATURE DATA]      [PRECIPITATION DATA]       SYMBOLS USED IN COLUMN 16

AVERAGE MONTHLY: 39.8   TOTAL FOR MONTH:   0.64    1 = FOG OR MIST
DPTR FM NORMAL:   6.5   DPTR FM NORMAL:   -0.36    2 = FOG REDUCING VISIBILITY
HIGHEST:    67 ON  9    GRTST 24HR  0.42 ON 11-12      TO 1/4 MILE OR LESS
LOWEST:     13 ON 25                               3 = THUNDER
                        SNOW, ICE PELLETS, HAIL    4 = ICE PELLETS
                        TOTAL MONTH:   0.0 INCH    5 = HAIL
                        GRTST 24HR     0.0         6 = FREEZING RAIN OR DRIZZLE
                        GRTST DEPTH:   0           7 = DUSTSTORM OR SANDSTORM:
                                                       VSBY 1/2 MILE OR LESS
                                                   8 = SMOKE OR HAZE
[NO. OF DAYS WITH]      [WEATHER - DAYS WITH]      9 = BLOWING SNOW
                                                   X = TORNADO
MAX 32 OR BELOW:   0    0.01 INCH OR MORE:   4
MAX 90 OR ABOVE:   0    0.10 INCH OR MORE:   2
MIN 32 OR BELOW:  18    0.50 INCH OR MORE:   0
MIN  0 OR BELOW:   0    1.00 INCH OR MORE:   0

[HDD (BASE 65) ]
TOTAL THIS MO.   697    CLEAR  (SCALE 0-3)  14
DPTR FM NORMAL  -190    PTCLDY (SCALE 4-7)  11
TOTAL FM JUL 1  4021    CLOUDY (SCALE 8-10)  3
DPTR FM NORMAL  -541

[CDD (BASE 65) ]
TOTAL THIS MO.     0
DPTR FM NORMAL     0    [PRESSURE DATA]
TOTAL FM JAN 1     0    HIGHEST SLP 30.35 ON 12
DPTR FM NORMAL     0    LOWEST  SLP 29.47 ON 18

[REMARKS]
#FINAL-02-17#
