000
CXUS54 KLUB 240755
CF6CDS
PRELIMINARY LOCAL CLIMATOLOGICAL DATA (WS FORM: F-6)

                                          STATION:   CHILDRESS
                                          MONTH:     APRIL
                                          YEAR:      2017
                                          LATITUDE:   34 25 N
                                          LONGITUDE: 100 17 W

  TEMPERATURE IN F:       :PCPN:    SNOW:  WIND      :SUNSHINE: SKY     :PK WND
================================================================================
1   2   3   4   5  6A  6B    7    8   9   10  11  12  13   14  15   16   17  18
                                     12Z  AVG MX 2MIN
DY MAX MIN AVG DEP HDD CDD  WTR  SNW DPTH SPD SPD DIR MIN PSBL S-S WX    SPD DR
================================================================================

 1  53  48  51  -7  14   0    T  0.0    0 16.6 23 360   M    M   8 18     27 360
 2  52  47  50  -8  15   0 0.44  0.0    0  9.5 21 360   M    M   9 13     24 360
 3  78  43  61   2   4   0 0.00  0.0    0  7.5 16 130   M    M   0 1      19 140
 4  63  44  54  -5  11   0    T  0.0    0 15.2 31 340   M    M   5        41 330
 5  66  42  54  -5  11   0 0.00  0.0    0 15.4 29 330   M    M   0        36 360
 6  74  41  58  -2   7   0 0.00  0.0    0  7.0 15 200   M    M   0        20 200
 7  80  46  63   3   2   0 0.00  0.0    0 15.3 30 180   M    M   0        37 180
 8  96  57  77  17   0  12 0.00  0.0    0 14.4 26 210   M    M   0        35 200
 9  94  63  79  19   0  14 0.00  0.0    0 15.9 36 230   M    M   0 8      43 230
10  74  53  64   3   1   0 0.00  0.0    0 10.7 28  10   M    M   0        32  10
11  75  44  60  -1   5   0 0.00  0.0    0  7.7 14 130   M    M   0        19 130
12  71  51  61   0   4   0    T  0.0    0 10.6 17 150   M    M   6        23 140
13  67  59  63   1   2   0 0.84  0.0    0  8.3 17 140   M    M   8 13     23 140
14  79  59  69   7   0   4 0.07  0.0    0 13.2 28 360   M    M   6 3      33 170
15  82  61  72  10   0   7 0.17  0.0    0 14.7 29 150   M    M   5 13     34 150
16  82  60  71   9   0   6 0.19  0.0    0 11.4 32 300   M    M   4 13     37 300
17  84  59  72   9   0   7 0.09  0.0    0 12.1 43 360   M    M   1 13     47 360
18  84  56  70   7   0   5 0.00  0.0    0 10.9 21 160   M    M   4 12     26 170
19  87  58  73  10   0   8 0.00  0.0    0 16.5 26 180   M    M   1 1      34 190
20  73  62  68   4   0   3 0.05  0.0    0 12.3 24  50   M    M   5 3      34  20
21  69  52  61  -3   4   0 0.01  0.0    0 12.3 28  20   M    M   9 1      35  10
22  66  47  57  -7   8   0 0.00  0.0    0 16.2 28  10   M    M   4        34  20
23  73  41  57  -7   8   0 0.00  0.0    0  7.6 14 140   M    M   0        19 180
================================================================================
SM 1722 1193        96  66  1.86     0.0 281.3          M       75
================================================================================
AV 74.9 51.9                              12.2 FASTST   M    M   3    MAX(MPH)
                                 MISC ---->  # 43 360               # 47  360
================================================================================
NOTES:
# LAST OF SEVERAL OCCURRENCES

COLUMN 17 PEAK WIND IN M.P.H.

PRELIMINARY LOCAL CLIMATOLOGICAL DATA (WS FORM: F-6) , PAGE 2

                                          STATION:  CHILDRESS
                                          MONTH:    APRIL
                                          YEAR:     2017
                                          LATITUDE:   34 25 N
                                          LONGITUDE: 100 17 W

[TEMPERATURE DATA]      [PRECIPITATION DATA]       SYMBOLS USED IN COLUMN 16

AVERAGE MONTHLY: 63.4   TOTAL FOR MONTH:   1.86    1 = FOG OR MIST
DPTR FM NORMAL:   2.1   DPTR FM NORMAL:    0.35    2 = FOG REDUCING VISIBILITY
HIGHEST:    96 ON  8    GRTST 24HR  0.84 ON 13-13      TO 1/4 MILE OR LESS
LOWEST:     41 ON 23, 6                            3 = THUNDER
                        SNOW, ICE PELLETS, HAIL    4 = ICE PELLETS
                        TOTAL MONTH:   0.0 INCH    5 = HAIL
                        GRTST 24HR     0.0         6 = FREEZING RAIN OR DRIZZLE
                        GRTST DEPTH:   0           7 = DUSTSTORM OR SANDSTORM:
                                                       VSBY 1/2 MILE OR LESS
                                                   8 = SMOKE OR HAZE
[NO. OF DAYS WITH]      [WEATHER - DAYS WITH]      9 = BLOWING SNOW
                                                   X = TORNADO
MAX 32 OR BELOW:   0    0.01 INCH OR MORE:   8
MAX 90 OR ABOVE:   2    0.10 INCH OR MORE:   4
MIN 32 OR BELOW:   0    0.50 INCH OR MORE:   1
MIN  0 OR BELOW:   0    1.00 INCH OR MORE:   0

[HDD (BASE 65) ]
TOTAL THIS MO.    96    CLEAR  (SCALE 0-3)  11
DPTR FM NORMAL   -37    PTCLDY (SCALE 4-7)   9
TOTAL FM JUL 1  2267    CLOUDY (SCALE 8-10)  3
DPTR FM NORMAL  -801

[CDD (BASE 65) ]
TOTAL THIS MO.    66
DPTR FM NORMAL    19    [PRESSURE DATA]
TOTAL FM JAN 1   139    HIGHEST SLP M ON M
DPTR FM NORMAL    73    LOWEST  SLP 29.55 ON  9

[REMARKS]
