000
CXUS54 KMRX 291000
CF6CHA
PRELIMINARY LOCAL CLIMATOLOGICAL DATA (WS FORM: F-6)

                                          STATION:   CHATTANOOGA  ASOS
                                          MONTH:     MARCH
                                          YEAR:      2015
                                          LATITUDE:   35  1 N
                                          LONGITUDE:  85 12 W

  TEMPERATURE IN F:       :PCPN:    SNOW:  WIND      :SUNSHINE: SKY     :PK WND
================================================================================
1   2   3   4   5  6A  6B    7    8   9   10  11  12  13   14  15   16   17  18
                                     12Z  AVG MX 2MIN
DY MAX MIN AVG DEP HDD CDD  WTR  SNW DPTH SPD SPD DIR MIN PSBL S-S WX    SPD DR
================================================================================

 1  50  42  46  -2  19   0 0.04  0.0    0  6.2 18 170   M    M  10 18     26 180
 2  55  45  50   2  15   0 0.12  0.0    0  7.4 18 360   M    M   8 1      21 360
 3  55  43  49   0  16   0 0.25  0.0    0  3.5 12 190   M    M   9 18     14 200
 4  74  48  61  12   4   0 0.25  0.0    0 10.5 25 190   M    M   9 18     35 190
 5  48  24  36 -13  29   0 0.76    M    0 13.8 22 360   M    M   9 1      28 360
 6  45  22  34 -15  31   0 0.00  0.0    0  7.5 17  10   M    M   4        21  20
 7  62  25  44  -6  21   0 0.00  0.0    0  2.9 17 240   M    M   0        22 250
 8  70  30  50   0  15   0    T    M    0  3.1 22 210   M    M   5        29 190
 9  60  46  53   3  12   0 0.26  0.0    0  2.7 10  10   M    M   M 1      12  10
10  68  52  60  10   5   0 0.26  0.0    0  3.0 13 180   M    M  10 1      19 200
11  72  59  66  15   0   1 0.48  0.0    0  3.4 13  10   M    M   8 1      14  10
12  71  55  63  12   2   0 0.05  0.0    0  6.3 14  10   M    M   8        17 130
13  60  50  55   4  10   0 0.21  0.0    0  4.6 12 150   M    M  10 18     18 160
14  63  51  57   5   8   0 0.16  0.0    0  3.2  9 190   M    M  10 1      12 220
15  75  48  62  10   3   0 0.00  0.0    0  4.9 16 360   M    M   4 1      21  10
16  81  40  61   9   4   0 0.00  0.0    0  2.4 13 220   M    M   3 1      15 220
17  81  50  66  14   0   1 0.00  0.0    0  7.7 22 360   M    M   5        27 330
18  62  49  56   3   9   0 0.00  0.0    0 11.5 17  10   M    M   7        22  10
19  54  45  50  -3  15   0 0.41  0.0    0  6.4 12  10   M    M  10 1      16  20
20  60  48  54   1  11   0 0.02  0.0    0  4.9 12 350   M    M  10 18     15 360
21  69  50  60   6   5   0 0.00  0.0    0  5.3 14 360   M    M   9        20  50
22  63  52  58   4   7   0 0.25  0.0    0  4.2 14  10   M    M   7 1      17  20
23  74  47  61   7   4   0 0.04  0.0    0  2.9 13  10   M    M   4 1      16  20
24  76  47  62   8   3   0 0.00  0.0    0  3.0 12 170   M    M   4 1      15 200
25  78  52  65  10   0   0 0.00  0.0    0  6.4 15 220   M    M   4        26 220
26  77  49  63   8   2   0    T  0.0    0 11.2 23 340   M    M   9        30 350
27  56  40  48  -7  17   0 0.03  0.0    0 12.8 24 320   M    M   M        28 330
28  53  32  43 -13  22   0 0.00  0.0    0  9.8 20 350   M    M   M        25 320
================================================================================
SM 1812 1241       289   2  3.59     0.0 171.5          M      176
================================================================================
AV 64.7 44.3                               6.1 FASTST   M    M   7    MAX(MPH)
                                 MISC ---->  # 25 190               # 35  190
================================================================================
NOTES:
# LAST OF SEVERAL OCCURRENCES

COLUMN 17 PEAK WIND IN M.P.H.

PRELIMINARY LOCAL CLIMATOLOGICAL DATA (WS FORM: F-6) , PAGE 2

                                          STATION:  CHATTANOOGA  ASOS
                                          MONTH:    MARCH
                                          YEAR:     2015
                                          LATITUDE:   35  1 N
                                          LONGITUDE:  85 12 W

[TEMPERATURE DATA]      [PRECIPITATION DATA]       SYMBOLS USED IN COLUMN 16

AVERAGE MONTHLY: 54.5   TOTAL FOR MONTH:   3.59    1 = FOG OR MIST
DPTR FM NORMAL:   2.8   DPTR FM NORMAL:   -0.91    2 = FOG REDUCING VISIBILITY
HIGHEST:    81 ON 17,16 GRTST 24HR  0.76 ON  5- 5      TO 1/4 MILE OR LESS
LOWEST:     22 ON  6                               3 = THUNDER
                        SNOW, ICE PELLETS, HAIL    4 = ICE PELLETS
                        TOTAL MONTH:   0.0 INCH    5 = HAIL
                        GRTST 24HR     0.0         6 = FREEZING RAIN OR DRIZZLE
                        GRTST DEPTH:   0           7 = DUSTSTORM OR SANDSTORM:
                                                       VSBY 1/2 MILE OR LESS
                                                   8 = SMOKE OR HAZE
[NO. OF DAYS WITH]      [WEATHER - DAYS WITH]      9 = BLOWING SNOW
                                                   X = TORNADO
MAX 32 OR BELOW:   0    0.01 INCH OR MORE:  16
MAX 90 OR ABOVE:   0    0.10 INCH OR MORE:  11
MIN 32 OR BELOW:   5    0.50 INCH OR MORE:   1
MIN  0 OR BELOW:   0    1.00 INCH OR MORE:   0

[HDD (BASE 65) ]
TOTAL THIS MO.   289    CLEAR  (SCALE 0-3)   2
DPTR FM NORMAL   -86    PTCLDY (SCALE 4-7)  11
TOTAL FM JUL 1  3122    CLOUDY (SCALE 8-10) 12
DPTR FM NORMAL   125

[CDD (BASE 65) ]
TOTAL THIS MO.     2
DPTR FM NORMAL     2    [PRESSURE DATA]
TOTAL FM JAN 1     2    HIGHEST SLP M ON M
DPTR FM NORMAL     2    LOWEST  SLP 29.71 ON 26

[REMARKS]
