000
CXUS52 KCHS 250715
CF6CHS
PRELIMINARY LOCAL CLIMATOLOGICAL DATA (WS FORM: F-6)

                                          STATION:   NORTH CHARLESTON SC
                                          MONTH:     APRIL
                                          YEAR:      2017
                                          LATITUDE:   32 54 N
                                          LONGITUDE:  80  2 W

  TEMPERATURE IN F:       :PCPN:    SNOW:  WIND      :SUNSHINE: SKY     :PK WND
================================================================================
1   2   3   4   5  6A  6B    7    8   9   10  11  12  13   14  15   16   17  18
                                     12Z  AVG MX 2MIN
DY MAX MIN AVG DEP HDD CDD  WTR  SNW DPTH SPD SPD DIR MIN PSBL S-S WX    SPD DR
================================================================================

 1  83  54  69   7   0   4 0.00  0.0    0  6.5 17 160   M    M   0        19 160
 2  76  53  65   3   0   0 0.00  0.0    0 10.0 18 120   M    M   2        23 130
 3  80  61  71   9   0   6 0.63  0.0    0 12.7 28 160   M    M   7 13     35 160
 4  84  63  74  12   0   9 0.00  0.0    0  8.8 16 220   M    M   4         M  M
 5  81  65  73  11   0   8 1.32    T    0  8.4 21 190   M    M   8 135    28 200
 6  72  54  63   0   2   0 1.14  0.0    0 15.6 30 250   M    M   5 13     44 250
 7  69  50  60  -3   5   0 0.00  0.0    0 13.2 26 300   M    M   1        35 310
 8  70  43  57  -6   8   0 0.00  0.0    0  6.4 15 160   M    M   2        18  40
 9  74  42  58  -5   7   0 0.00  0.0    0  4.5 16 160   M    M   1        23 100
10  78  50  64   0   1   0 0.00  0.0    0  6.5 17 140   M    M   3 1      23 130
11  79  53  66   2   0   1 0.00  0.0    0  6.0 18 150   M    M   4 1      21 140
12  81  54  68   4   0   3 0.00  0.0    0  3.3 15 150   M    M   5 1      19 150
13  82  56  69   5   0   4 0.00  0.0    0  4.4 15 150   M    M   4 1      18 160
14  82  58  70   6   0   5 0.00  0.0    0  5.8 14 110   M    M   3 1      22 140
15  82  58  70   5   0   5 0.00  0.0    0  6.4 17 170   M    M   3 1      21 150
16  80  60  70   5   0   5 0.00  0.0    0  6.6 16 190   M    M   3 1      20 190
17  84  56  70   5   0   5 0.00  0.0    0  6.4 16 200   M    M   2 1      20 190
18  86  63  75  10   0  10 0.81    T    0  5.5 32 110   M    M   6 135    41 110
19  82  63  73   7   0   8 0.50  0.0    0  4.6 16 150   M    M   7 13     18 140
20  85  61  73   7   0   8 0.00  0.0    0  5.2 16 200   M    M   5 12     18 200
21  86  63  75   9   0  10 0.00  0.0    0  8.6 18 190   M    M   1 1      23 170
22  87  66  77  11   0  12 0.00  0.0    0 10.8 20 190   M    M   2        25 180
23  84  70  77  11   0  12 0.00  0.0    0 12.7 22 160   M    M   4        26 150
24  79  59  69   2   0   4 1.82  0.0    0  8.1 26 170   M    M   7 138    33 160
================================================================================
SM 1926 1375        23 119  6.22    T    187.0          M       89
================================================================================
AV 80.3 57.3                               7.8 FASTST   M    M   4    MAX(MPH)
                                 MISC ---->  # 32 110               # 44  250
================================================================================
NOTES:
# LAST OF SEVERAL OCCURRENCES

COLUMN 17 PEAK WIND IN M.P.H.

PRELIMINARY LOCAL CLIMATOLOGICAL DATA (WS FORM: F-6) , PAGE 2

                                          STATION:  NORTH CHARLESTON SC
                                          MONTH:    APRIL
                                          YEAR:     2017
                                          LATITUDE:   32 54 N
                                          LONGITUDE:  80  2 W

[TEMPERATURE DATA]      [PRECIPITATION DATA]       SYMBOLS USED IN COLUMN 16

AVERAGE MONTHLY: 68.8   TOTAL FOR MONTH:   6.22    1 = FOG OR MIST
DPTR FM NORMAL:   4.6   DPTR FM NORMAL:    3.87    2 = FOG REDUCING VISIBILITY
HIGHEST:    87 ON 22    GRTST 24HR  1.82 ON 24-24      TO 1/4 MILE OR LESS
LOWEST:     42 ON  9                               3 = THUNDER
                        SNOW, ICE PELLETS, HAIL    4 = ICE PELLETS
                        TOTAL MONTH:    T          5 = HAIL
                        GRTST 24HR    T  ON 18-18  6 = FREEZING RAIN OR DRIZZLE
                        GRTST DEPTH:   0           7 = DUSTSTORM OR SANDSTORM:
                                                       VSBY 1/2 MILE OR LESS
                                                   8 = SMOKE OR HAZE
[NO. OF DAYS WITH]      [WEATHER - DAYS WITH]      9 = BLOWING SNOW
                                                   X = TORNADO
MAX 32 OR BELOW:   0    0.01 INCH OR MORE:   6
MAX 90 OR ABOVE:   0    0.10 INCH OR MORE:   6
MIN 32 OR BELOW:   0    0.50 INCH OR MORE:   6
MIN  0 OR BELOW:   0    1.00 INCH OR MORE:   3

[HDD (BASE 65) ]
TOTAL THIS MO.    23    CLEAR  (SCALE 0-3)  12
DPTR FM NORMAL   -57    PTCLDY (SCALE 4-7)  12
TOTAL FM JUL 1  1225    CLOUDY (SCALE 8-10)  0
DPTR FM NORMAL  -730

[CDD (BASE 65) ]
TOTAL THIS MO.   119
DPTR FM NORMAL    59    [PRESSURE DATA]
TOTAL FM JAN 1   213    HIGHEST SLP M ON M
DPTR FM NORMAL   119    LOWEST  SLP 29.58 ON 24

[REMARKS]
