000
CXUS51 KCLE 211004
CF6CLE
PRELIMINARY LOCAL CLIMATOLOGICAL DATA (WS FORM: F-6)

                                          STATION:   CLEVELAND OH
                                          MONTH:     APRIL
                                          YEAR:      2014
                                          LATITUDE:   41 24 N
                                          LONGITUDE:  81 51 W

  TEMPERATURE IN F:       :PCPN:    SNOW:  WIND      :SUNSHINE: SKY     :PK WND
================================================================================
1   2   3   4   5  6A  6B    7    8   9   10  11  12  13   14  15   16   17  18
                                     12Z  AVG MX 2MIN
DY MAX MIN AVG DEP HDD CDD  WTR  SNW DPTH SPD SPD DIR MIN PSBL S-S WX    SPD DR
================================================================================

 1  71  47  59  15   6   0 0.01  0.0    0 16.5 37 250   M    M   6        50 250
 2  53  39  46   1  19   0 0.00  0.0    0  6.9 21 320   M    M   9        26 310
 3  48  37  43  -2  22   0 1.05  0.0    0  9.5 18  70   M    M  10 1      23  70
 4  65  39  52   7  13   0 0.35  0.0    0 15.0 37 270   M    M   9 128    49 270
 5  46  33  40  -6  25   0 0.00  0.0    0 14.3 28 280   M    M   6        37 250
 6  54  28  41  -5  24   0 0.00  0.0    0  4.9 14  20   M    M   4        17  10
 7  57  37  47   0  18   0 0.61  0.0    0  8.3 21  80   M    M  10 1      26  90
 8  57  38  48   1  17   0 0.27  0.0    0 10.8 20 300   M    M   6 1      27 280
 9  52  40  46  -1  19   0    T  0.0    0  8.3 15 330   M    M   4        23 290
10  72  43  58  10   7   0 0.32  0.0    0 16.7 33 200   M    M   5 1      45 200
11  62  48  55   7  10   0 0.10  0.0    0  5.8 15 320   M    M   6 1      19 310
12  74  47  61  13   4   0 0.00  0.0    0 10.1 23 160   M    M   4        27 190
13  79  63  71  22   0   6 0.00  0.0    0 15.1 28 230   M    M   7        35 200
14  73  41  57   8   8   0 0.45  0.0    0 16.4 33 200   M    M  10 1      48 210
15  41  31  36 -14  29   0 0.36  1.3    1 13.6 22 310   M    M   9 14     27 360
16  43  25  34 -16  31   0 0.00  0.0    T  7.1 17  40   M    M   4        21 350
17  66  39  53   3  12   0 0.00  0.0    0 12.0 21 180   M    M   6        30 170
18  66  46  56   5   9   0 0.00  0.0    0  8.9 16  40   M    M   7        20  40
19  52  38  45  -6  20   0 0.00  0.0    0 11.2 21  20   M    M   0        24  30
20  76  36  56   4   9   0 0.00  0.0    0  6.1 14 240   M    M   3        19 160
================================================================================
SM 1207  795       302   6  3.52     1.3 217.5          M      125
================================================================================
AV 60.3 39.8                              10.9 FASTST   M    M   6    MAX(MPH)
                                 MISC ---->  # 37 250               # 50  250
================================================================================
NOTES:
# LAST OF SEVERAL OCCURRENCES

COLUMN 17 PEAK WIND IN M.P.H.

PRELIMINARY LOCAL CLIMATOLOGICAL DATA (WS FORM: F-6) , PAGE 2

                                          STATION:  CLEVELAND OH
                                          MONTH:    APRIL
                                          YEAR:     2014
                                          LATITUDE:   41 24 N
                                          LONGITUDE:  81 51 W

[TEMPERATURE DATA]      [PRECIPITATION DATA]       SYMBOLS USED IN COLUMN 16

AVERAGE MONTHLY: 50.0   TOTAL FOR MONTH:   3.52    1 = FOG OR MIST
DPTR FM NORMAL:   2.1   DPTR FM NORMAL:    1.11    2 = FOG REDUCING VISIBILITY
HIGHEST:    79 ON 13    GRTST 24HR  1.20 ON  3- 4      TO 1/4 MILE OR LESS
LOWEST:     25 ON 16                               3 = THUNDER
                        SNOW, ICE PELLETS, HAIL    4 = ICE PELLETS
                        TOTAL MONTH:   1.3 INCHES  5 = HAIL
                        GRTST 24HR   1.3 ON   M    6 = FREEZING RAIN OR DRIZZLE
                        GRTST DEPTH:   1 ON 15     7 = DUSTSTORM OR SANDSTORM:
                                                       VSBY 1/2 MILE OR LESS
                                                   8 = SMOKE OR HAZE
[NO. OF DAYS WITH]      [WEATHER - DAYS WITH]      9 = BLOWING SNOW
                                                   X = TORNADO
MAX 32 OR BELOW:   0    0.01 INCH OR MORE:   9
MAX 90 OR ABOVE:   0    0.10 INCH OR MORE:   8
MIN 32 OR BELOW:   3    0.50 INCH OR MORE:   2
MIN  0 OR BELOW:   0    1.00 INCH OR MORE:   1

[HDD (BASE 65) ]
TOTAL THIS MO.   302    CLEAR  (SCALE 0-3)   1
DPTR FM NORMAL   -45    PTCLDY (SCALE 4-7)  13
TOTAL FM JUL 1  5992    CLOUDY (SCALE 8-10)  6
DPTR FM NORMAL   602

[CDD (BASE 65) ]
TOTAL THIS MO.     6
DPTR FM NORMAL     6    [PRESSURE DATA]
TOTAL FM JAN 1     6    HIGHEST SLP M ON M
DPTR FM NORMAL     5    LOWEST  SLP 29.33 ON  8

[REMARKS]
