000
CXUS52 KGSP 280817
CF6CLT
PRELIMINARY LOCAL CLIMATOLOGICAL DATA (WS FORM: F-6)

                                          STATION:   CHARLOTTE NC
                                          MONTH:     MARCH
                                          YEAR:      2015
                                          LATITUDE:   35 12 N
                                          LONGITUDE:  80 57 W

  TEMPERATURE IN F:       :PCPN:    SNOW:  WIND      :SUNSHINE: SKY     :PK WND
================================================================================
1   2   3   4   5  6A  6B    7    8   9   10  11  12  13   14  15   16   17  18
                                     12Z  AVG MX 2MIN
DY MAX MIN AVG DEP HDD CDD  WTR  SNW DPTH SPD SPD DIR MIN PSBL S-S WX    SPD DR
================================================================================

 1  40  31  36 -11  29   0 0.16  0.0    0  5.3 12  20   M    M  10 168    16  60
 2  70  39  55   8  10   0    T  0.0    0  5.5 14  50   M    M   8 12     21  50
 3  51  40  46  -2  19   0 0.06  0.0    0  5.5 15  60   M    M  10 18     18 100
 4  69  42  56   8   9   0    T  0.0    0 11.5 28 210   M    M   8 12     36 190
 5  68  36  52   4  13   0 0.54  0.0    0 12.9 36  10   M    M  10 1      46  10
 6  44  25  35 -13  30   0 0.00  0.0    0  7.1 20  20   M    M   3        24  20
 7  61  23  42  -7  23   0 0.00  0.0    0  5.1 16 220   M    M   0        21 230
 8  71  32  52   3  13   0 0.00  0.0    0  4.5 15 220   M    M   5        21 200
 9  65  51  58   9   7   0 0.01  0.0    0  4.3 10 270   M    M  10        14 280
10  78  53  66  16   0   1    T  0.0    0  5.4 17 190   M    M   9        23 210
11  83  58  71  21   0   6 0.15  0.0    0  7.5 24 310   M    M   8 1      31 310
12  70  51  61  11   4   0 0.00  0.0    0  9.0 15 100   M    M   7 1      28  80
13  58  42  50   0  15   0 0.19  0.0    0  8.1 13  70   M    M  10 1      24  60
14  64  41  53   2  12   0 0.35  0.0    0  6.1 16 230   M    M   8 1      21 230
15  76  49  63  12   2   0 0.00  0.0    0  5.7 14 340   M    M   5 1      18 340
16  81  43  62  11   3   0 0.00  0.0    0  3.7 15 220   M    M   7        18 260
17  84  41  63  11   2   0 0.00  0.0    0  7.6 23 340   M    M   5        29 340
18  61  47  54   2  11   0 0.00  0.0    0  6.7 13  80   M    M   8        20 350
19  55  42  49  -3  16   0 0.21  0.0    0  7.4 14  40   M    M  10 1      24  50
20  58  42  50  -2  15   0    T  0.0    0  3.5 10  10   M    M   9 1      14  60
21  71  40  56   3   9   0 0.00  0.0    0  1.6  7 210   M    M   7 1       9 210
22  70  54  62   9   3   0 0.01  0.0    0  3.6 10 200   M    M  10        13 200
23  65  51  58   5   7   0    T  0.0    0  6.5 17  50   M    M   6        32  10
24  72  45  59   6   6   0 0.00  0.0    0  5.7 12 180   M    M   4        15 180
25  69  54  62   8   3   0 0.01  0.0    0  6.5 13  90   M    M   9        17  90
26  74  56  65  11   0   0 0.00  0.0    0  8.4 22 200   M    M   9        26 220
27  65  43  54   0  11   0 0.24  0.0    0  7.9 18  20   M    M  10 1      25  20
================================================================================
SM 1793 1171       272   7  1.93     0.0 172.6          M      205
================================================================================
AV 66.4 43.4                               6.4 FASTST   M    M   8    MAX(MPH)
                                 MISC ---->  # 36  10               # 46   10
================================================================================
NOTES:
# LAST OF SEVERAL OCCURRENCES

COLUMN 17 PEAK WIND IN M.P.H.

PRELIMINARY LOCAL CLIMATOLOGICAL DATA (WS FORM: F-6) , PAGE 2

                                          STATION:  CHARLOTTE NC
                                          MONTH:    MARCH
                                          YEAR:     2015
                                          LATITUDE:   35 12 N
                                          LONGITUDE:  80 57 W

[TEMPERATURE DATA]      [PRECIPITATION DATA]       SYMBOLS USED IN COLUMN 16

AVERAGE MONTHLY: 54.9   TOTAL FOR MONTH:   1.93    1 = FOG OR MIST
DPTR FM NORMAL:   4.2   DPTR FM NORMAL:   -1.58    2 = FOG REDUCING VISIBILITY
HIGHEST:    84 ON 17    GRTST 24HR  0.54 ON  5- 5      TO 1/4 MILE OR LESS
LOWEST:     23 ON  7                               3 = THUNDER
                        SNOW, ICE PELLETS, HAIL    4 = ICE PELLETS
                        TOTAL MONTH:   0.0 INCH    5 = HAIL
                        GRTST 24HR     0.0         6 = FREEZING RAIN OR DRIZZLE
                        GRTST DEPTH:   0           7 = DUSTSTORM OR SANDSTORM:
                                                       VSBY 1/2 MILE OR LESS
                                                   8 = SMOKE OR HAZE
[NO. OF DAYS WITH]      [WEATHER - DAYS WITH]      9 = BLOWING SNOW
                                                   X = TORNADO
MAX 32 OR BELOW:   0    0.01 INCH OR MORE:  11
MAX 90 OR ABOVE:   0    0.10 INCH OR MORE:   7
MIN 32 OR BELOW:   4    0.50 INCH OR MORE:   1
MIN  0 OR BELOW:   0    1.00 INCH OR MORE:   0

[HDD (BASE 65) ]
TOTAL THIS MO.   272    CLEAR  (SCALE 0-3)   2
DPTR FM NORMAL  -120    PTCLDY (SCALE 4-7)  11
TOTAL FM JUL 1  3043    CLOUDY (SCALE 8-10) 14
DPTR FM NORMAL   -48

[CDD (BASE 65) ]
TOTAL THIS MO.     7
DPTR FM NORMAL     7    [PRESSURE DATA]
TOTAL FM JAN 1     7    HIGHEST SLP  0.00 ON 18
DPTR FM NORMAL     7    LOWEST  SLP  0.00 ON 18

[REMARKS]
