000
CXUS55 KLOX 231655
CF6CMA
PRELIMINARY LOCAL CLIMATOLOGICAL DATA (WS FORM: F-6)

                                          STATION:   CAMARILLO AIRPORT CA
                                          MONTH:     JULY
                                          YEAR:      2016
                                          LATITUDE:   34 12 N
                                          LONGITUDE: 119  6 W

  TEMPERATURE IN F:       :PCPN:    SNOW:  WIND      :SUNSHINE: SKY     :PK WND
================================================================================
1   2   3   4   5  6A  6B    7    8   9   10  11  12  13   14  15   16   17  18
                                     12Z  AVG MX 2MIN
DY MAX MIN AVG DEP HDD CDD  WTR  SNW DPTH SPD SPD DIR MIN PSBL S-S WX    SPD DR
================================================================================

 1  76  59  68   2   0   3 0.00  0.0    0  5.3 15 230   M    M   7 18     22 260
 2  76  62  69   3   0   4 0.00  0.0    0  5.7 17 210   M    M   3 8      22 210
 3  74  63  69   3   0   4 0.00  0.0    0  5.8 14 220   M    M   5        19 240
 4  75  63  69   3   0   4 0.00  0.0    0  7.2 15 250   M    M   6        20 260
 5  75  63  69   3   0   4 0.00  0.0    0  5.9 15 240   M    M   8        20 240
 6  74  61  68   2   0   3 0.00  0.0    0  5.5 15 220   M    M   5        24 150
 7  77  60  69   2   0   4 0.00  0.0    0  4.7 16 260   M    M   4 8      20 260
 8  77  60  69   2   0   4 0.00  0.0    0  5.2 15 260   M    M   3 1       M  M
 9  78  59  69   2   0   4 0.00  0.0    0  6.0 16 220   M    M   3 1      21 230
10  78  60  69   2   0   4 0.00  0.0    0  4.8 14 230   M    M   1        19 230
11  79  57  68   1   0   3 0.00  0.0    0  6.2 15 260   M    M   0        21 240
12  77  59  68   1   0   3 0.00  0.0    0  5.5 15 260   M    M   2 18     19 260
13  79  58  69   2   0   4 0.00  0.0    0  5.6 14 260   M    M   0 18     19 250
14  76  62  69   2   0   4 0.00  0.0    0  5.9 16 230   M    M   5 18     21 240
15  77  63  70   3   0   5 0.00  0.0    0  5.6 16 230   M    M   6 18     22 230
16  76  63  70   3   0   5 0.00  0.0    0  6.2 14 270   M    M   5 8      18 230
17  75  63  69   2   0   4 0.00  0.0    0  6.0 15 230   M    M   5        22 210
18  78  63  71   4   0   6 0.00  0.0    0  5.5 15 270   M    M   4 8      19 250
19  80  58  69   2   0   4 0.00  0.0    0  5.3 14 260   M    M   0        19 260
20  84  58  71   4   0   6 0.00  0.0    0  5.6 14 260   M    M   0        18 250
21  85  58  72   5   0   7 0.00  0.0    0  4.9 14 270   M    M   0 8      17 270
22  88  62  75   8   0  10 0.00  0.0    0  4.3 13 280   M    M   0        16 260
================================================================================
SM 1714 1334         0  99  0.00     0.0 122.8          M       72
================================================================================
AV 77.9 60.6                               5.6 FASTST   M    M   3    MAX(MPH)
                                 MISC ---->  # 17 210               # 24  150
================================================================================
NOTES:
# LAST OF SEVERAL OCCURRENCES

COLUMN 17 PEAK WIND IN M.P.H.

PRELIMINARY LOCAL CLIMATOLOGICAL DATA (WS FORM: F-6) , PAGE 2

                                          STATION:  CAMARILLO AIRPORT CA
                                          MONTH:    JULY
                                          YEAR:     2016
                                          LATITUDE:   34 12 N
                                          LONGITUDE: 119  6 W

[TEMPERATURE DATA]      [PRECIPITATION DATA]       SYMBOLS USED IN COLUMN 16

AVERAGE MONTHLY: 69.3   TOTAL FOR MONTH:   0.00    1 = FOG OR MIST
DPTR FM NORMAL:   2.5   DPTR FM NORMAL:   -0.02    2 = FOG REDUCING VISIBILITY
HIGHEST:    88 ON 22    GRTST 24HR  0.00 ON 22-22      TO 1/4 MILE OR LESS
LOWEST:     57 ON 11                               3 = THUNDER
                        SNOW, ICE PELLETS, HAIL    4 = ICE PELLETS
                        TOTAL MONTH:   0.0 INCH    5 = HAIL
                        GRTST 24HR     0.0         6 = FREEZING RAIN OR DRIZZLE
                        GRTST DEPTH:   0           7 = DUSTSTORM OR SANDSTORM:
                                                       VSBY 1/2 MILE OR LESS
                                                   8 = SMOKE OR HAZE
[NO. OF DAYS WITH]      [WEATHER - DAYS WITH]      9 = BLOWING SNOW
                                                   X = TORNADO
MAX 32 OR BELOW:   0    0.01 INCH OR MORE:   0
MAX 90 OR ABOVE:   0    0.10 INCH OR MORE:   0
MIN 32 OR BELOW:   0    0.50 INCH OR MORE:   0
MIN  0 OR BELOW:   0    1.00 INCH OR MORE:   0

[HDD (BASE 65) ]
TOTAL THIS MO.     0    CLEAR  (SCALE 0-3)   9
DPTR FM NORMAL    -1    PTCLDY (SCALE 4-7)  13
TOTAL FM JUL 1     0    CLOUDY (SCALE 8-10)  0
DPTR FM NORMAL    -1

[CDD (BASE 65) ]
TOTAL THIS MO.    99
DPTR FM NORMAL    50    [PRESSURE DATA]
TOTAL FM JAN 1   239    HIGHEST SLP M ON M
DPTR FM NORMAL   136    LOWEST  SLP 29.78 ON M

[REMARKS]
