000
CXUS51 KILN 250612
CF6CMH
PRELIMINARY LOCAL CLIMATOLOGICAL DATA (WS FORM: F-6)

                                          STATION:   COLUMBUS OH
                                          MONTH:     JUNE
                                          YEAR:      2017
                                          LATITUDE:   40  0 N
                                          LONGITUDE:  82 53 W

  TEMPERATURE IN F:       :PCPN:    SNOW:  WIND      :SUNSHINE: SKY     :PK WND
================================================================================
1   2   3   4   5  6A  6B    7    8   9   10  11  12  13   14  15   16   17  18
                                     12Z  AVG MX 2MIN
DY MAX MIN AVG DEP HDD CDD  WTR  SNW DPTH SPD SPD DIR MIN PSBL S-S WX    SPD DR
================================================================================

 1  78  51  65  -2   0   0 0.00  0.0    0  3.9 17 290   M    M   1        22 280
 2  82  53  68   0   0   3 0.00  0.0    0  2.4 12 330   M    M   1 8      15 330
 3  86  54  70   2   0   5 0.00  0.0    0  3.8 13  30   M    M   2        17 330
 4  89  65  77   9   0  12 0.27  0.0    0  7.5 25 320   M    M   7 13     30 310
 5  83  59  71   2   0   6 0.72  0.0    0  6.9 20 360   M    M   7 123    24 340
 6  73  54  64  -5   1   0 0.00  0.0    0  9.6 21  30   M    M   4        24  30
 7  66  56  61  -8   4   0 0.00  0.0    0  8.9 17  30   M    M   8        22  10
 8  76  52  64  -6   1   0 0.00  0.0    0  4.9 13 360   M    M   4        16  40
 9  82  53  68  -2   0   3 0.00  0.0    0  7.1 17 230   M    M   4        29 260
10  86  64  75   5   0  10 0.00  0.0    0  9.5 20 210   M    M   5        26 220
11  90  67  79   8   0  14 0.00  0.0    0  9.8 22 250   M    M   2        27 240
12  93  66  80   9   0  15 0.00  0.0    0  7.5 18 250   M    M   3        22 250
13  88  74  81  10   0  16 0.04  0.0    0  5.8 22 240   M    M   8 3      29 240
14  83  69  76   5   0  11 0.00  0.0    0  5.5 15 270   M    M   7 1      19 260
15  86  70  78   6   0  13 0.00  0.0    0  7.2 16 250   M    M   8 18     20 290
16  93  70  82  10   0  17 0.00  0.0    0  3.7 13 160   M    M   6        17 160
17  91  69  80   8   0  15 0.00  0.0    0  8.2 17 210   M    M   6        24 210
18  90  69  80   8   0  15 0.57  0.0    0 12.4 25 240   M    M   8 138    32 240
19  82  59  71  -2   0   6 0.34  0.0    0  7.8 44 270   M    M   6 138    63 270
20  82  59  71  -2   0   6 0.00  0.0    0  8.5 21 290   M    M   3        26 260
21  86  64  75   2   0  10 0.00  0.0    0  4.6 13 290   M    M   6        17 260
22  85  72  79   6   0  14    T  0.0    0 10.4 21 220   M    M   9        29 190
23  76  68  72  -2   0   7 1.31  0.0    0  9.6 29 230   M    M  10 13     36 250
24  80  62  71  -3   0   6    T  0.0    0 10.5 21 280   M    M   5        28 290
================================================================================
SM 2006 1499         6 204  3.25     0.0 176.0          M      130
================================================================================
AV 83.6 62.5                               7.3 FASTST   M    M   5    MAX(MPH)
                                 MISC ---->  # 44 270               # 63  270
================================================================================
NOTES:
# LAST OF SEVERAL OCCURRENCES

COLUMN 17 PEAK WIND IN M.P.H.

PRELIMINARY LOCAL CLIMATOLOGICAL DATA (WS FORM: F-6) , PAGE 2

                                          STATION:  COLUMBUS OH
                                          MONTH:    JUNE
                                          YEAR:     2017
                                          LATITUDE:   40  0 N
                                          LONGITUDE:  82 53 W

[TEMPERATURE DATA]      [PRECIPITATION DATA]       SYMBOLS USED IN COLUMN 16

AVERAGE MONTHLY: 73.0   TOTAL FOR MONTH:   3.25    1 = FOG OR MIST
DPTR FM NORMAL:   2.2   DPTR FM NORMAL:    0.00    2 = FOG REDUCING VISIBILITY
HIGHEST:    93 ON 16,12 GRTST 24HR  1.31 ON 23-23      TO 1/4 MILE OR LESS
LOWEST:     51 ON  1                               3 = THUNDER
                        SNOW, ICE PELLETS, HAIL    4 = ICE PELLETS
                        TOTAL MONTH:   0.0 INCH    5 = HAIL
                        GRTST 24HR     0.0         6 = FREEZING RAIN OR DRIZZLE
                        GRTST DEPTH:   0           7 = DUSTSTORM OR SANDSTORM:
                                                       VSBY 1/2 MILE OR LESS
                                                   8 = SMOKE OR HAZE
[NO. OF DAYS WITH]      [WEATHER - DAYS WITH]      9 = BLOWING SNOW
                                                   X = TORNADO
MAX 32 OR BELOW:   0    0.01 INCH OR MORE:   6
MAX 90 OR ABOVE:   5    0.10 INCH OR MORE:   5
MIN 32 OR BELOW:   0    0.50 INCH OR MORE:   3
MIN  0 OR BELOW:   0    1.00 INCH OR MORE:   1

[HDD (BASE 65) ]
TOTAL THIS MO.     6    CLEAR  (SCALE 0-3)   5
DPTR FM NORMAL   -12    PTCLDY (SCALE 4-7)  15
TOTAL FM JUL 1  4277    CLOUDY (SCALE 8-10)  4
DPTR FM NORMAL  -968

[CDD (BASE 65) ]
TOTAL THIS MO.   204
DPTR FM NORMAL    45    [PRESSURE DATA]
TOTAL FM JAN 1   329    HIGHEST SLP 30.13 ON 11
DPTR FM NORMAL    88    LOWEST  SLP 29.65 ON 18

[REMARKS]
