000
CXUS51 KILN 210543
CF6CMH
PRELIMINARY LOCAL CLIMATOLOGICAL DATA (WS FORM: F-6)

                                          STATION:   COLUMBUS OH
                                          MONTH:     FEBRUARY
                                          YEAR:      2017
                                          LATITUDE:   40  0 N
                                          LONGITUDE:  82 53 W

  TEMPERATURE IN F:       :PCPN:    SNOW:  WIND      :SUNSHINE: SKY     :PK WND
================================================================================
1   2   3   4   5  6A  6B    7    8   9   10  11  12  13   14  15   16   17  18
                                     12Z  AVG MX 2MIN
DY MAX MIN AVG DEP HDD CDD  WTR  SNW DPTH SPD SPD DIR MIN PSBL S-S WX    SPD DR
================================================================================

 1  39  27  33   3  32   0 0.01    T    0  8.1 15 280   M    M   9 1      19 260
 2  30  20  25  -5  40   0 0.00  0.0    0 11.5 18 290   M    M   7        23 280
 3  25  14  20 -10  45   0 0.00  0.0    0 10.1 20 290   M    M   6        24 290
 4  30   9  20 -11  45   0 0.00  0.0    0  5.6 14 180   M    M   4        20 160
 5  47  26  37   6  28   0 0.00  0.0    0 10.8 23 240   M    M   5        32 240
 6  55  21  38   7  27   0 0.03  0.0    0  4.9 14 190   M    M   5 1      18 180
 7  57  49  53  22  12   0 0.76  0.0    0 15.6 26 220   M    M  10 13     36 220
 8  49  27  38   7  27   0 0.04  0.6    0 11.3 22 300   M    M   9 1      26 300
 9  27  13  20 -11  45   0    T    T    1 15.9 29 300   M    M   9 1      34 300
10  39  13  26  -6  39   0 0.00  0.0    1  8.2 17 150   M    M   9        24 170
11  63  38  51  19  14   0 0.01  0.0    0  4.6 15 240   M    M   8 1      21 240
12  60  37  49  17  16   0 0.27  0.0    0 15.3 35 290   M    M   7 1      43 290
13  47  29  38   6  27   0 0.00  0.0    0  8.4 23 310   M    M   1        30 310
14  55  32  44  12  21   0 0.00  0.0    0 10.0 22 250   M    M   8        29 230
15  43  30  37   4  28   0    T    T    0 14.4 23 320   M    M   9        30 320
16  41  29  35   2  30   0    T    T    0  9.3 20 330   M    M   8        26 320
17  65  33  49  16  16   0 0.00  0.0    0  7.5 18 210   M    M   6        22 220
18  66  38  52  19  13   0 0.00  0.0    0  9.7 24 220   M    M   5        29 220
19  57  42  50  16  15   0 0.00  0.0    0  5.4 13 220   M    M   5 18     15 230
20  65  38  52  18  13   0 0.00  0.0    0  4.4 12 100   M    M   9 128    14 100
================================================================================
SM  960  565       533   0  1.12     0.6 191.0          M      139
================================================================================
AV 48.0 28.3                               9.5 FASTST   M    M   7    MAX(MPH)
                                 MISC ---->  # 35 290               # 43  290
================================================================================
NOTES:
# LAST OF SEVERAL OCCURRENCES

COLUMN 17 PEAK WIND IN M.P.H.

PRELIMINARY LOCAL CLIMATOLOGICAL DATA (WS FORM: F-6) , PAGE 2

                                          STATION:  COLUMBUS OH
                                          MONTH:    FEBRUARY
                                          YEAR:     2017
                                          LATITUDE:   40  0 N
                                          LONGITUDE:  82 53 W

[TEMPERATURE DATA]      [PRECIPITATION DATA]       SYMBOLS USED IN COLUMN 16

AVERAGE MONTHLY: 38.1   TOTAL FOR MONTH:   1.12    1 = FOG OR MIST
DPTR FM NORMAL:   6.3   DPTR FM NORMAL:   -0.49    2 = FOG REDUCING VISIBILITY
HIGHEST:    66 ON 18    GRTST 24HR  0.77 ON  6- 7      TO 1/4 MILE OR LESS
LOWEST:      9 ON  4                               3 = THUNDER
                        SNOW, ICE PELLETS, HAIL    4 = ICE PELLETS
                        TOTAL MONTH:   0.6 INCH    5 = HAIL
                        GRTST 24HR   0.6 ON   M    6 = FREEZING RAIN OR DRIZZLE
                        GRTST DEPTH:   1 ON 10, 9  7 = DUSTSTORM OR SANDSTORM:
                                                       VSBY 1/2 MILE OR LESS
                                                   8 = SMOKE OR HAZE
[NO. OF DAYS WITH]      [WEATHER - DAYS WITH]      9 = BLOWING SNOW
                                                   X = TORNADO
MAX 32 OR BELOW:   4    0.01 INCH OR MORE:   6
MAX 90 OR ABOVE:   0    0.10 INCH OR MORE:   2
MIN 32 OR BELOW:  13    0.50 INCH OR MORE:   1
MIN  0 OR BELOW:   0    1.00 INCH OR MORE:   0

[HDD (BASE 65) ]
TOTAL THIS MO.   533    CLEAR  (SCALE 0-3)   1
DPTR FM NORMAL  -131    PTCLDY (SCALE 4-7)  10
TOTAL FM JUL 1  3167    CLOUDY (SCALE 8-10)  9
DPTR FM NORMAL  -589

[CDD (BASE 65) ]
TOTAL THIS MO.     0
DPTR FM NORMAL     0    [PRESSURE DATA]
TOTAL FM JAN 1     0    HIGHEST SLP 30.54 ON  4
DPTR FM NORMAL     0    LOWEST  SLP 29.46 ON  7

[REMARKS]
