000
CXUS53 KILX 010900
CF6CMI
PRELIMINARY LOCAL CLIMATOLOGICAL DATA (WS FORM: F-6)

                                          STATION:   CHAMPAIGN IL AIRPORT
                                          MONTH:     JULY
                                          YEAR:      2014
                                          LATITUDE:   40  1 N
                                          LONGITUDE:  88 17 W

  TEMPERATURE IN F:       :PCPN:    SNOW:  WIND      :SUNSHINE: SKY     :PK WND
================================================================================
1   2   3   4   5  6A  6B    7    8   9   10  11  12  13   14  15   16   17  18
                                     12Z  AVG MX 2MIN
DY MAX MIN AVG DEP HDD CDD  WTR  SNW DPTH SPD SPD DIR MIN PSBL S-S WX    SPD DR
================================================================================

 1  85  67  76   2   0  11 0.75    M    M 10.4 21 160   M    M   2 13     25 220
 2  72  60  66  -8   0   1    T    M    M  9.2 21 270   M    M   7        25 270
 3  76  58  67  -7   0   2    T    M    M  7.7 15 330   M    M   5 1      19 360
 4  79  53  66  -8   0   1 0.00    M    M  2.6 10 100   M    M   1        14  30
 5  79  59  69  -5   0   4 0.13    M    M  6.5 15 180   M    M   4 1      28 100
 6  84  64  74   0   0   9 0.06    M    M 11.2 20 210   M    M   3 18     26 210
 7  88  72  80   6   0  15 0.21    M    M 10.4 22 220   M    M   3 13     27 210
 8  82  65  74   0   0   9 0.18    M    M 12.9 24 270   M    M   4 13     30 270
 9  80  60  70  -4   0   5 0.00    M    M  8.3 17 290   M    M   1        22 300
10  80  59  70  -4   0   5 0.00    M    M  7.1 14  70   M    M   1        19  40
11  84  57  71  -3   0   6    T    M    M  6.1 12 150   M    M   0        23 110
12  84  69  77   3   0  12 2.77    M    M 10.2 18 150   M    M   4 13     24 200
13  83  70  77   3   0  12 0.39    M    M  7.6 20 270   M    M   5 13     25 270
14  84  59  72  -2   0   7 0.55    M    M  7.5 41 300   M    M   3 13     57 290
15  71  52  62 -12   3   0 0.00    M    M 10.2 20 330   M    M   3        25 310
16  74  52  63 -11   2   0 0.00    M    M  5.2 13 340   M    M   3        18 320
17  78  53  66  -8   0   1 0.00    M    M  3.8 10 260   M    M   4 8      16 130
18  77  59  68  -6   0   3    T    M    M  5.2 13 120   M    M   4 1      25  90
19  78  55  67  -7   0   2 0.00    M    M  3.2  9  70   M    M   2 1      13 100
20  80  57  69  -5   0   4 0.00    M    M  1.1  6 140   M    M   2 1      13 110
21  84  59  72  -2   0   7 0.00    M    M  4.5  9 200   M    M   1 1      22 120
22  87  64  76   2   0  11 0.00    M    M  8.3 15 200   M    M   1 18     22 180
23  78  58  68  -6   0   3 0.00    M    M 13.2 23  20   M    M   4 1      29  20
24  77  56  67  -7   0   2 0.00    M    M  8.6 15  30   M    M   1        23  30
25  73  55  64 -10   1   0 0.05    M    M  6.9 23 170   M    M   2 1      30 170
26  85  67  76   2   0  11 0.25    M    M  8.4 25 270   M    M   8 1238   33 270
27  85  63  74   1   0   9 0.64    M    M 11.6 28 290   M    M   5 123    35 300
28  73  54  64  -9   1   0 0.00    M    M  9.8 18 330   M    M   3        23 320
29  77  52  65  -8   0   0 0.00    M    M  9.2 16 280   M    M   2        22 250
30  80  56  68  -5   0   3 0.00    M    M  7.2 14 280   M    M   1        19 270
31  81  56  69  -4   0   4 0.00    M    M  3.3  9 270   M    M   0 1      12 240
================================================================================
SM 2478 1840         7 159  5.98    M    237.4          M       89
================================================================================
AV 79.9 59.4                               7.7 FASTST   M    M   3    MAX(MPH)
                                 MISC ---->  # 41 300               # 57  290
================================================================================
NOTES:
# LAST OF SEVERAL OCCURRENCES

COLUMN 17 PEAK WIND IN M.P.H.

PRELIMINARY LOCAL CLIMATOLOGICAL DATA (WS FORM: F-6) , PAGE 2

                                          STATION:  CHAMPAIGN IL AIRPORT
                                          MONTH:    JULY
                                          YEAR:     2014
                                          LATITUDE:   40  1 N
                                          LONGITUDE:  88 17 W

[TEMPERATURE DATA]      [PRECIPITATION DATA]       SYMBOLS USED IN COLUMN 16

AVERAGE MONTHLY: 69.6   TOTAL FOR MONTH:   5.98    1 = FOG OR MIST
DPTR FM NORMAL:  -4.4   DPTR FM NORMAL:    1.64    2 = FOG REDUCING VISIBILITY
HIGHEST:    88 ON  7    GRTST 24HR  3.08 ON 12-13      TO 1/4 MILE OR LESS
LOWEST:     52 ON 29,16                            3 = THUNDER
                        SNOW, ICE PELLETS, HAIL    4 = ICE PELLETS
                        TOTAL MONTH:    M          5 = HAIL
                        GRTST 24HR    M  ON   M    6 = FREEZING RAIN OR DRIZZLE
                        GRTST DEPTH:  M  ON   M    7 = DUSTSTORM OR SANDSTORM:
                                                       VSBY 1/2 MILE OR LESS
                                                   8 = SMOKE OR HAZE
[NO. OF DAYS WITH]      [WEATHER - DAYS WITH]      9 = BLOWING SNOW
                                                   X = TORNADO
MAX 32 OR BELOW:   0    0.01 INCH OR MORE:  11
MAX 90 OR ABOVE:   0    0.10 INCH OR MORE:   9
MIN 32 OR BELOW:   0    0.50 INCH OR MORE:   4
MIN  0 OR BELOW:   0    1.00 INCH OR MORE:   1

[HDD (BASE 65) ]
TOTAL THIS MO.     7    CLEAR  (SCALE 0-3)  18
DPTR FM NORMAL     5    PTCLDY (SCALE 4-7)  13
TOTAL FM JUL 1     7    CLOUDY (SCALE 8-10)  0
DPTR FM NORMAL     5

[CDD (BASE 65) ]
TOTAL THIS MO.   159
DPTR FM NORMAL  -123    [PRESSURE DATA]
TOTAL FM JAN 1   592    HIGHEST SLP 30.32 ON  4
DPTR FM NORMAL    -5    LOWEST  SLP 29.64 ON  8

[REMARKS]
#FINAL-07-14#
