000
CXUS53 KILX 300900
CF6CMI
PRELIMINARY LOCAL CLIMATOLOGICAL DATA (WS FORM: F-6)

                                          STATION:   CHAMPAIGN IL AIRPORT
                                          MONTH:     MARCH
                                          YEAR:      2015
                                          LATITUDE:   40  1 N
                                          LONGITUDE:  88 17 W

  TEMPERATURE IN F:       :PCPN:    SNOW:  WIND      :SUNSHINE: SKY     :PK WND
================================================================================
1   2   3   4   5  6A  6B    7    8   9   10  11  12  13   14  15   16   17  18
                                     12Z  AVG MX 2MIN
DY MAX MIN AVG DEP HDD CDD  WTR  SNW DPTH SPD SPD DIR MIN PSBL S-S WX    SPD DR
================================================================================

 1  27  11  19 -16  46   0    M    M    M  5.3 12 270   M    M   7 12     13 300
 2  26   6  16 -19  49   0 0.00    M    M  5.8 12 100   M    M   2 18     13  70
 3  37  25  31  -5  34   0 0.06    M    M 14.3 24 180   M    M   9 1268   28 210
 4  34  14  24 -12  41   0 0.00    M    M 14.8 25 330   M    M   5 1      28 320
 5  16  -7   5 -31  60   0 0.00    M    M  9.6 18 310   M    M   0 18     22 310
 6  25  -9   8 -29  57   0 0.00    M    M 13.7 28 160   M    M   1 18     32 160
 7  39  21  30  -7  35   0 0.00    M    M 12.9 21 210   M    M   2        25 210
 8  42  22  32  -6  33   0 0.00    M    M  5.2 12 230   M    M   0 1      12 230
 9  44  29  37  -1  28   0 0.00    M    M  6.7 13 130   M    M   5 128    15 130
10  52  34  43   5  22   0 0.09    M    M  4.9  9 200   M    M   9 128     9 200
11  64  31  48   9  17   0 0.00    M    M  7.3 18 360   M    M   3 128    22  10
12  59  33  46   7  19   0 0.00    M    M 11.2 18 110   M    M   0 18     25  90
13  48  40  44   4  21   0 0.20    M    M  5.9 13 140   M    M   9 12     16 140
14  60  38  49   9  16   0 0.00    M    M 10.9 22 320   M    M   3 12     26 340
15  63  30  47   7  18   0 0.00    M    M  9.2 18 210   M    M   1        23 220
16  74  42  58  17   7   0 0.00    M    M 12.4 25 220   M    M   0        30 220
17  56  31  44   3  21   0 0.00    M    M 17.7 35  20   M    M   1        45  10
18  45  27  36  -6  29   0 0.00    M    M  6.4 14 100   M    M   2        17 100
19  50  37  44   2  21   0 0.10    M    M 10.2 17 110   M    M  10 1      23 100
20  48  35  42   0  23   0    T    M    M  7.3 16 260   M    M   9 18     19 250
21  62  34  48   5  17   0 0.00    M    M 10.6 17  10   M    M   0 18     21 360
22  53  33  43   0  22   0 0.00    M    M 14.4 22  90   M    M   0        26  90
23  38  30  34  -9  31   0 0.06    M    M 15.6 23  80   M    M   8 1      30 100
24  44  28  36  -8  29   0 0.13    M    M 15.9 25 100   M    M   8 1      30 100
25  48  41  45   1  20   0 0.19    M    M 11.0 25 140   M    M   9 1      30 140
26  49  30  40  -4  25   0 0.20    M    M 12.7 20 330   M    M   5 1      24 320
27  38  22  30 -15  35   0    T    M    M 12.0 22  10   M    M   5        28 350
28  41  16  29 -16  36   0 0.00    M    M  5.2 13  70   M    M   0        16  40
29  50  24  37  -9  28   0 0.07    M    M 14.5 30 190   M    M   3        36 190
================================================================================
SM 1332  748       840   0  1.10    M    303.6          M      116
================================================================================
AV 45.9 25.8                              10.5 FASTST   M    M   4    MAX(MPH)
                                 MISC ---->  # 35  20               # 45   10
================================================================================
NOTES:
# LAST OF SEVERAL OCCURRENCES

COLUMN 17 PEAK WIND IN M.P.H.

PRELIMINARY LOCAL CLIMATOLOGICAL DATA (WS FORM: F-6) , PAGE 2

                                          STATION:  CHAMPAIGN IL AIRPORT
                                          MONTH:    MARCH
                                          YEAR:     2015
                                          LATITUDE:   40  1 N
                                          LONGITUDE:  88 17 W

[TEMPERATURE DATA]      [PRECIPITATION DATA]       SYMBOLS USED IN COLUMN 16

AVERAGE MONTHLY: 35.9   TOTAL FOR MONTH:   1.10    1 = FOG OR MIST
DPTR FM NORMAL:  -4.4   DPTR FM NORMAL:   -1.43    2 = FOG REDUCING VISIBILITY
HIGHEST:    74 ON 16    GRTST 24HR  0.20 ON 26-26      TO 1/4 MILE OR LESS
LOWEST:     -9 ON  6                               3 = THUNDER
                        SNOW, ICE PELLETS, HAIL    4 = ICE PELLETS
                        TOTAL MONTH:    M          5 = HAIL
                        GRTST 24HR    M  ON   M    6 = FREEZING RAIN OR DRIZZLE
                        GRTST DEPTH:  M  ON   M    7 = DUSTSTORM OR SANDSTORM:
                                                       VSBY 1/2 MILE OR LESS
                                                   8 = SMOKE OR HAZE
[NO. OF DAYS WITH]      [WEATHER - DAYS WITH]      9 = BLOWING SNOW
                                                   X = TORNADO
MAX 32 OR BELOW:   4    0.01 INCH OR MORE:   9
MAX 90 OR ABOVE:   0    0.10 INCH OR MORE:   5
MIN 32 OR BELOW:  19    0.50 INCH OR MORE:   0
MIN  0 OR BELOW:   2    1.00 INCH OR MORE:   0

[HDD (BASE 65) ]
TOTAL THIS MO.   840    CLEAR  (SCALE 0-3)  16
DPTR FM NORMAL   122    PTCLDY (SCALE 4-7)   7
TOTAL FM JUL 1  5716    CLOUDY (SCALE 8-10)  6
DPTR FM NORMAL   496

[CDD (BASE 65) ]
TOTAL THIS MO.     0
DPTR FM NORMAL     0    [PRESSURE DATA]
TOTAL FM JAN 1     0    HIGHEST SLP M ON M
DPTR FM NORMAL     0    LOWEST  SLP 29.73 ON  3

[REMARKS]
