000
CXUS53 KILX 280900
CF6CMI
PRELIMINARY LOCAL CLIMATOLOGICAL DATA (WS FORM: F-6)

                                          STATION:   CHAMPAIGN IL AIRPORT
                                          MONTH:     APRIL
                                          YEAR:      2016
                                          LATITUDE:   40  1 N
                                          LONGITUDE:  88 17 W

  TEMPERATURE IN F:       :PCPN:    SNOW:  WIND      :SUNSHINE: SKY     :PK WND
================================================================================
1   2   3   4   5  6A  6B    7    8   9   10  11  12  13   14  15   16   17  18
                                     12Z  AVG MX 2MIN
DY MAX MIN AVG DEP HDD CDD  WTR  SNW DPTH SPD SPD DIR MIN PSBL S-S WX    SPD DR
================================================================================

 1  54  37  46  -1  19   0    T    M    M 13.8 29 320   M    M   7        35 260
 2  51  28  40  -7  25   0 0.00    M    M 21.0 47 280   M    M   2        55 280
 3  66  24  45  -2  20   0 0.00    M    M 19.0 35 210   M    M   0 8      46 210
 4  57  29  43  -5  22   0    T    M    M 15.4 24 360   M    M   6        29  10
 5  51  24  38 -10  27   0 0.00    M    M 13.5 26 150   M    M   1        33 160
 6  51  45  48   0  17   0 0.83    M    M 16.2 28 180   M    M   7 1      37 160
 7  47  31  39 -10  26   0 0.01  0.0    0 16.0 28 300   M    M   7 1      34 290
 8  46  31  39 -10  26   0 0.02    M    M 17.4 32 290   M    M   9 18     42 300
 9  41  25  33 -16  32   0    T    M    M 10.9 26 330   M    M   1 4      33 320
10  52  35  44  -6  21   0 0.46    M    M 15.2 29 180   M    M   9 1      35 180
11  52  33  43  -7  22   0 0.09    M    M 11.6 24 310   M    M   4 123    31 310
12  53  27  40 -10  25   0 0.00    M    M  7.3 14  20   M    M   0        19  30
13  61  32  47  -4  18   0 0.00    M    M  9.0 16 120   M    M   0        20 140
14  69  35  52   1  13   0 0.00    M    M 11.1 18 110   M    M   0        23  90
15  78  41  60   8   5   0 0.00    M    M 10.3 15 150   M    M   0        22 120
16  81  48  65  13   0   0 0.00    M    M  8.1 17 140   M    M   1 8      22 150
17  83  49  66  14   0   1 0.00    M    M  6.7 18 120   M    M   0        22 120
18  86  51  69  16   0   4 0.00    M    M  6.4 16 190   M    M   0 8      22 190
19  81  53  67  14   0   2 0.00    M    M  7.2 16 200   M    M   0        23 190
20  76  51  64  11   1   0 0.19    M    M 10.4 31 170   M    M   8 1      42 160
21  72  50  61   7   4   0 0.11    M    M  6.8 21 240   M    M   8 138    27 240
22  69  43  56   2   9   0 0.00    M    M 10.5 22 360   M    M   3 12     26 360
23  69  40  55   0  10   0 0.00    M    M  6.1 16  40   M    M   2 1      21  40
24  79  41  60   5   5   0 0.00    M    M 11.5 20 170   M    M   2 128    29 170
25  84  60  72  17   0   7 0.00    M    M 15.8 26 200   M    M   4        34 220
26  79  51  65   9   0   0 0.03    M    M 11.4 24  30   M    M   4 1      32  30
27  61  50  56   0   9   0 0.27  0.0    0 15.5 31 110   M    M   9 138    37 110
================================================================================
SM 1749 1064       356  14  2.01     0.0 324.1          M       94
================================================================================
AV 64.8 39.4                              12.0 FASTST   M    M   3    MAX(MPH)
                                 MISC ---->  # 47 280               # 55  280
================================================================================
NOTES:
# LAST OF SEVERAL OCCURRENCES

COLUMN 17 PEAK WIND IN M.P.H.

PRELIMINARY LOCAL CLIMATOLOGICAL DATA (WS FORM: F-6) , PAGE 2

                                          STATION:  CHAMPAIGN IL AIRPORT
                                          MONTH:    APRIL
                                          YEAR:     2016
                                          LATITUDE:   40  1 N
                                          LONGITUDE:  88 17 W

[TEMPERATURE DATA]      [PRECIPITATION DATA]       SYMBOLS USED IN COLUMN 16

AVERAGE MONTHLY: 52.1   TOTAL FOR MONTH:   2.01    1 = FOG OR MIST
DPTR FM NORMAL:   0.8   DPTR FM NORMAL:   -1.30    2 = FOG REDUCING VISIBILITY
HIGHEST:    86 ON 18    GRTST 24HR  0.84 ON  6- 7      TO 1/4 MILE OR LESS
LOWEST:     24 ON  5, 3                            3 = THUNDER
                        SNOW, ICE PELLETS, HAIL    4 = ICE PELLETS
                        TOTAL MONTH:   0.0 INCH    5 = HAIL
                        GRTST 24HR     0.0         6 = FREEZING RAIN OR DRIZZLE
                        GRTST DEPTH:   0           7 = DUSTSTORM OR SANDSTORM:
                                                       VSBY 1/2 MILE OR LESS
                                                   8 = SMOKE OR HAZE
[NO. OF DAYS WITH]      [WEATHER - DAYS WITH]      9 = BLOWING SNOW
                                                   X = TORNADO
MAX 32 OR BELOW:   0    0.01 INCH OR MORE:   9
MAX 90 OR ABOVE:   0    0.10 INCH OR MORE:   5
MIN 32 OR BELOW:   9    0.50 INCH OR MORE:   1
MIN  0 OR BELOW:   0    1.00 INCH OR MORE:   0

[HDD (BASE 65) ]
TOTAL THIS MO.   356    CLEAR  (SCALE 0-3)  14
DPTR FM NORMAL   -26    PTCLDY (SCALE 4-7)  10
TOTAL FM JUL 1  4578    CLOUDY (SCALE 8-10)  3
DPTR FM NORMAL -1062

[CDD (BASE 65) ]
TOTAL THIS MO.    14
DPTR FM NORMAL    13    [PRESSURE DATA]
TOTAL FM JAN 1    14    HIGHEST SLP M ON M
DPTR FM NORMAL    12    LOWEST  SLP 29.58 ON  6

[REMARKS]
