000
CXUS53 KARX 300930
CF6CMY
PRELIMINARY LOCAL CLIMATOLOGICAL DATA (WS FORM: F-6)

                                          STATION:   SPARTA - FORT MCCOY WI
                                          MONTH:     MARCH
                                          YEAR:      2015
                                          LATITUDE:   43 58 N
                                          LONGITUDE:  90 44 W

  TEMPERATURE IN F:       :PCPN:    SNOW:  WIND      :SUNSHINE: SKY     :PK WND
================================================================================
1   2   3   4   5  6A  6B    7    8   9   10  11  12  13   14  15   16   17  18
                                     12Z  AVG MX 2MIN
DY MAX MIN AVG DEP HDD CDD  WTR  SNW DPTH SPD SPD DIR MIN PSBL S-S WX    SPD DR
================================================================================

 1  27   2  15   M  50   0    T    T    3  5.5 14 260   M    M   4        21 260
 2  29  -4  13   M  52   0 0.00  0.0    3  2.5 10 170   M    M   3         M  M
 3  31  15  23   M  42   0    T    T    3  7.4 15 280   M    M   9 18     22 280
 4  16   3  10   M  55   0 0.00  0.0    3  9.2 17 270   M    M   2        25 270
 5  15 -15   0   M  65   0 0.00  0.0    3  2.6  9 260   M    M   0         M  M
 6  35  -5  15   M  50   0 0.00  0.0    3  4.9 15 270   M    M   2        20 270
 7  44  13  29   M  36   0 0.00  0.0    2  5.7 20 310   M    M   4        24 310
 8  48  22  35   M  30   0 0.00  0.0    T  5.2 16 270   M    M   2        25 270
 9  55  20  38   M  27   0 0.00  0.0    0  3.9 12 210   M    M   2        22 210
10  63  25  44   M  21   0 0.00  0.0    0  4.1 13 260   M    M   0        21 260
11  58  18  38   M  27   0 0.00  0.0    0  1.4  7 300   M    M   0         M  M
12  61  24  43   M  22   0 0.00  0.0    0  5.9 21 170   M    M   0        29 170
13  68  42  55   M  10   0 0.00  0.0    0  8.9 16 320   M    M   0 8      24 320
14  59  26  43   M  22   0 0.00  0.0    0  7.8 16 320   M    M   1        23 320
15  64  20  42   M  23   0 0.00  0.0    0  4.5 14 240   M    M   0        25 240
16  68  38  53   M  12   0 0.00  0.0    0  6.4 17 320   M    M   2        23 320
17  44  19  32   M  33   0 0.00  0.0    0  9.6 17 340   M    M   0        28 310
18  48  19  34   M  31   0 0.00  0.0    0  1.3  8 290   M    M   3         M  M
19  49  30  40   M  25   0 0.00  0.0    0  4.6 14 190   M    M  10        18 190
20  54  29  42   M  23   0 0.00  0.0    0  4.1 12 270   M    M   5        16 270
21  46  28  37   M  28   0 0.00  0.0    0  7.7 14 300   M    M   2        20 330
22  36  29  33   M  32   0    M    M    0  3.9  9  90   M    M   9         M  M
23  35  17  26   M  39   0 0.11    M    5  5.4 13 100   M    M   8         M  M
24  45  10  28   M  37   0 0.02    M    1  7.2 15 140   M    M   2        21 140
25  40  28  34   M  31   0 0.29    M    2  7.6 17 270   M    M  10 1      29 270
26  35  22  29   M  36   0 0.00  0.0    M  9.4 16 310   M    M   9        21 330
27  36   8  22   M  43   0 0.00  0.0    M  2.6  9  20   M    M   0         M  M
28  41   9  25   M  40   0 0.00  0.0    M  4.6 16 170   M    M   0        20 170
29  46  32  39   M  26   0 0.04    M    M 10.0 22 310   M    M   5        33 310
================================================================================
SM 1296  524       968   0  0.46    T    163.9          M       94
================================================================================
AV 44.7 18.1                               5.7 FASTST   M    M   3    MAX(MPH)
                                 MISC ---->    22   M                 33    M
================================================================================
NOTES:
# LAST OF SEVERAL OCCURRENCES

COLUMN 17 PEAK WIND IN M.P.H.

PRELIMINARY LOCAL CLIMATOLOGICAL DATA (WS FORM: F-6) , PAGE 2

                                          STATION:  SPARTA - FORT MCCOY WI
                                          MONTH:    MARCH
                                          YEAR:     2015
                                          LATITUDE:   43 58 N
                                          LONGITUDE:  90 44 W

[TEMPERATURE DATA]      [PRECIPITATION DATA]       SYMBOLS USED IN COLUMN 16

AVERAGE MONTHLY: 31.4   TOTAL FOR MONTH:   0.46    1 = FOG OR MIST
DPTR FM NORMAL:     M   DPTR FM NORMAL:       M    2 = FOG REDUCING VISIBILITY
HIGHEST:    68 ON 16,13 GRTST 24HR  0.29 ON 25-25      TO 1/4 MILE OR LESS
LOWEST:    -15 ON  5                               3 = THUNDER
                        SNOW, ICE PELLETS, HAIL    4 = ICE PELLETS
                        TOTAL MONTH:    T          5 = HAIL
                        GRTST 24HR    T  ON  3- 3  6 = FREEZING RAIN OR DRIZZLE
                        GRTST DEPTH:   5 ON 23     7 = DUSTSTORM OR SANDSTORM:
                                                       VSBY 1/2 MILE OR LESS
                                                   8 = SMOKE OR HAZE
[NO. OF DAYS WITH]      [WEATHER - DAYS WITH]      9 = BLOWING SNOW
                                                   X = TORNADO
MAX 32 OR BELOW:   5    0.01 INCH OR MORE:   4
MAX 90 OR ABOVE:   0    0.10 INCH OR MORE:   2
MIN 32 OR BELOW:  27    0.50 INCH OR MORE:   0
MIN  0 OR BELOW:   3    1.00 INCH OR MORE:   0

[HDD (BASE 65) ]
TOTAL THIS MO.   968    CLEAR  (SCALE 0-3)  18
DPTR FM NORMAL     M    PTCLDY (SCALE 4-7)   6
TOTAL FM JUL 1  7270    CLOUDY (SCALE 8-10)  5
DPTR FM NORMAL     M

[CDD (BASE 65) ]
TOTAL THIS MO.     0
DPTR FM NORMAL     M    [PRESSURE DATA]
TOTAL FM JAN 1     0    HIGHEST SLP M ON M
DPTR FM NORMAL     M    LOWEST  SLP M ON M

[REMARKS]
