000
CXUS54 KMAF 301100
CF6CNM
PRELIMINARY LOCAL CLIMATOLOGICAL DATA (WS FORM: F-6)

                                          STATION:   Carlsbad
                                          MONTH:     AUGUST
                                          YEAR:      2015
                                          LATITUDE:   32 20 N
                                          LONGITUDE: 104 15 W

  TEMPERATURE IN F:       :PCPN:    SNOW:  WIND      :SUNSHINE: SKY     :PK WND
================================================================================
1   2   3   4   5  6A  6B    7    8   9   10  11  12  13   14  15   16   17  18
                                     12Z  AVG MX 2MIN
DY MAX MIN AVG DEP HDD CDD  WTR  SNW DPTH SPD SPD DIR MIN PSBL S-S WX    SPD DR
================================================================================

 1 100  73  87   6   0  22 0.02  0.0    0  8.7 24 220   M    M   2        29 220
 2 101  69  85   4   0  20    T  0.0    0  8.3 26 170   M    M   1 3      32 140
 3  97  72  85   4   0  20    T  0.0    0  7.7 39 320   M    M   0 3      46 310
 4 104  67  86   5   0  21 0.00  0.0    0  6.9 17  20   M    M   0 8      24  30
 5 107  68  88   7   0  23 0.00  0.0    0  6.3 21 100   M    M   0 38     29 110
 6 107  69  88   7   0  23 0.00  0.0    0  8.5 20 130   M    M   0        42 130
 7 104  71  88   7   0  23 0.00  0.0    0  7.7 17 120   M    M   0        25 110
 8 106  72  89   8   0  24    T  0.0    0  9.1 29 160   M    M   1 38     35 150
 9 104  77  91  10   0  26 0.04  0.0    0  8.1 31 120   M    M   1 3      42 120
10 104  75  90   9   0  25 0.00  0.0    0 10.3 24 330   M    M   1        28 330
11 100  70  85   4   0  20 0.00  0.0    0 10.7 26 310   M    M   1        31 310
12 102  67  85   4   0  20 0.00  0.0    0  5.9 17 130   M    M   0        24 140
13 105  72  89   8   0  24 0.00  0.0    0  5.8 16  80   M    M   0 8      21 190
14 107  71  89   8   0  24 0.00  0.0    0  9.0 28 150   M    M   0 8      37 150
15 100  72  86   6   0  21 0.00  0.0    0  9.6 18 110   M    M   0        27 110
16  93  73  83   3   0  18 0.04  0.0    0  8.5 16 180   M    M   3 13     21 170
17  99  65  82   2   0  17 0.00  0.0    0  6.8 17 150   M    M   1        23 150
18 102  70  86   6   0  21 0.00  0.0    0  8.0 16 160   M    M   0        22 150
19  86  68  77  -3   0  12    T  0.0    0 14.0 37 330   M    M   3        46 320
20  94  67  81   1   0  16 0.04  0.0    0 10.1 37 340   M    M   4 38     45 350
21 103  68  86   6   0  21 0.25  0.0    0 10.2 38 330   M    M   1 38     48 330
22 102  70  86   6   0  21 0.00  0.0    0  8.3 28 220   M    M   0        37 220
23  90  71  81   1   0  16 0.08  0.0    0 12.5 30 330   M    M   1 38     39 130
24  93  68  81   1   0  16 0.00  0.0    0  5.3 16 100   M    M   2        21 140
25  98  67  83   4   0  18 0.00  0.0    0  6.1 18 130   M    M   0        26 130
26  98  68  83   4   0  18 0.00  0.0    0  7.8 20 130   M    M   0 8      40 130
27 100  66  83   4   0  18 0.00  0.0    0  6.3 17 100   M    M   1        24 150
28 101  68  85   6   0  20    T  0.0    0  8.3 32 290   M    M   1 3      42 290
29  92  68  80   2   0  15 0.00  0.0    0  7.6 18 360   M    M   1        22 350
================================================================================
SM 2899 2022         0 583  0.47     0.0 242.4          M       25
================================================================================
AV100.0 69.7                               8.4 FASTST   M    M   1    MAX(MPH)
                                 MISC ---->  # 39 320               # 48  330
================================================================================
NOTES:
# LAST OF SEVERAL OCCURRENCES

COLUMN 17 PEAK WIND IN M.P.H.

PRELIMINARY LOCAL CLIMATOLOGICAL DATA (WS FORM: F-6) , PAGE 2

                                          STATION:  Carlsbad
                                          MONTH:    AUGUST
                                          YEAR:     2015
                                          LATITUDE:   32 20 N
                                          LONGITUDE: 104 15 W

[TEMPERATURE DATA]      [PRECIPITATION DATA]       SYMBOLS USED IN COLUMN 16

AVERAGE MONTHLY: 84.8   TOTAL FOR MONTH:   0.47    1 = FOG OR MIST
DPTR FM NORMAL:   4.6   DPTR FM NORMAL:   -1.38    2 = FOG REDUCING VISIBILITY
HIGHEST:   107 ON 14, 6 GRTST 24HR  0.29 ON 20-21      TO 1/4 MILE OR LESS
LOWEST:     65 ON 17                               3 = THUNDER
                        SNOW, ICE PELLETS, HAIL    4 = ICE PELLETS
                        TOTAL MONTH:   0.0 INCH    5 = HAIL
                        GRTST 24HR     0.0         6 = FREEZING RAIN OR DRIZZLE
                        GRTST DEPTH:   0           7 = DUSTSTORM OR SANDSTORM:
                                                       VSBY 1/2 MILE OR LESS
                                                   8 = SMOKE OR HAZE
[NO. OF DAYS WITH]      [WEATHER - DAYS WITH]      9 = BLOWING SNOW
                                                   X = TORNADO
MAX 32 OR BELOW:   0    0.01 INCH OR MORE:   6
MAX 90 OR ABOVE:  28    0.10 INCH OR MORE:   1
MIN 32 OR BELOW:   0    0.50 INCH OR MORE:   0
MIN  0 OR BELOW:   0    1.00 INCH OR MORE:   0

[HDD (BASE 65) ]
TOTAL THIS MO.     0    CLEAR  (SCALE 0-3)  27
DPTR FM NORMAL     0    PTCLDY (SCALE 4-7)   2
TOTAL FM JUL 1     0    CLOUDY (SCALE 8-10)  0
DPTR FM NORMAL     0

[CDD (BASE 65) ]
TOTAL THIS MO.   583
DPTR FM NORMAL   139    [PRESSURE DATA]
TOTAL FM JAN 1  1867    HIGHEST SLP M ON M
DPTR FM NORMAL   133    LOWEST  SLP 29.55 ON 18

[REMARKS]
