000
CXUS54 KMAF 231100
CF6CNM
PRELIMINARY LOCAL CLIMATOLOGICAL DATA (WS FORM: F-6)

                                          STATION:   Carlsbad
                                          MONTH:     SEPTEMBER
                                          YEAR:      2017
                                          LATITUDE:   32 20 N
                                          LONGITUDE: 104 15 W

  TEMPERATURE IN F:       :PCPN:    SNOW:  WIND      :SUNSHINE: SKY     :PK WND
================================================================================
1   2   3   4   5  6A  6B    7    8   9   10  11  12  13   14  15   16   17  18
                                     12Z  AVG MX 2MIN
DY MAX MIN AVG DEP HDD CDD  WTR  SNW DPTH SPD SPD DIR MIN PSBL S-S WX    SPD DR
================================================================================

 1  90  55  73  -5   0   8 0.00  0.0    0  5.9 16 170   M    M   0        20 160
 2  94  58  76  -2   0  11 0.00  0.0    0  5.3 26 280   M    M   1        30 270
 3  92  62  77   0   0  12 0.00  0.0    0  6.7 14  70   M    M   0        18 350
 4  92  59  76  -1   0  11 0.00  0.0    0  5.6 15 140   M    M   0        20 150
 5  88  60  74  -3   0   9 0.00  0.0    0  8.7 22 340   M    M   0        25 340
 6  83  60  72  -4   0   7 0.00  0.0    0  9.7 21 160   M    M   2        27 160
 7  91  58  75  -1   0  10 0.00  0.0    0 10.6 17 140   M    M   0        21 120
 8  90  58  74  -2   0   9 0.00  0.0    0 10.0 18 130   M    M   0 8      24 140
 9  86  55  71  -5   0   6 0.00  0.0    0  6.5 17 140   M    M   0        26 140
10  87  60  74  -1   0   9 0.00  0.0    0  6.4 15 110   M    M   0        20 130
11  89  55  72  -3   0   7 0.00  0.0    0  5.0 12 120   M    M   0        14 150
12  95  55  75   0   0  10    T  0.0    0  6.2 16 200   M    M   0        20 200
13  99  65  82   8   0  17 0.00  0.0    0  7.2 24 280   M    M   0        30 270
14 101  65  83   9   0  18    T  0.0    0  7.1 30 320   M    M   0        37 330
15  96  73  85  11   0  20    T  0.0    0 11.0 30 200   M    M   2 3      38 210
16  93  67  80   7   0  15    T  0.0    0  9.7 33 200   M    M   2 3      44 200
17  98  60  79   6   0  14 0.00  0.0    0  8.4 25 170   M    M   1 3      35 200
18  95  61  78   5   0  13 0.00  0.0    0  6.4 15 150   M    M   0        21 140
19  98  63  81   9   0  16 0.00  0.0    0  9.0 26 240   M    M   1        32 240
20  97  67  82  10   0  17 0.00  0.0    0 12.8 29 250   M    M   0        34 250
21  98  62  80   8   0  15 0.00  0.0    0 11.4 22 200   M    M   1        30 200
22  96  65  81  10   0  16 0.34  0.0    0 10.2 41 200   M    M   1 138    51 200
================================================================================
SM 2048 1343         0 270  0.34     0.0 179.8          M       11
================================================================================
AV 93.1 61.1                               8.2 FASTST   M    M   1    MAX(MPH)
                                 MISC ---->  # 41 200               # 51  200
================================================================================
NOTES:
# LAST OF SEVERAL OCCURRENCES

COLUMN 17 PEAK WIND IN M.P.H.

PRELIMINARY LOCAL CLIMATOLOGICAL DATA (WS FORM: F-6) , PAGE 2

                                          STATION:  Carlsbad
                                          MONTH:    SEPTEMBER
                                          YEAR:     2017
                                          LATITUDE:   32 20 N
                                          LONGITUDE: 104 15 W

[TEMPERATURE DATA]      [PRECIPITATION DATA]       SYMBOLS USED IN COLUMN 16

AVERAGE MONTHLY: 77.1   TOTAL FOR MONTH:   0.34    1 = FOG OR MIST
DPTR FM NORMAL:   2.3   DPTR FM NORMAL:   -1.45    2 = FOG REDUCING VISIBILITY
HIGHEST:   101 ON 14    GRTST 24HR  0.34 ON 22-22      TO 1/4 MILE OR LESS
LOWEST:     55 ON 12,11                            3 = THUNDER
                        SNOW, ICE PELLETS, HAIL    4 = ICE PELLETS
                        TOTAL MONTH:   0.0 INCH    5 = HAIL
                        GRTST 24HR     0.0         6 = FREEZING RAIN OR DRIZZLE
                        GRTST DEPTH:   0           7 = DUSTSTORM OR SANDSTORM:
                                                       VSBY 1/2 MILE OR LESS
                                                   8 = SMOKE OR HAZE
[NO. OF DAYS WITH]      [WEATHER - DAYS WITH]      9 = BLOWING SNOW
                                                   X = TORNADO
MAX 32 OR BELOW:   0    0.01 INCH OR MORE:   1
MAX 90 OR ABOVE:  17    0.10 INCH OR MORE:   1
MIN 32 OR BELOW:   0    0.50 INCH OR MORE:   0
MIN  0 OR BELOW:   0    1.00 INCH OR MORE:   0

[HDD (BASE 65) ]
TOTAL THIS MO.     0    CLEAR  (SCALE 0-3)  22
DPTR FM NORMAL    -2    PTCLDY (SCALE 4-7)   0
TOTAL FM JUL 1     0    CLOUDY (SCALE 8-10)  0
DPTR FM NORMAL    -2

[CDD (BASE 65) ]
TOTAL THIS MO.   270
DPTR FM NORMAL    50    [PRESSURE DATA]
TOTAL FM JAN 1  2127    HIGHEST SLP M ON M
DPTR FM NORMAL   147    LOWEST  SLP 29.62 ON M

[REMARKS]
