000
CXUS56 KSGX 271545
CF6CNO
PRELIMINARY LOCAL CLIMATOLOGICAL DATA (WS FORM: F-6)

                                          STATION:   CHINO AIRPORT CA
                                          MONTH:     JULY
                                          YEAR:      2016
                                          LATITUDE:   33 58 N
                                          LONGITUDE: 117 38 W

  TEMPERATURE IN F:       :PCPN:    SNOW:  WIND      :SUNSHINE: SKY     :PK WND
================================================================================
1   2   3   4   5  6A  6B    7    8   9   10  11  12  13   14  15   16   17  18
                                     12Z  AVG MX 2MIN
DY MAX MIN AVG DEP HDD CDD  WTR  SNW DPTH SPD SPD DIR MIN PSBL S-S WX    SPD DR
================================================================================

 1  90  64  77   3   0  12 0.00  0.0    0  9.2 22 270   M    M   3 18     29 280
 2  90  62  76   2   0  11 0.00  0.0    0  8.5 21 270   M    M   2 18     24 260
 3  88  58  73  -1   0   8 0.00  0.0    0  8.0 20 260   M    M   2 18     25 270
 4  90  57  74   0   0   9 0.00  0.0    0  7.6 21 240   M    M   1 18     24 240
 5  91  62  77   2   0  12 0.00  0.0    0  7.4 21 250   M    M   4 8      26 230
 6  90  61  76   1   0  11 0.00  0.0    0  7.3 18 240   M    M   3 18     24 240
 7  94  60  77   2   0  12 0.00  0.0    0  6.4 20 240   M    M   2 18     25 240
 8  94  61  78   3   0  13 0.00  0.0    0  6.2 20 250   M    M   2 18     24 270
 9  96  60  78   3   0  13 0.00  0.0    0  6.7 18 260   M    M   2 18     24 250
10  94  62  78   2   0  13 0.00  0.0    0  6.5 18 250   M    M   0 18     23 250
11  92  60  76   0   0  11 0.00  0.0    0  6.5 20 240   M    M   0 18     25 240
12  92  63  78   2   0  13 0.00  0.0    0  6.9 18 240   M    M   3 18     24 270
13  98  61  80   4   0  15 0.00  0.0    0  6.6 20 270   M    M   0 18     24 270
14  97  63  80   4   0  15 0.00  0.0    0  6.8 18 270   M    M   1 18     24 240
15  96  61  79   3   0  14 0.00  0.0    0  7.2 18 270   M    M   0 18     23 240
16  95  63  79   3   0  14 0.00  0.0    0  6.7 20 260   M    M   2 18     26 260
17  94  61  78   2   0  13 0.00  0.0    0  7.0 23 250   M    M   1 18     25 260
18  95  60  78   2   0  13 0.00  0.0    0  7.1 21 280   M    M   1 18     25 270
19 100  62  81   5   0  16 0.00  0.0    0  6.1 18 270   M    M   1 18     23 270
20 106  61  84   8   0  19 0.00  0.0    0  5.9 21 260   M    M   1 8      32 210
21 107  63  85   8   0  20 0.00  0.0    0  5.7 18 240   M    M   1 8      23 230
22 110  63  87  10   0  22 0.00  0.0    0  4.7 18 250   M    M   1 8      23 230
23 110  65  88  11   0  23 0.00  0.0    0  6.4 23 290   M    M   2 8      27 290
24  99  65  82   5   0  17 0.00  0.0    0  8.3 20 270   M    M   1 8      25 240
25 105  67  86   9   0  21 0.00  0.0    0  6.6 20 240   M    M   3 18     26 240
26 103  68  86   9   0  21 0.00  0.0    0  6.7 22 240   M    M   1 8      27 240
================================================================================
SM 2516 1613         0 381  0.00     0.0 179.0          M       40
================================================================================
AV 96.8 62.0                               6.9 FASTST   M    M   2    MAX(MPH)
                                 MISC ---->  # 23 250               # 32  210
================================================================================
NOTES:
# LAST OF SEVERAL OCCURRENCES

COLUMN 17 PEAK WIND IN M.P.H.

PRELIMINARY LOCAL CLIMATOLOGICAL DATA (WS FORM: F-6) , PAGE 2

                                          STATION:  CHINO AIRPORT CA
                                          MONTH:    JULY
                                          YEAR:     2016
                                          LATITUDE:   33 58 N
                                          LONGITUDE: 117 38 W

[TEMPERATURE DATA]      [PRECIPITATION DATA]       SYMBOLS USED IN COLUMN 16

AVERAGE MONTHLY: 79.4   TOTAL FOR MONTH:   0.00    1 = FOG OR MIST
DPTR FM NORMAL:   3.7   DPTR FM NORMAL:   -0.07    2 = FOG REDUCING VISIBILITY
HIGHEST:   110 ON 23,22 GRTST 24HR  0.00 ON 26-26      TO 1/4 MILE OR LESS
LOWEST:     57 ON  4                               3 = THUNDER
                        SNOW, ICE PELLETS, HAIL    4 = ICE PELLETS
                        TOTAL MONTH:   0.0 INCH    5 = HAIL
                        GRTST 24HR     0.0         6 = FREEZING RAIN OR DRIZZLE
                        GRTST DEPTH:   0           7 = DUSTSTORM OR SANDSTORM:
                                                       VSBY 1/2 MILE OR LESS
                                                   8 = SMOKE OR HAZE
[NO. OF DAYS WITH]      [WEATHER - DAYS WITH]      9 = BLOWING SNOW
                                                   X = TORNADO
MAX 32 OR BELOW:   0    0.01 INCH OR MORE:   0
MAX 90 OR ABOVE:  25    0.10 INCH OR MORE:   0
MIN 32 OR BELOW:   0    0.50 INCH OR MORE:   0
MIN  0 OR BELOW:   0    1.00 INCH OR MORE:   0

[HDD (BASE 65) ]
TOTAL THIS MO.     0    CLEAR  (SCALE 0-3)  24
DPTR FM NORMAL     0    PTCLDY (SCALE 4-7)   2
TOTAL FM JUL 1     0    CLOUDY (SCALE 8-10)  0
DPTR FM NORMAL     0

[CDD (BASE 65) ]
TOTAL THIS MO.   381
DPTR FM NORMAL   101    [PRESSURE DATA]
TOTAL FM JAN 1   941    HIGHEST SLP M ON M
DPTR FM NORMAL   389    LOWEST  SLP 29.74 ON 23

[REMARKS]
