000
CXUS51 KGYX 011000
CF6CON
PRELIMINARY LOCAL CLIMATOLOGICAL DATA (WS FORM: F-6)

                                          STATION:   CONCORD NH
                                          MONTH:     JULY
                                          YEAR:      2014
                                          LATITUDE:   43 12 N
                                          LONGITUDE:  71 30 W

  TEMPERATURE IN F:       :PCPN:    SNOW:  WIND      :SUNSHINE: SKY     :PK WND
================================================================================
1   2   3   4   5  6A  6B    7    8   9   10  11  12  13   14  15   16   17  18
                                     12Z  AVG MX 2MIN
DY MAX MIN AVG DEP HDD CDD  WTR  SNW DPTH SPD SPD DIR MIN PSBL S-S WX    SPD DR
================================================================================

 1  90  65  78   9   0  13 0.00  0.0    0  6.3 16 180   M    M   0        21 230
 2  92  67  80  11   0  15 1.49  0.0    0  4.9 26 290   M    M   5 128    38 210
 3  84  66  75   6   0  10 1.22  0.0    0  3.0 17 190   M    M   4 128    24 190
 4  70  59  65  -4   0   0 0.90  0.0    0  5.3 16 320   M    M   8 1      22 310
 5  80  56  68  -1   0   3 0.21  0.0    0 12.4 28 320   M    M   3 1      39 320
 6  84  56  70   1   0   5 0.00  0.0    0  7.3 20 230   M    M   0        27 280
 7  85  61  73   3   0   8 0.16  0.0    0  5.5 16 210   M    M   4 1      23 210
 8  88  66  77   7   0  12    T  0.0    0  6.3 13 200   M    M   2 1      23 200
 9  85  65  75   5   0  10 0.04  0.0    0  8.2 24 290   M    M   2        30 270
10  80  55  68  -2   0   3 0.00  0.0    0  5.5 13 300   M    M   0        22 300
11  79  53  66  -4   0   1 0.00  0.0    0  2.4  8 160   M    M   2        12 330
12  85  52  69  -1   0   4 0.00  0.0    0  2.9 12 190   M    M   1 12     16 180
13  85  64  75   5   0  10 0.15  0.0    0  8.2 20 210   M    M   5 1      28 210
14  87  67  77   7   0  12 0.01  0.0    0  4.9 15 170   M    M   1 1      18 170
15  86  69  78   8   0  13 0.81  0.0    0  4.4 15 270   M    M   8 18     23 280
16  77  62  70   0   0   5 0.65  0.0    0  2.3 14 180   M    M   7 1      18 180
17  81  56  69  -1   0   4 0.00  0.0    0  3.9 14 280   M    M   2 1      18 300
18  81  51  66  -4   0   1 0.00  0.0    0  2.9 14 320   M    M   1        17 320
19  78  54  66  -4   0   1 0.00  0.0    0  1.7  8 140   M    M   0        11 130
20  78  56  67  -3   0   2 0.00  0.0    0  3.0 10 140   M    M   2 1      16 160
21  82  51  67  -3   0   2 0.00  0.0    0  1.4  9 140   M    M   1 128    13 150
22  88  57  73   3   0   8 0.00  0.0    0  2.9 13 220   M    M   3        16 170
23  91  67  79   9   0  14 0.58  0.0    0  6.3 22 310   M    M   3 13     30 310
24  81  54  68  -2   0   3    T  0.0    0  7.0 16 300   M    M   5        21 290
25  81  49  65  -5   0   0 0.00  0.0    0  3.1 13 270   M    M   1 1      17 280
26  82  54  68  -2   0   3 0.00  0.0    0  3.6 13 280   M    M   1 1      19 230
27  76  57  67  -3   0   2 0.42  0.0    0  5.3 15 190   M    M   5 1      23 200
28  83  64  74   4   0   9 0.60  0.0    0  6.7 24 220   M    M   6 13     34 200
29  76  55  66  -4   0   1 0.00  0.0    0  7.3 17 300   M    M   4        24 320
30  76  54  65  -5   0   0 0.00  0.0    0  2.7  9 290   M    M   7        13 280
31  79  52  66  -4   0   1 0.25  0.0    0  2.7 24 280   M    M   6 12     35 270
================================================================================
SM 2550 1814         0 175  7.49     0.0 150.3          M       99
================================================================================
AV 82.3 58.5                               4.8 FASTST   M    M   3    MAX(MPH)
                                 MISC ---->  # 28 320               # 39  320
================================================================================
NOTES:
# LAST OF SEVERAL OCCURRENCES

COLUMN 17 PEAK WIND IN M.P.H.

PRELIMINARY LOCAL CLIMATOLOGICAL DATA (WS FORM: F-6) , PAGE 2

                                          STATION:  CONCORD NH
                                          MONTH:    JULY
                                          YEAR:     2014
                                          LATITUDE:   43 12 N
                                          LONGITUDE:  71 30 W

[TEMPERATURE DATA]      [PRECIPITATION DATA]       SYMBOLS USED IN COLUMN 16

AVERAGE MONTHLY: 70.4   TOTAL FOR MONTH:   7.49    1 = FOG OR MIST
DPTR FM NORMAL:   0.4   DPTR FM NORMAL:    3.75    2 = FOG REDUCING VISIBILITY
HIGHEST:    92 ON  2    GRTST 24HR  1.98 ON  3- 4      TO 1/4 MILE OR LESS
LOWEST:     49 ON 25                               3 = THUNDER
                        SNOW, ICE PELLETS, HAIL    4 = ICE PELLETS
                        TOTAL MONTH:   0.0 INCH    5 = HAIL
                        GRTST 24HR     0.0         6 = FREEZING RAIN OR DRIZZLE
                        GRTST DEPTH:   0           7 = DUSTSTORM OR SANDSTORM:
                                                       VSBY 1/2 MILE OR LESS
                                                   8 = SMOKE OR HAZE
[NO. OF DAYS WITH]      [WEATHER - DAYS WITH]      9 = BLOWING SNOW
                                                   X = TORNADO
MAX 32 OR BELOW:   0    0.01 INCH OR MORE:  14
MAX 90 OR ABOVE:   3    0.10 INCH OR MORE:  12
MIN 32 OR BELOW:   0    0.50 INCH OR MORE:   7
MIN  0 OR BELOW:   0    1.00 INCH OR MORE:   2

[HDD (BASE 65) ]
TOTAL THIS MO.     0    CLEAR  (SCALE 0-3)  18
DPTR FM NORMAL   -17    PTCLDY (SCALE 4-7)  11
TOTAL FM JUL 1     0    CLOUDY (SCALE 8-10)  2
DPTR FM NORMAL   -17

[CDD (BASE 65) ]
TOTAL THIS MO.   175
DPTR FM NORMAL     3    [PRESSURE DATA]
TOTAL FM JAN 1   250    HIGHEST SLP 30.29 ON 19
DPTR FM NORMAL   -24    LOWEST  SLP 29.42 ON 28

[REMARKS]
#FINAL-07-14#
