000
CXUS55 KPUB 011606
CF6COS

PRELIMINARY LOCAL CLIMATOLOGICAL DATA (WS FORM: F-6)

                                          STATION:   COLORADO SPRINGS CO
                                          MONTH:     JULY
                                          YEAR:      2015
                                          LATITUDE:   38 49 N
                                          LONGITUDE: 104 43 W

  TEMPERATURE IN F:       :PCPN:    SNOW:  WIND      :SUNSHINE: SKY     :PK WND
================================================================================
1   2   3   4   5  6A  6B    7    8   9   10  11  12  13   14  15   16   17  18
                                     12Z  AVG MX 2MIN
DY MAX MIN AVG DEP HDD CDD  WTR  SNW DPTH SPD SPD DIR MIN PSBL S-S WX    SPD DR
================================================================================

 1  87  62  75   5   0  10 0.09  0.0    0  8.4 28 340   M    M   7 13     32 340
 2  76  57  67  -3   0   2    T  0.0    0  8.6 26 360   M    M   7 3      32 360
 3  82  55  69  -1   0   4 0.32  0.0    0  6.8 33 340   M    M   5 3      41 330
 4  87  56  72   2   0   7    T  0.0    0  9.2 38 260   M    M   5 3      45 260
 5  88  59  74   4   0   9 0.03  0.0    0  9.2 28  10   M    M   8        35  10
 6  73  57  65  -5   0   0 0.06  0.0    0 13.2 25  60   M    M   9 13     30  50
 7  61  54  58 -13   7   0 0.01  0.0    0  9.2 18 180   M    M   8 1      22 170
 8  68  56  62  -9   3   0 0.06  0.0    0  6.4 17  10   M    M   8 138    20  20
 9  76  56  66  -5   0   1 0.45  0.0    0  7.7 22  10   M    M   9 138    28 330
10  81  54  68  -3   0   3 0.00  0.0    0  7.1 17 170   M    M   5        22 170
11  85  58  72   1   0   7 0.00  0.0    0  8.9 16 330   M    M   3        19 330
12  86  57  72   1   0   7 0.00  0.0    0  7.9 22 220   M    M   6        26 230
13  87  63  75   4   0  10    T  0.0    0  9.5 22 310   M    M   8        27 290
14  84  61  73   2   0   8 0.05  0.0    0  8.9 20 320   M    M   8 3      25 310
15  83  56  70  -1   0   5 1.49  0.0    0  7.0 33 350   M    M   5 13     39 350
16  84  54  69  -2   0   4    T  0.0    0  7.4 24 300   M    M   4 3      30 300
17  87  57  72   1   0   7 0.02  0.0    0  8.0 24 330   M    M   4 3      32 320
18  86  60  73   2   0   8    T  0.0    0  8.9 26 270   M    M   7        32 340
19  84  56  70  -1   0   5 0.03  0.0    0  6.7 25 330   M    M   7 3      32 340
20  80  58  69  -2   0   4    T  0.0    0  7.8 22 220   M    M   7        27 220
21  79  60  70  -1   0   5 0.12  0.0    0 10.6 30 170   M    M   7 13     38 140
22  84  55  70  -1   0   5 0.00  0.0    0  6.8 18  50   M    M   4        27  10
23  90  57  74   3   0   9 0.00  0.0    0  5.8 15 110   M    M   4        20 120
24  87  64  76   5   0  11    T  0.0    0 12.1 21 350   M    M   6        26 340
25  89  60  75   4   0  10 0.00  0.0    0  9.0 24 360   M    M   5        29  10
26  88  62  75   4   0  10 0.41    T    0  6.5 23 290   M    M   5 35     28 290
27  90  59  75   4   0  10 0.00  0.0    0  8.3 24 200   M    M   5        32 200
28  85  59  72   1   0   7 0.00  0.0    0 13.8 24 190   M    M   3        32 190
29  80  56  68  -3   0   3    T  0.0    0  7.7 23 130   M    M   7        28 140
30  85  56  71   0   0   6 0.00  0.0    0  6.2 21  70   M    M   6        25  50
31  84  56  70   0   0   5 0.00  0.0    0  6.1 21 190   M    M   5        25 290
================================================================================
SM 2566 1790        10 182 3.14    T     259.7          M      187
================================================================================
AV 82.8 57.7                               8.4 FASTST   M    M   6    MAX(MPH)
                                 MISC ---->    38 260                     45 260
================================================================================
NOTES:
# LAST OF SEVERAL OCCURRENCES

COLUMN  8 - 7/26  HAIL
COLUMN 17 PEAK WIND IN M.P.H.

PRELIMINARY LOCAL CLIMATOLOGICAL DATA (WS FORM: F-6) , PAGE 2

                                          STATION:  COLORADO SPRINGS CO
                                          MONTH:    JULY
                                          YEAR:     2015
                                          LATITUDE:   38 49 N
                                          LONGITUDE: 104 43 W

[TEMPERATURE DATA]      [PRECIPITATION DATA]       SYMBOLS USED IN COLUMN 16

AVERAGE MONTHLY: 70.3   TOTAL FOR MONTH:   3.14    1 = FOG OR MIST
DPTR FM NORMAL:  -0.6   DPTR FM NORMAL:    0.30    2 = FOG REDUCING VISIBILITY
HIGHEST:    90 ON 27,23 GRTST 24HR  1.53 ON 14-15      TO 1/4 MILE OR LESS
LOWEST:     54 ON 16 #                             3 = THUNDER
                        SNOW, ICE PELLETS, HAIL    4 = ICE PELLETS
                        TOTAL MONTH:    T (HAIL)   5 = HAIL
                        GRTST 24HR    T  ON 26     6 = FREEZING RAIN OR DRIZZLE
                        GRTST DEPTH:   0           7 = DUSTSTORM OR SANDSTORM:
                                                       VSBY 1/2 MILE OR LESS
                                                   8 = SMOKE OR HAZE
[NO. OF DAYS WITH]      [WEATHER - DAYS WITH]      9 = BLOWING SNOW
                                                   X = TORNADO
MAX 32 OR BELOW:   0    0.01 INCH OR MORE:  13
MAX 90 OR ABOVE:   2    0.10 INCH OR MORE:   5
MIN 32 OR BELOW:   0    0.50 INCH OR MORE:   1
MIN  0 OR BELOW:   0    1.00 INCH OR MORE:   1

[HDD (BASE 65) ]
TOTAL THIS MO.    10    CLEAR  (SCALE 0-3)   2
DPTR FM NORMAL     0    PTCLDY (SCALE 4-7)  27
TOTAL FM JUL 1    10    CLOUDY (SCALE 8-10)  2
DPTR FM NORMAL     0

[CDD (BASE 65) ]
TOTAL THIS MO.   182
DPTR FM NORMAL    -9    [PRESSURE DATA]
TOTAL FM JAN 1   304    HIGHEST SLP 30.20 ON 31
DPTR FM NORMAL    20    LOWEST  SLP 29.66 ON 27

[REMARKS]
