000
CXUS54 KCRP 011300
CF6COT
PRELIMINARY LOCAL CLIMATOLOGICAL DATA (WS FORM: F-6)

                                          STATION:   COTULLA
                                          MONTH:     FEBRUARY
                                          YEAR:      2015
                                          LATITUDE:   28 27 N
                                          LONGITUDE:  99 13 W

  TEMPERATURE IN F:       :PCPN:    SNOW:  WIND      :SUNSHINE: SKY     :PK WND
================================================================================
1   2   3   4   5  6A  6B    7    8   9   10  11  12  13   14  15   16   17  18
                                     12Z  AVG MX 2MIN
DY MAX MIN AVG DEP HDD CDD  WTR  SNW DPTH SPD SPD DIR MIN PSBL S-S WX    SPD DR
================================================================================

 1  76  54  65   8   0   0 0.00  0.0    0  7.3 24  40   M    M   4 12     30  40
 2  56  43  50  -7  15   0    T    M    0  5.0 18  30   M    M   3        25  40
 3  49  42  46 -11  19   0 0.64    M    0  5.1  9  60   M    M   9 1      12 150
 4  56  45  51  -6  14   0 0.02    M    0  3.7 12  60   M    M   6 1      15  60
 5  52  46  49  -8  16   0    T    M    0  6.9 18 360   M    M   9 1      22  10
 6  58  46  52  -6  13   0 0.00  0.0    0  4.4  8 130   M    M  10        11 110
 7  74  53  64   6   1   0 0.00  0.0    0  4.9 12 160   M    M   6        17 180
 8  84  52  68  10   0   3 0.00  0.0    0  5.7 14 330   M    M   3 12     17 340
 9  85  50  68  10   0   3 0.00  0.0    0  5.3 12  10   M    M   0        15  10
10  87  50  69  11   0   4 0.00  0.0    0  8.0 17 150   M    M   0        21 150
11  79  52  66   8   0   1 0.00  0.0    0 10.5 21 130   M    M   1 8      28 140
12  70  57  64   6   1   0    T  0.0    0  9.3 23  50   M    M   5        29  30
13  73  54  64   5   1   0 0.00  0.0    0  4.3 12 150   M    M   6        23 120
14  74  52  63   4   2   0 0.00  0.0    0  4.2 12 180   M    M   5 18     16 160
15  76  62  69  10   0   4 0.02  0.0    0  8.5 18 150   M    M   6 1      26 140
16  66  45  56  -3   9   0 0.01    M    0 10.3 29  10   M    M   5 18     36  20
17  60  43  52  -7  13   0 0.00  0.0    0  7.2 16  20   M    M   6 8      20  20
18  69  34  52  -8  13   0 0.00  0.0    0  7.2 17 130   M    M   0        24 140
19  75  45  60   0   5   0 0.00  0.0    0 10.4 20 150   M    M   1        26 180
20  85  55  70  10   0   5 0.00  0.0    0 10.1 18 160   M    M   1 8      25 150
21  88  59  74  14   0   9    T  0.0    0  7.2 15 160   M    M   0 18     19 160
22  84  49  67   7   0   2 0.00  0.0    0 12.7 28  50   M    M   7 18     39  40
23  49  36  43 -18  22   0 0.02    M    0 11.5 20 350   M    M  10 1      25  20
24  43  35  39 -22  26   0 0.00  0.0    0  5.1 10 350   M    M  10 1      11 360
25  70  35  53  -8  12   0 0.00  0.0    0  8.8 24 320   M    M   2 18     29 320
26  71  41  56  -5   9   0 0.00  0.0    0 12.3 25  60   M    M   2 8      35  50
27  42  36  39 -23  26   0 0.01    M    0 10.5 17  60   M    M  10 18     22  70
28  43  36  40 -22  25   0 0.04    M    0  6.6 12  60   M    M  10 1      16  70
================================================================================
SM 1894 1307       242  31  0.76     0.0 213.0          M      137
================================================================================
AV 67.6 46.7                               7.6 FASTST   M    M   5    MAX(MPH)
                                 MISC ---->  # 29  10                 39    M
================================================================================
NOTES:
# LAST OF SEVERAL OCCURRENCES

COLUMN 17 PEAK WIND IN M.P.H.

PRELIMINARY LOCAL CLIMATOLOGICAL DATA (WS FORM: F-6) , PAGE 2

                                          STATION:  COTULLA
                                          MONTH:    FEBRUARY
                                          YEAR:     2015
                                          LATITUDE:   28 27 N
                                          LONGITUDE:  99 13 W

[TEMPERATURE DATA]      [PRECIPITATION DATA]       SYMBOLS USED IN COLUMN 16

AVERAGE MONTHLY: 57.2   TOTAL FOR MONTH:   0.76    1 = FOG OR MIST
DPTR FM NORMAL:  -1.9   DPTR FM NORMAL:   -0.62    2 = FOG REDUCING VISIBILITY
HIGHEST:    88 ON 21    GRTST 24HR  0.64 ON  3- 3      TO 1/4 MILE OR LESS
LOWEST:     34 ON 18                               3 = THUNDER
                        SNOW, ICE PELLETS, HAIL    4 = ICE PELLETS
                        TOTAL MONTH:   0.0 INCH    5 = HAIL
                        GRTST 24HR     0.0         6 = FREEZING RAIN OR DRIZZLE
                        GRTST DEPTH:   0           7 = DUSTSTORM OR SANDSTORM:
                                                       VSBY 1/2 MILE OR LESS
                                                   8 = SMOKE OR HAZE
[NO. OF DAYS WITH]      [WEATHER - DAYS WITH]      9 = BLOWING SNOW
                                                   X = TORNADO
MAX 32 OR BELOW:   0    0.01 INCH OR MORE:   7
MAX 90 OR ABOVE:   0    0.10 INCH OR MORE:   1
MIN 32 OR BELOW:   0    0.50 INCH OR MORE:   1
MIN  0 OR BELOW:   0    1.00 INCH OR MORE:   0

[HDD (BASE 65) ]
TOTAL THIS MO.   242    CLEAR  (SCALE 0-3)  11
DPTR FM NORMAL    38    PTCLDY (SCALE 4-7)  10
TOTAL FM JUL 1   899    CLOUDY (SCALE 8-10)  7
DPTR FM NORMAL   -79

[CDD (BASE 65) ]
TOTAL THIS MO.    31
DPTR FM NORMAL    -7    [PRESSURE DATA]
TOTAL FM JAN 1    38    HIGHEST SLP 30.48 ON 23
DPTR FM NORMAL   -17    LOWEST  SLP 29.73 ON 20

[REMARKS]
#FINAL-02-15#
