000
CXUS53 KLSX 261600
CF6COU
PRELIMINARY LOCAL CLIMATOLOGICAL DATA (WS FORM: F-6)

                                          STATION:   COLUMBIA ASOS
                                          MONTH:     FEBRUARY
                                          YEAR:      2015
                                          LATITUDE:   38 49 N
                                          LONGITUDE:  92 13 W

  TEMPERATURE IN F:       :PCPN:    SNOW:  WIND      :SUNSHINE: SKY     :PK WND
================================================================================
1   2   3   4   5  6A  6B    7    8   9   10  11  12  13   14  15   16   17  18
                                     12Z  AVG MX 2MIN
DY MAX MIN AVG DEP HDD CDD  WTR  SNW DPTH SPD SPD DIR MIN PSBL S-S WX    SPD DR
================================================================================

 1  38  19  29  -2  36   0 0.47  0.8    1 12.4 28 340   M    M  10 16     35 330
 2  23  11  17 -14  48   0 0.01    T    T  8.3 25 320   M    M   5 1      31 320
 3  47  19  33   2  32   0 0.00  0.0    0  9.5 21 210   M    M   0        27 200
 4  38  11  25  -7  40   0 0.02  0.1    0 12.5 23 360   M    M   4 16     29 360
 5  27   5  16 -16  49   0 0.00  0.0    T  6.3 13 360   M    M   1        15 360
 6  55  21  38   6  27   0 0.00  0.0    0 10.3 23 210   M    M   0        29 210
 7  69  33  51  19  14   0 0.00  0.0    0 12.7 24 220   M    M   0        30 220
 8  64  38  51  19  14   0 0.00  0.0    0 12.1 20 320   M    M   1 18     24 330
 9  39  27  33   0  32   0 0.00  0.0    0 10.7 18 360   M    M   9 18     22  10
10  43  22  33   0  32   0 0.00  0.0    0  7.3 15 140   M    M   2 1      19 150
11  40  26  33   0  32   0 0.00  0.0    0 11.7 24 330   M    M   5        30 330
12  29  12  21 -12  44   0    T    T    0 11.4 32 340   M    M   4        39 350
13  45  18  32  -2  33   0 0.06  0.5    1  8.1 14 270   M    M   4 1      17 230
14  38  13  26  -8  39   0 0.00  0.0    0 13.8 28 350   M    M   4        34 360
15  20  11  16 -18  49   0 0.17  1.5    0 12.1 17 100   M    M   7 1      22  80
16  22  13  18 -17  47   0 0.13  1.5    2  7.7 13 350   M    M   9 18     14 350
17  34  16  25 -10  40   0 0.01  0.3    2  7.8 25 320   M    M   8 1      30 310
18  19   6  13 -22  52   0 0.00  0.0    1 13.2 30 310   M    M   1        36 310
19  20   1  11 -25  54   0 0.00  0.0    1  5.1 10  60   M    M   4        12 110
20  30  15  23 -13  42   0 0.02    T    1 10.8 22 160   M    M   8 16     26 160
21  41  27  34  -2  31   0 0.15  0.3    1  7.5 20 360   M    M   7 168    22  10
22  28  11  20 -17  45   0 0.00  0.0    T 14.6 23 340   M    M   5        27 340
23  20   5  13 -24  52   0 0.00  0.0    0  7.7 17 360   M    M   0        21 360
24  41   8  25 -12  40   0 0.00  0.0    0 10.9 24 250   M    M   0        31 250
25  49  20  35  -3  30   0    T    T    0  5.8 15 190   M    M   2        21 150
================================================================================
SM  919  408       954   0  1.04     5.0 250.3          M      100
================================================================================
AV 36.8 16.3                              10.0 FASTST   M    M   4    MAX(MPH)
                                 MISC ---->  # 32 340               # 39  350
================================================================================
NOTES:
# LAST OF SEVERAL OCCURRENCES

COLUMN 17 PEAK WIND IN M.P.H.

PRELIMINARY LOCAL CLIMATOLOGICAL DATA (WS FORM: F-6) , PAGE 2

                                          STATION:  COLUMBIA ASOS
                                          MONTH:    FEBRUARY
                                          YEAR:     2015
                                          LATITUDE:   38 49 N
                                          LONGITUDE:  92 13 W

[TEMPERATURE DATA]      [PRECIPITATION DATA]       SYMBOLS USED IN COLUMN 16

AVERAGE MONTHLY: 26.5   TOTAL FOR MONTH:   1.04    1 = FOG OR MIST
DPTR FM NORMAL:  -7.4   DPTR FM NORMAL:   -0.95    2 = FOG REDUCING VISIBILITY
HIGHEST:    69 ON  7    GRTST 24HR  0.70 ON 31- 1      TO 1/4 MILE OR LESS
LOWEST:      1 ON 19                               3 = THUNDER
                        SNOW, ICE PELLETS, HAIL    4 = ICE PELLETS
                        TOTAL MONTH:   5.0 INCHES  5 = HAIL
                        GRTST 24HR   1.5 ON 16-16  6 = FREEZING RAIN OR DRIZZLE
                        GRTST DEPTH:   2 ON 17,16  7 = DUSTSTORM OR SANDSTORM:
                                                       VSBY 1/2 MILE OR LESS
                                                   8 = SMOKE OR HAZE
[NO. OF DAYS WITH]      [WEATHER - DAYS WITH]      9 = BLOWING SNOW
                                                   X = TORNADO
MAX 32 OR BELOW:  10    0.01 INCH OR MORE:   9
MAX 90 OR ABOVE:   0    0.10 INCH OR MORE:   4
MIN 32 OR BELOW:  23    0.50 INCH OR MORE:   0
MIN  0 OR BELOW:   0    1.00 INCH OR MORE:   0

[HDD (BASE 65) ]
TOTAL THIS MO.   954    CLEAR  (SCALE 0-3)  10
DPTR FM NORMAL   177    PTCLDY (SCALE 4-7)  11
TOTAL FM JUL 1  3913    CLOUDY (SCALE 8-10)  4
DPTR FM NORMAL    47

[CDD (BASE 65) ]
TOTAL THIS MO.     0
DPTR FM NORMAL     0    [PRESSURE DATA]
TOTAL FM JAN 1     0    HIGHEST SLP M ON M
DPTR FM NORMAL     0    LOWEST  SLP 29.65 ON  1

[REMARKS]
