000
CXUS55 KRIW 260901
CF6CPR
PRELIMINARY LOCAL CLIMATOLOGICAL DATA (WS FORM: F-6)

                                          STATION:   CASPER WY
                                          MONTH:     MARCH
                                          YEAR:      2015
                                          LATITUDE:   42 55 N
                                          LONGITUDE: 106 28 W

  TEMPERATURE IN F:       :PCPN:    SNOW:  WIND      :SUNSHINE: SKY     :PK WND
================================================================================
1   2   3   4   5  6A  6B    7    8   9   10  11  12  13   14  15   16   17  18
                                     12Z  AVG MX 2MIN
DY MAX MIN AVG DEP HDD CDD  WTR  SNW DPTH SPD SPD DIR MIN PSBL S-S WX    SPD DR
================================================================================

 1  30   5  18 -12  47   0    T    T    T  4.3 16 250   M    M   2 1      20 250
 2  41  16  29  -2  36   0 0.48  5.1    0  7.7 23  40   M    M   6 12     31  40
 3  23 -13   5 -26  60   0 0.05  3.7    8  8.0 26  10   M    M   8 18     33  10
 4  15  -8   4 -28  61   0 0.00  0.0    5 12.3 22 230   M    M   0        26 230
 5  33  13  23  -9  42   0 0.00  0.0    4 16.8 26 220   M    M   1        33 220
 6  41  24  33   1  32   0 0.00  0.0    3 15.4 25 210   M    M   2        29 210
 7  48  27  38   5  27   0 0.00  0.0    2 11.7 23 220   M    M   0        30 220
 8  50  20  35   2  30   0 0.00  0.0    1  8.4 16 220   M    M   0        19 230
 9  54  25  40   7  25   0 0.00  0.0    T 10.5 20 210   M    M   0        24 210
10  57  28  43   9  22   0 0.00  0.0    0 11.5 20 210   M    M   0        24 210
11  59  34  47  13  18   0 0.00  0.0    0 16.1 28 210   M    M   0        33 240
12  58  29  44  10  21   0 0.00  0.0    0  6.9 17 200   M    M   2        22 200
13  59  29  44  10  21   0 0.00  0.0    0  4.4 14 350   M    M   3        19 360
14  64  32  48  13  17   0 0.00  0.0    0 19.6 33 220   M    M   0        44 240
15  73  49  61  26   4   0 0.00  0.0    0 18.1 32 210   M    M   0        41 220
16  64  36  50  15  15   0 0.00  0.0    0 17.3 26 210   M    M   4        33  40
17  49  26  38   2  27   0 0.00  0.0    0  8.6 18  70   M    M   5 1      23  90
18  60  25  43   7  22   0    T  0.0    0  8.6 20  30   M    M   3 1      24  30
19  56  25  41   5  24   0 0.00  0.0    0  5.9 17 280   M    M   2        23 290
20  67  28  48  12  17   0 0.00  0.0    0 10.6 26 210   M    M   0        33 220
21  71  25  48  11  17   0 0.00  0.0    0 10.4 23 220   M    M   1        30 210
22  61  29  45   8  20   0 0.00  0.0    0  6.9 20 260   M    M   1        26 280
23  58  30  44   7  21   0    T  0.0    0 12.0 36 230   M    M   5        44 230
24  49  31  40   3  25   0 0.01  0.0    0 14.6 32 310   M    M   6 1      41 300
25  47  28  38   0  27   0 0.10  0.5    T  6.3 21 260   M    M   8 1      25 260
================================================================================
SM 1287  593       678   0  0.64     9.3 272.9          M       59
================================================================================
AV 51.5 23.7                              10.9 FASTST   M    M   2    MAX(MPH)
                                 MISC ---->  # 36 230               # 44  240
================================================================================
NOTES:
# LAST OF SEVERAL OCCURRENCES

COLUMN 17 PEAK WIND IN M.P.H.

PRELIMINARY LOCAL CLIMATOLOGICAL DATA (WS FORM: F-6) , PAGE 2

                                          STATION:  CASPER WY
                                          MONTH:    MARCH
                                          YEAR:     2015
                                          LATITUDE:   42 55 N
                                          LONGITUDE: 106 28 W

[TEMPERATURE DATA]      [PRECIPITATION DATA]       SYMBOLS USED IN COLUMN 16

AVERAGE MONTHLY: 37.6   TOTAL FOR MONTH:   0.64    1 = FOG OR MIST
DPTR FM NORMAL:   3.3   DPTR FM NORMAL:    0.01    2 = FOG REDUCING VISIBILITY
HIGHEST:    73 ON 15    GRTST 24HR  0.48 ON  2- 2      TO 1/4 MILE OR LESS
LOWEST:    -13 ON  3                               3 = THUNDER
                        SNOW, ICE PELLETS, HAIL    4 = ICE PELLETS
                        TOTAL MONTH:   9.3 INCHES  5 = HAIL
                        GRTST 24HR   5.1 ON   M    6 = FREEZING RAIN OR DRIZZLE
                        GRTST DEPTH:   8 ON  3     7 = DUSTSTORM OR SANDSTORM:
                                                       VSBY 1/2 MILE OR LESS
                                                   8 = SMOKE OR HAZE
[NO. OF DAYS WITH]      [WEATHER - DAYS WITH]      9 = BLOWING SNOW
                                                   X = TORNADO
MAX 32 OR BELOW:   3    0.01 INCH OR MORE:   4
MAX 90 OR ABOVE:   0    0.10 INCH OR MORE:   2
MIN 32 OR BELOW:  22    0.50 INCH OR MORE:   0
MIN  0 OR BELOW:   2    1.00 INCH OR MORE:   0

[HDD (BASE 65) ]
TOTAL THIS MO.   678    CLEAR  (SCALE 0-3)  18
DPTR FM NORMAL   -87    PTCLDY (SCALE 4-7)   7
TOTAL FM JUL 1  5729    CLOUDY (SCALE 8-10)  0
DPTR FM NORMAL  -484

[CDD (BASE 65) ]
TOTAL THIS MO.     0
DPTR FM NORMAL     0    [PRESSURE DATA]
TOTAL FM JAN 1     0    HIGHEST SLP M ON M
DPTR FM NORMAL     0    LOWEST  SLP 29.61 ON  2

[REMARKS]
