000
CXUS55 KLOX 181155
CF6CQT
PRELIMINARY LOCAL CLIMATOLOGICAL DATA (WS FORM: F-6)

                                          STATION:   DOWNTOWN LOS ANGELES (USC) CA
                                          MONTH:     JANUARY
                                          YEAR:      2017
                                          LATITUDE:   34  1 N
                                          LONGITUDE: 118 17 W

  TEMPERATURE IN F:       :PCPN:    SNOW:  WIND      :SUNSHINE: SKY     :PK WND
================================================================================
1   2   3   4   5  6A  6B    7    8   9   10  11  12  13   14  15   16   17  18
                                     12Z  AVG MX 2MIN
DY MAX MIN AVG DEP HDD CDD  WTR  SNW DPTH SPD SPD DIR MIN PSBL S-S WX    SPD DR
================================================================================

 1  62  43  53  -5  12   0 0.00  0.0    0  1.1  8 100   M    M   2 18     12 100
 2  58  51  55  -3  10   0 0.00  0.0    0  1.8  7 120   M    M   6        11 140
 3  60  48  54  -4  11   0 0.00  0.0    0  0.1  5  50   M    M   2         6  50
 4  63  47  55  -3  10   0 0.03    M    0  1.0  8  90   M    M   8 18     13 100
 5  65  54  60   2   5   0 0.39  0.0    0  3.7  9 270   M    M   9 1      13 110
 6  66  51  59   1   6   0 0.00  0.0    0  1.3  7 270   M    M   2 1      10 270
 7  70  51  61   3   4   0 0.07  0.0    0  1.7  7  90   M    M   6        12  80
 8  79  53  66   8   0   1 0.00  0.0    0  1.2  9 280   M    M   0        13 260
 9  64  55  60   2   5   0 0.77  0.0    0  2.3 12 100   M    M   5 1      17 100
10  61  51  56  -2   9   0 0.07  0.0    0  1.2  7 270   M    M   6 18     12 280
11  66  55  61   3   4   0 0.39  0.0    0  2.2  9 270   M    M   6 1      14 270
12  58  53  56  -2   9   0 1.13  0.0    0  2.8  8  90   M    M   9 1      11 110
13  62  49  56  -2   9   0 0.00  0.0    0  0.7  7 280   M    M   4 1      11 270
14  72  47  60   2   5   0 0.00  0.0    0  0.6  6 100   M    M   0 1      10 170
15  66  53  60   2   5   0 0.00  0.0    M  2.7  8 130   M    M   7        13 180
16  66  52  59   1   6   0 0.00  0.0    0  0.7 10 270   M    M   4        15 270
17  68  46  57  -1   8   0 0.00  0.0    0  1.6 10 280   M    M   0        13 270
================================================================================
SM 1106  859       118   1  2.85     0.0  26.8          M       76
================================================================================
AV 65.1 50.5                               1.6 FASTST   M    M   4    MAX(MPH)
                                 MISC ---->  # 12 100               # 17  100
================================================================================
NOTES:
# LAST OF SEVERAL OCCURRENCES

COLUMN 17 PEAK WIND IN M.P.H.

PRELIMINARY LOCAL CLIMATOLOGICAL DATA (WS FORM: F-6) , PAGE 2

                                          STATION:  DOWNTOWN LOS ANGELES (USC) CA
                                          MONTH:    JANUARY
                                          YEAR:     2017
                                          LATITUDE:   34  1 N
                                          LONGITUDE: 118 17 W

[TEMPERATURE DATA]      [PRECIPITATION DATA]       SYMBOLS USED IN COLUMN 16

AVERAGE MONTHLY: 57.8   TOTAL FOR MONTH:   2.85    1 = FOG OR MIST
DPTR FM NORMAL:  -0.2   DPTR FM NORMAL:    1.09    2 = FOG REDUCING VISIBILITY
HIGHEST:    79 ON  8    GRTST 24HR  1.18 ON 11-12      TO 1/4 MILE OR LESS
LOWEST:     43 ON  1                               3 = THUNDER
                        SNOW, ICE PELLETS, HAIL    4 = ICE PELLETS
                        TOTAL MONTH:   0.0 INCH    5 = HAIL
                        GRTST 24HR     0.0         6 = FREEZING RAIN OR DRIZZLE
                        GRTST DEPTH:   0           7 = DUSTSTORM OR SANDSTORM:
                                                       VSBY 1/2 MILE OR LESS
                                                   8 = SMOKE OR HAZE
[NO. OF DAYS WITH]      [WEATHER - DAYS WITH]      9 = BLOWING SNOW
                                                   X = TORNADO
MAX 32 OR BELOW:   0    0.01 INCH OR MORE:   7
MAX 90 OR ABOVE:   0    0.10 INCH OR MORE:   4
MIN 32 OR BELOW:   0    0.50 INCH OR MORE:   2
MIN  0 OR BELOW:   0    1.00 INCH OR MORE:   1

[HDD (BASE 65) ]
TOTAL THIS MO.   118    CLEAR  (SCALE 0-3)   6
DPTR FM NORMAL    -7    PTCLDY (SCALE 4-7)   9
TOTAL FM JUL 1   386    CLOUDY (SCALE 8-10)  2
DPTR FM NORMAL  -104

[CDD (BASE 65) ]
TOTAL THIS MO.     1
DPTR FM NORMAL     1    [PRESSURE DATA]
TOTAL FM JAN 1     1    HIGHEST SLP M ON M
DPTR FM NORMAL     1    LOWEST  SLP 29.83 ON  1

[REMARKS]
