000
CXUS52 KILM 231000
CF6CRE
PRELIMINARY LOCAL CLIMATOLOGICAL DATA (WS FORM: F-6)

                                          STATION:   N.MYRTLE BEACH SOUTH CAROLINA
                                          MONTH:     JUNE
                                          YEAR:      2017
                                          LATITUDE:   33 49 N
                                          LONGITUDE:  78 43 W

  TEMPERATURE IN F:       :PCPN:    SNOW:  WIND      :SUNSHINE: SKY     :PK WND
================================================================================
1   2   3   4   5  6A  6B    7    8   9   10  11  12  13   14  15   16   17  18
                                     12Z  AVG MX 2MIN
DY MAX MIN AVG DEP HDD CDD  WTR  SNW DPTH SPD SPD DIR MIN PSBL S-S WX    SPD DR
================================================================================

 1  84  70  77   3   0  12 0.00    M    M  7.5 18 210   M    M   1        22 210
 2  87  71  79   5   0  14 0.00    M    M  7.1 20 220   M    M   1        22 220
 3  85  67  76   2   0  11 0.05    M    M  5.0 14 220   M    M   3 13     19 190
 4  83  68  76   2   0  11 0.00    M    M  8.1 18 190   M    M   1 1      22 200
 5  84  71  78   3   0  13 0.12    M    M 12.3 22 210   M    M   4 13     27 210
 6  83  70  77   2   0  12 0.62    M    M  5.5 13 210   M    M   6 13     17  10
 7  73  62  68  -7   0   3 0.48    M    M 10.4 22  50   M    M   6 1      25  60
 8  67  57  62 -13   3   0 0.19    M    M 10.4 21  40   M    M   8 1      29  30
 9  79  54  67  -9   0   2 0.00    M    M  7.3 17 200   M    M   1 12     22 190
10  82  63  73  -3   0   8 0.00    M    M  6.7 15 170   M    M   0 1      19 170
11  82  64  73  -3   0   8 0.00    M    M  4.9 13 200   M    M   1 12     17 190
12  83  63  73  -3   0   8 0.00    M    M  3.9 12 190   M    M   0 12     15 160
13  82  62  72  -4   0   7 0.00    M    M  5.7 16 190   M    M   0 1      19 190
14  89  72  81   4   0  16    T    M    M 10.4 23 210   M    M   1        28 220
15  89  73  81   4   0  16 0.04    M    M  6.6 23 210   M    M   2        30 220
16  85  72  79   2   0  14    T    M    M 10.0 21 200   M    M   1 3      25 210
17  84  77  81   4   0  16    T    M    M 10.5 17 190   M    M   1        22 180
18  86  78  82   4   0  17    T    M    M 12.5 16 180   M    M   2        23 180
19  86  79  83   5   0  18    T    M    M 13.8 23 210   M    M   4 3      29 200
20  86  74  80   2   0  15 0.62    M    M  6.1 20 220   M    M   5 13     25 230
21  80  73  77  -1   0  12 0.11    M    M  4.5 10  20   M    M   7 1      14 160
22  83  76  80   2   0  15 0.61    M    M  6.2 22 230   M    M   3 13     24 220
================================================================================
SM 1822 1516         3 248  2.84    M    175.4          M       58
================================================================================
AV 82.8 68.9                               8.0 FASTST   M    M   3    MAX(MPH)
                                 MISC ---->  # 23 210               # 30  220
================================================================================
NOTES:
# LAST OF SEVERAL OCCURRENCES

COLUMN 17 PEAK WIND IN M.P.H.

PRELIMINARY LOCAL CLIMATOLOGICAL DATA (WS FORM: F-6) , PAGE 2

                                          STATION:  N.MYRTLE BEACH SOUTH CAROLINA
                                          MONTH:    JUNE
                                          YEAR:     2017
                                          LATITUDE:   33 49 N
                                          LONGITUDE:  78 43 W

[TEMPERATURE DATA]      [PRECIPITATION DATA]       SYMBOLS USED IN COLUMN 16

AVERAGE MONTHLY: 75.9   TOTAL FOR MONTH:   2.84    1 = FOG OR MIST
DPTR FM NORMAL:  -0.2   DPTR FM NORMAL:   -0.52    2 = FOG REDUCING VISIBILITY
HIGHEST:    89 ON 15,14 GRTST 24HR  0.62 ON 20-20      TO 1/4 MILE OR LESS
LOWEST:     54 ON  9                               3 = THUNDER
                        SNOW, ICE PELLETS, HAIL    4 = ICE PELLETS
                        TOTAL MONTH:    M          5 = HAIL
                        GRTST 24HR    M  ON   M    6 = FREEZING RAIN OR DRIZZLE
                        GRTST DEPTH:  M  ON   M    7 = DUSTSTORM OR SANDSTORM:
                                                       VSBY 1/2 MILE OR LESS
                                                   8 = SMOKE OR HAZE
[NO. OF DAYS WITH]      [WEATHER - DAYS WITH]      9 = BLOWING SNOW
                                                   X = TORNADO
MAX 32 OR BELOW:   0    0.01 INCH OR MORE:   9
MAX 90 OR ABOVE:   0    0.10 INCH OR MORE:   7
MIN 32 OR BELOW:   0    0.50 INCH OR MORE:   3
MIN  0 OR BELOW:   0    1.00 INCH OR MORE:   0

[HDD (BASE 65) ]
TOTAL THIS MO.     3    CLEAR  (SCALE 0-3)  15
DPTR FM NORMAL     3    PTCLDY (SCALE 4-7)   6
TOTAL FM JUL 1  1809    CLOUDY (SCALE 8-10)  1
DPTR FM NORMAL  -638

[CDD (BASE 65) ]
TOTAL THIS MO.   248
DPTR FM NORMAL     4    [PRESSURE DATA]
TOTAL FM JAN 1   611    HIGHEST SLP M ON M
DPTR FM NORMAL   155    LOWEST  SLP 29.71 ON M

[REMARKS]
