623
CXUS52 KILM 211000
CF6CRE
PRELIMINARY LOCAL CLIMATOLOGICAL DATA (WS FORM: F-6)

                                          STATION:   N.MYRTLE BEACH SOUTH CAROLINA
                                          MONTH:     JANUARY
                                          YEAR:      2018
                                          LATITUDE:   33 49 N
                                          LONGITUDE:  78 43 W

  TEMPERATURE IN F:       :PCPN:    SNOW:  WIND      :SUNSHINE: SKY     :PK WND
================================================================================
1   2   3   4   5  6A  6B    7    8   9   10  11  12  13   14  15   16   17  18
                                     12Z  AVG MX 2MIN
DY MAX MIN AVG DEP HDD CDD  WTR  SNW DPTH SPD SPD DIR MIN PSBL S-S WX    SPD DR
================================================================================

 1  31  20  26 -20  39   0 0.00    M    M 11.3 22  30   M    M   3        31  30
 2  35  18  27 -19  38   0 0.00    M    M  7.9 21  30   M    M   0        29  20
 3  34  23  29 -17  36   0 0.06    M    M 10.8 22 340   M    M   7 16     33 340
 4  39  23  31 -15  34   0    T    M    M  9.8 17 320   M    M   2 1      28 290
 5  38  18  28 -18  37   0 0.00    M    M  4.0 13 310   M    M   0        19 300
 6  34  18  26 -20  39   0 0.00    M    M  6.7 16 350   M    M   0        20 360
 7  32  16  24 -22  41   0 0.00    M    M  5.9 15  40   M    M   0        20  40
 8  53  20  37  -9  28   0 0.00    M    M  4.9 14 100   M    M   2        17 110
 9  69  40  55   9  10   0 0.00    M    M  3.1 10  40   M    M   3        11  40
10  69  44  57  11   8   0 0.00    M    M  9.4 14  70   M    M   1        20  70
11  70  58  64  18   1   0 0.71    M    M 10.2 16 150   M    M   8 1      24 110
12  66  54  60  14   5   0 1.08    M    M 10.3 22 220   M    M  10 12     28 220
13  60  37  49   3  16   0 0.00    M    M  8.3 17 260   M    M   3        25 260
14  42  29  36  -9  29   0 0.00    M    M  9.2 18  20   M    M   0        24  30
15  46  25  36  -9  29   0 0.00    M    M  6.1 14  10   M    M   0        19 350
16  51  27  39  -6  26   0 0.00    M    M  2.8  9 180   M    M   0 1      12 160
17  55  31  43  -2  22   0 0.07    M    M  5.3 17 360   M    M   5 1      31 350
18  42  23  33 -12  32   0 0.00    M    M  7.4 14 340   M    M   2        23 360
19  52  25  39  -7  26   0 0.00    M    M  6.1 14 210   M    M   0        17 200
20  55  30  43  -3  22   0 0.00    M    M  6.5 20 220   M    M   0        23 220
================================================================================
SM  973  579       518   0  1.92    M    146.0          M       46
================================================================================
AV 48.7 29.0                               7.3 FASTST   M    M   2    MAX(MPH)
                                 MISC ---->  # 22  30               # 33  340
================================================================================
NOTES:
# LAST OF SEVERAL OCCURRENCES

COLUMN 17 PEAK WIND IN M.P.H.

PRELIMINARY LOCAL CLIMATOLOGICAL DATA (WS FORM: F-6) , PAGE 2

                                          STATION:  N.MYRTLE BEACH SOUTH CAROLINA
                                          MONTH:    JANUARY
                                          YEAR:     2018
                                          LATITUDE:   33 49 N
                                          LONGITUDE:  78 43 W

[TEMPERATURE DATA]      [PRECIPITATION DATA]       SYMBOLS USED IN COLUMN 16

AVERAGE MONTHLY: 38.8   TOTAL FOR MONTH:   1.92    1 = FOG OR MIST
DPTR FM NORMAL:  -6.9   DPTR FM NORMAL:   -0.29    2 = FOG REDUCING VISIBILITY
HIGHEST:    70 ON 11    GRTST 24HR  1.08 ON 12-12      TO 1/4 MILE OR LESS
LOWEST:     16 ON  7                               3 = THUNDER
                        SNOW, ICE PELLETS, HAIL    4 = ICE PELLETS
                        TOTAL MONTH:    M          5 = HAIL
                        GRTST 24HR    M  ON   M    6 = FREEZING RAIN OR DRIZZLE
                        GRTST DEPTH:  M  ON   M    7 = DUSTSTORM OR SANDSTORM:
                                                       VSBY 1/2 MILE OR LESS
                                                   8 = SMOKE OR HAZE
[NO. OF DAYS WITH]      [WEATHER - DAYS WITH]      9 = BLOWING SNOW
                                                   X = TORNADO
MAX 32 OR BELOW:   2    0.01 INCH OR MORE:   4
MAX 90 OR ABOVE:   0    0.10 INCH OR MORE:   2
MIN 32 OR BELOW:  15    0.50 INCH OR MORE:   2
MIN  0 OR BELOW:   0    1.00 INCH OR MORE:   1

[HDD (BASE 65) ]
TOTAL THIS MO.   518    CLEAR  (SCALE 0-3)  14
DPTR FM NORMAL   128    PTCLDY (SCALE 4-7)   5
TOTAL FM JUL 1  1340    CLOUDY (SCALE 8-10)  1
DPTR FM NORMAL    82

[CDD (BASE 65) ]
TOTAL THIS MO.     0
DPTR FM NORMAL     0    [PRESSURE DATA]
TOTAL FM JAN 1     0    HIGHEST SLP M ON M
DPTR FM NORMAL     0    LOWEST  SLP 29.65 ON 12

[REMARKS]
