000
CXUS52 KILM 271000
CF6CRE
PRELIMINARY LOCAL CLIMATOLOGICAL DATA (WS FORM: F-6)

                                          STATION:   N.MYRTLE BEACH SOUTH CAROLINA
                                          MONTH:     APRIL
                                          YEAR:      2017
                                          LATITUDE:   33 49 N
                                          LONGITUDE:  78 43 W

  TEMPERATURE IN F:       :PCPN:    SNOW:  WIND      :SUNSHINE: SKY     :PK WND
================================================================================
1   2   3   4   5  6A  6B    7    8   9   10  11  12  13   14  15   16   17  18
                                     12Z  AVG MX 2MIN
DY MAX MIN AVG DEP HDD CDD  WTR  SNW DPTH SPD SPD DIR MIN PSBL S-S WX    SPD DR
================================================================================

 1  74  53  64   6   1   0 0.00    M    M  7.4 20 220   M    M   0 12     25 220
 2  66  51  59   1   6   0 0.00    M    M  9.7 18  50   M    M   0 12     23  50
 3  75  60  68  10   0   3 0.49    M    M 10.5 22 190   M    M   5 13     34 180
 4  78  65  72  13   0   7 0.00    M    M 14.6 26 220   M    M   2        34 210
 5  74  60  67   8   0   2 0.74    M    M  6.9 18 150   M    M   4 123    30 270
 6  71  54  63   4   2   0 1.01    M    M 16.2 31 240   M    M   4 13     45 250
 7  66  45  56  -3   9   0    T    M    M 10.4 25 280   M    M   1        38 270
 8  65  37  51  -9  14   0 0.00    M    M  6.5 16 200   M    M   0        21 360
 9  69  40  55  -5  10   0 0.00    M    M  5.9 15 180   M    M   0 1      20 190
10  72  49  61   1   4   0 0.00    M    M  5.8 13 160   M    M   0 1      16 160
11  74  53  64   4   1   0 0.00    M    M  6.5 14 160   M    M   0 1      19 190
12  75  54  65   4   0   0 0.00    M    M  5.6 12 180   M    M   1 12     15 170
13  76  56  66   5   0   1 0.01    M    M  4.1 12  90   M    M   3 1      17 100
14  76  56  66   5   0   1 0.00    M    M  6.2 13 150   M    M   1        15 170
15  77  58  68   7   0   3 0.00    M    M  7.6 17 190   M    M   0 1      22 200
16  77  59  68   6   0   3 0.00    M    M 11.9 22 210   M    M   0 1      30 210
17  75  61  68   6   0   3 0.00    M    M 11.2 20 210   M    M   0        25 200
18  76  60  68   6   0   3 0.00    M    M  7.8 20 100   M    M   5        27  90
19  78  60  69   7   0   4    T    M    M  7.3 17 100   M    M   4        23  90
20  80  60  70   7   0   5 0.00    M    M  8.0 17 210   M    M   2 12     21 210
21  80  66  73  10   0   8 0.00    M    M 12.8 24 210   M    M   0        30 210
22  78  68  73  10   0   8 0.00    M    M 15.2 26 210   M    M   0        32 210
23  72  63  68   4   0   3 0.06    M    M  9.3 18  80   M    M   8 1      24  90
24  75  62  69   5   0   4 1.13    M    M  5.8 15 100   M    M   9 1      21  90
25  68  59  64   0   1   0    T    M    M  5.7 14 250   M    M  10 12     17 270
26  76  58  67   3   0   2 0.00    M    M  8.1 20 210   M    M   2        25 210
================================================================================
SM 1923 1467        48  60  3.44    M    227.0          M       61
================================================================================
AV 74.0 56.4                               8.7 FASTST   M    M   2    MAX(MPH)
                                 MISC ---->  # 31 240               # 45  250
================================================================================
NOTES:
# LAST OF SEVERAL OCCURRENCES

COLUMN 17 PEAK WIND IN M.P.H.

PRELIMINARY LOCAL CLIMATOLOGICAL DATA (WS FORM: F-6) , PAGE 2

                                          STATION:  N.MYRTLE BEACH SOUTH CAROLINA
                                          MONTH:    APRIL
                                          YEAR:     2017
                                          LATITUDE:   33 49 N
                                          LONGITUDE:  78 43 W

[TEMPERATURE DATA]      [PRECIPITATION DATA]       SYMBOLS USED IN COLUMN 16

AVERAGE MONTHLY: 65.2   TOTAL FOR MONTH:   3.44    1 = FOG OR MIST
DPTR FM NORMAL:   4.2   DPTR FM NORMAL:    0.84    2 = FOG REDUCING VISIBILITY
HIGHEST:    80 ON 21,20 GRTST 24HR  1.13 ON 24-24      TO 1/4 MILE OR LESS
LOWEST:     37 ON  8                               3 = THUNDER
                        SNOW, ICE PELLETS, HAIL    4 = ICE PELLETS
                        TOTAL MONTH:    M          5 = HAIL
                        GRTST 24HR    M  ON   M    6 = FREEZING RAIN OR DRIZZLE
                        GRTST DEPTH:  M  ON   M    7 = DUSTSTORM OR SANDSTORM:
                                                       VSBY 1/2 MILE OR LESS
                                                   8 = SMOKE OR HAZE
[NO. OF DAYS WITH]      [WEATHER - DAYS WITH]      9 = BLOWING SNOW
                                                   X = TORNADO
MAX 32 OR BELOW:   0    0.01 INCH OR MORE:   6
MAX 90 OR ABOVE:   0    0.10 INCH OR MORE:   4
MIN 32 OR BELOW:   0    0.50 INCH OR MORE:   3
MIN  0 OR BELOW:   0    1.00 INCH OR MORE:   2

[HDD (BASE 65) ]
TOTAL THIS MO.    48    CLEAR  (SCALE 0-3)  18
DPTR FM NORMAL   -84    PTCLDY (SCALE 4-7)   5
TOTAL FM JUL 1  1796    CLOUDY (SCALE 8-10)  3
DPTR FM NORMAL  -618

[CDD (BASE 65) ]
TOTAL THIS MO.    60
DPTR FM NORMAL    31    [PRESSURE DATA]
TOTAL FM JAN 1    73    HIGHEST SLP M ON M
DPTR FM NORMAL    41    LOWEST  SLP 29.54 ON 25

[REMARKS]
