000
CXUS54 KCRP 221300
CF6CRP
PRELIMINARY LOCAL CLIMATOLOGICAL DATA (WS FORM: F-6)

                                          STATION:   CORPUS CHRISTI
                                          MONTH:     SEPTEMBER
                                          YEAR:      2017
                                          LATITUDE:   27 46 N
                                          LONGITUDE:  97 30 W

  TEMPERATURE IN F:       :PCPN:    SNOW:  WIND      :SUNSHINE: SKY     :PK WND
================================================================================
1   2   3   4   5  6A  6B    7    8   9   10  11  12  13   14  15   16   17  18
                                     12Z  AVG MX 2MIN
DY MAX MIN AVG DEP HDD CDD  WTR  SNW DPTH SPD SPD DIR MIN PSBL S-S WX    SPD DR
================================================================================

 1  93  74  84   0   0  19    T  0.0    0  7.7 18 130   M    M   4        22 130
 2  91  70  81  -3   0  16 0.00  0.0    0  6.3 15 100   M    M   6 12     21 120
 3  91  73  82  -1   0  17 0.00  0.0    0  6.5 17  90   M    M   9        21 100
 4  88  76  82  -1   0  17 0.21  0.0    0  7.8 18  90   M    M   8 13     22  90
 5  92  75  84   1   0  19 0.00  0.0    0  3.9 18 130   M    M   9 3      23 160
 6  85  72  79  -4   0  14 0.00  0.0    0 10.6 22  50   M    M   9        27  20
 7  86  65  76  -7   0  11 0.00  0.0    0 10.7 20  90   M    M   5        23  90
 8  86  66  76  -7   0  11 0.00  0.0    0 12.8 20  90   M    M   4        25  60
 9  88  69  79  -3   0  14 0.00  0.0    0 10.9 18 100   M    M   2        22  70
10  86  67  77  -5   0  12 0.00  0.0    0  7.9 15  80   M    M   2        20  80
11  88  64  76  -6   0  11 0.00  0.0    0  8.9 20  20   M    M   2        27 350
12  91  61  76  -6   0  11 0.00  0.0    0  6.3 15 160   M    M   1        20 360
13  94  63  79  -3   0  14 0.00  0.0    0  9.7 18 130   M    M   3        23 130
14  93  74  84   3   0  19 0.00  0.0    0 12.9 23 140   M    M   1        34 140
15  93  69  81   0   0  16 0.00  0.0    0 11.3 22 150   M    M   2        27 150
16  93  70  82   1   0  17 0.00  0.0    0  9.2 20 100   M    M   3        24 110
17  93  73  83   2   0  18    T  0.0    0  7.9 20 110   M    M   4 1      23 100
18  93  77  85   4   0  20 0.16  0.0    0 11.1 23 140   M    M   6 3      28 140
19  95  76  86   6   0  21 0.00  0.0    0 13.5 23 130   M    M   6 1      27 150
20  95  77  86   6   0  21 0.00  0.0    0 13.4 23 150   M    M   8        28 140
21  94  78  86   6   0  21 0.00  0.0    0 13.3 23 130   M    M   8 3      30 130
================================================================================
SM 1908 1489         0 339  0.37     0.0 202.6          M      102
================================================================================
AV 90.9 70.9                               9.6 FASTST   M    M   5    MAX(MPH)
                                 MISC ---->  # 23 140               # 34  140
================================================================================
NOTES:
# LAST OF SEVERAL OCCURRENCES

COLUMN 17 PEAK WIND IN M.P.H.

PRELIMINARY LOCAL CLIMATOLOGICAL DATA (WS FORM: F-6) , PAGE 2

                                          STATION:  CORPUS CHRISTI
                                          MONTH:    SEPTEMBER
                                          YEAR:     2017
                                          LATITUDE:   27 46 N
                                          LONGITUDE:  97 30 W

[TEMPERATURE DATA]      [PRECIPITATION DATA]       SYMBOLS USED IN COLUMN 16

AVERAGE MONTHLY: 80.9   TOTAL FOR MONTH:   0.37    1 = FOG OR MIST
DPTR FM NORMAL:  -1.1   DPTR FM NORMAL:   -3.29    2 = FOG REDUCING VISIBILITY
HIGHEST:    95 ON 20,19 GRTST 24HR  0.21 ON  4- 4      TO 1/4 MILE OR LESS
LOWEST:     61 ON 12                               3 = THUNDER
                        SNOW, ICE PELLETS, HAIL    4 = ICE PELLETS
                        TOTAL MONTH:   0.0 INCH    5 = HAIL
                        GRTST 24HR     0.0         6 = FREEZING RAIN OR DRIZZLE
                        GRTST DEPTH:   0           7 = DUSTSTORM OR SANDSTORM:
                                                       VSBY 1/2 MILE OR LESS
                                                   8 = SMOKE OR HAZE
[NO. OF DAYS WITH]      [WEATHER - DAYS WITH]      9 = BLOWING SNOW
                                                   X = TORNADO
MAX 32 OR BELOW:   0    0.01 INCH OR MORE:   2
MAX 90 OR ABOVE:  14    0.10 INCH OR MORE:   2
MIN 32 OR BELOW:   0    0.50 INCH OR MORE:   0
MIN  0 OR BELOW:   0    1.00 INCH OR MORE:   0

[HDD (BASE 65) ]
TOTAL THIS MO.     0    CLEAR  (SCALE 0-3)   8
DPTR FM NORMAL     0    PTCLDY (SCALE 4-7)  10
TOTAL FM JUL 1     0    CLOUDY (SCALE 8-10)  3
DPTR FM NORMAL     0

[CDD (BASE 65) ]
TOTAL THIS MO.   339
DPTR FM NORMAL   -17    [PRESSURE DATA]
TOTAL FM JAN 1  3320    HIGHEST SLP M ON M
DPTR FM NORMAL   403    LOWEST  SLP 29.74 ON 13

[REMARKS]
