000
CXUS56 KSGX 281445
CF6CRQ
PRELIMINARY LOCAL CLIMATOLOGICAL DATA (WS FORM: F-6)

                                          STATION:   CARLSBAD PALOMAR AIRPORT CA
                                          MONTH:     MARCH
                                          YEAR:      2015
                                          LATITUDE:   33  7 N
                                          LONGITUDE: 117 17 W

  TEMPERATURE IN F:       :PCPN:    SNOW:  WIND      :SUNSHINE: SKY     :PK WND
================================================================================
1   2   3   4   5  6A  6B    7    8   9   10  11  12  13   14  15   16   17  18
                                     12Z  AVG MX 2MIN
DY MAX MIN AVG DEP HDD CDD  WTR  SNW DPTH SPD SPD DIR MIN PSBL S-S WX    SPD DR
================================================================================

 1  56  52  54  -2  11   0 1.13  0.0    0  5.9 22  90   M    M  10 1      27  90
 2  58  49  54  -2  11   0 0.52    M    0  5.7 15 230   M    M   5 13     21 230
 3  63  45  54  -2  11   0 0.00  0.0    0  4.1 14 250   M    M   2        18 250
 4  66  46  56   0   9   0 0.00  0.0    0  3.1 12 260   M    M   0        16 260
 5  69  46  58   2   7   0 0.00  0.0    0  4.0 12 250   M    M   0        16 260
 6  81  48  65   9   0   0 0.00  0.0    0  5.5 16 250   M    M   0        20 250
 7  82  51  67  11   0   2 0.00  0.0    0  3.3 14 250   M    M   0        18 250
 8  70  52  61   5   4   0 0.00  0.0    0  4.6 12 260   M    M   2        15 250
 9  64  55  60   3   5   0 0.00  0.0    0  2.9 10 240   M    M   4 18     15 260
10  72  51  62   5   3   0 0.00  0.0    0  2.1  9 270   M    M   0 18     12 280
11  71  56  64   7   1   0 0.00  0.0    0  4.1 15 260   M    M   1 128    22 260
12  74  55  65   8   0   0 0.00  0.0    0  2.5 12 260   M    M   0        16 260
13  90  60  75  18   0  10 0.00  0.0    0  4.4 13 290   M    M   0        20 360
14  93  63  78  21   0  13 0.00  0.0    0  4.5 16  90   M    M   0        20 110
15  91  65  78  21   0  13 0.00  0.0    0  4.4 14 250   M    M   0        17 250
16  88  64  76  19   0  11 0.00  0.0    0  4.5 14 260   M    M   0        16 250
17  77  61  69  12   0   4 0.00  0.0    0  4.4 13 240   M    M   1        16 240
18  69  60  65   8   0   0 0.00  0.0    0  6.9 17 220   M    M   7 8      21 220
19  69  59  64   7   1   0 0.00  0.0    0  3.9 12 260   M    M   3        15 290
20  69  57  63   6   2   0 0.00  0.0    0  3.9 10 260   M    M   3 18     14 260
21  68  58  63   6   2   0 0.00  0.0    0  3.8 10 260   M    M   6 18     15 250
22  67  58  63   6   2   0 0.00  0.0    0  3.3 12 260   M    M   6        21 260
23  67  55  61   4   4   0 0.00  0.0    0  4.4 14 260   M    M   1        18 240
24  68  54  61   4   4   0 0.00  0.0    0  4.5 13 240   M    M   1        16 250
25  72  56  64   7   1   0 0.00  0.0    0  3.8 10 260   M    M   0        14 250
26  84  58  71  14   0   6 0.00  0.0    0  3.4 14 260   M    M   0        17 260
27  83  58  71  14   0   6 0.00  0.0    0  3.3 13 260   M    M   0 12     17 250
================================================================================
SM 1981 1492        78  65  1.65     0.0 111.2          M       52
================================================================================
AV 73.4 55.3                               4.1 FASTST   M    M   2    MAX(MPH)
                                 MISC ---->  # 22  90               # 27   90
================================================================================
NOTES:
# LAST OF SEVERAL OCCURRENCES

COLUMN 17 PEAK WIND IN M.P.H.

PRELIMINARY LOCAL CLIMATOLOGICAL DATA (WS FORM: F-6) , PAGE 2

                                          STATION:  CARLSBAD PALOMAR AIRPORT CA
                                          MONTH:    MARCH
                                          YEAR:     2015
                                          LATITUDE:   33  7 N
                                          LONGITUDE: 117 17 W

[TEMPERATURE DATA]      [PRECIPITATION DATA]       SYMBOLS USED IN COLUMN 16

AVERAGE MONTHLY: 64.3   TOTAL FOR MONTH:   1.65    1 = FOG OR MIST
DPTR FM NORMAL:   7.6   DPTR FM NORMAL:    0.11    2 = FOG REDUCING VISIBILITY
HIGHEST:    93 ON 14    GRTST 24HR  1.13 ON  1- 1      TO 1/4 MILE OR LESS
LOWEST:     45 ON  3                               3 = THUNDER
                        SNOW, ICE PELLETS, HAIL    4 = ICE PELLETS
                        TOTAL MONTH:   0.0 INCH    5 = HAIL
                        GRTST 24HR     0.0         6 = FREEZING RAIN OR DRIZZLE
                        GRTST DEPTH:   0           7 = DUSTSTORM OR SANDSTORM:
                                                       VSBY 1/2 MILE OR LESS
                                                   8 = SMOKE OR HAZE
[NO. OF DAYS WITH]      [WEATHER - DAYS WITH]      9 = BLOWING SNOW
                                                   X = TORNADO
MAX 32 OR BELOW:   0    0.01 INCH OR MORE:   2
MAX 90 OR ABOVE:   3    0.10 INCH OR MORE:   2
MIN 32 OR BELOW:   0    0.50 INCH OR MORE:   2
MIN  0 OR BELOW:   0    1.00 INCH OR MORE:   1

[HDD (BASE 65) ]
TOTAL THIS MO.    78    CLEAR  (SCALE 0-3)  20
DPTR FM NORMAL  -148    PTCLDY (SCALE 4-7)   6
TOTAL FM JUL 1   646    CLOUDY (SCALE 8-10)  1
DPTR FM NORMAL  -673

[CDD (BASE 65) ]
TOTAL THIS MO.    65
DPTR FM NORMAL    65    [PRESSURE DATA]
TOTAL FM JAN 1    92    HIGHEST SLP M ON M
DPTR FM NORMAL    86    LOWEST  SLP 29.81 ON M

[REMARKS]
