000
CXUS54 KFWD 240730
CF6CRS
PRELIMINARY LOCAL CLIMATOLOGICAL DATA (WS FORM: F-6)

                                          STATION:   CORSICANA
                                          MONTH:     AUGUST
                                          YEAR:      2017
                                          LATITUDE:   32  1 N
                                          LONGITUDE:  96 24 W

  TEMPERATURE IN F:       :PCPN:    SNOW:  WIND      :SUNSHINE: SKY     :PK WND
================================================================================
1   2   3   4   5  6A  6B    7    8   9   10  11  12  13   14  15   16   17  18
                                     12Z  AVG MX 2MIN
DY MAX MIN AVG DEP HDD CDD  WTR  SNW DPTH SPD SPD DIR MIN PSBL S-S WX    SPD DR
================================================================================

 1  95  74  85   0   0  20    T  0.0    0  4.7 14  40   M    M   4 8      19  40
 2  79  73  76  -9   0  11 3.60  0.0    0  4.4 14  60   M    M   8 13     17  50
 3  91  76  84  -1   0  19 0.00  0.0    0  3.1  9 110   M    M   6 1      12  70
 4  95  75  85   0   0  20 0.00  0.0    0  4.5 10 130   M    M   1        13 140
 5  96  77  87   2   0  22 0.00  0.0    0  9.5 21 150   M    M   1 1      25 140
 6  98  79  89   4   0  24    T  0.0    0 12.5 21 200   M    M   1        27 200
 7  87  75  81  -4   0  16    T  0.0    0  5.6 12 150   M    M   5 3      14 160
 8  91  75  83  -2   0  18    T  0.0    0  7.4 15  50   M    M   6 1      21  50
 9  87  73  80  -5   0  15 0.08  0.0    0  4.2 12  60   M    M   6 1      15  50
10  98  75  87   2   0  22 0.00  0.0    0  4.0 15 160   M    M   2 12     20 340
11  98  79  89   4   0  24 0.07  0.0    0  6.4 16  40   M    M   1 3      22  20
12  99  79  89   4   0  24 0.00  0.0    0  7.5 15 160   M    M   2        19  40
13  96  80  88   3   0  23 0.01  0.0    0  8.1 15 350   M    M   2 3      21 220
14  97  79  88   3   0  23 0.01  0.0    0  8.6 17 210   M    M   3 3      22 220
15  98  79  89   4   0  24 0.00  0.0    0  9.4 16 190   M    M   1        21 190
16  97  79  88   3   0  23 0.00  0.0    0 11.7 22 210   M    M   3        29 200
17  91  78  85   0   0  20 0.01  0.0    0  7.3 21 290   M    M   5 13     25 280
18  99  76  88   3   0  23 0.00  0.0    0  6.2 15 210   M    M   0        20 210
19 100  77  89   5   0  24 0.00  0.0    0  7.4 16 240   M    M   0        20 250
20  99  77  88   4   0  23 0.00  0.0    0  7.6 16 140   M    M   0        20 140
21  96  78  87   3   0  22 0.00  0.0    0  8.0 14 150   M    M   0        18 170
22  98  76  87   3   0  22 0.00  0.0    0  6.0 12 260   M    M   0        14 260
23  96  76  86   2   0  21 0.03  0.0    0  7.3 18 210   M    M   2 13     25 200
================================================================================
SM 2181 1765         0 483  3.81     0.0 161.4          M       59
================================================================================
AV 94.8 76.7                               7.0 FASTST   M    M   3    MAX(MPH)
                                 MISC ---->  # 22 210               # 29  200
================================================================================
NOTES:
# LAST OF SEVERAL OCCURRENCES

COLUMN 17 PEAK WIND IN M.P.H.

PRELIMINARY LOCAL CLIMATOLOGICAL DATA (WS FORM: F-6) , PAGE 2

                                          STATION:  CORSICANA
                                          MONTH:    AUGUST
                                          YEAR:     2017
                                          LATITUDE:   32  1 N
                                          LONGITUDE:  96 24 W

[TEMPERATURE DATA]      [PRECIPITATION DATA]       SYMBOLS USED IN COLUMN 16

AVERAGE MONTHLY: 85.8   TOTAL FOR MONTH:   3.81    1 = FOG OR MIST
DPTR FM NORMAL:   1.0   DPTR FM NORMAL:    2.49    2 = FOG REDUCING VISIBILITY
HIGHEST:   100 ON 19    GRTST 24HR  3.60 ON  2- 2      TO 1/4 MILE OR LESS
LOWEST:     73 ON  9, 2                            3 = THUNDER
                        SNOW, ICE PELLETS, HAIL    4 = ICE PELLETS
                        TOTAL MONTH:   0.0 INCH    5 = HAIL
                        GRTST 24HR     0.0         6 = FREEZING RAIN OR DRIZZLE
                        GRTST DEPTH:   0           7 = DUSTSTORM OR SANDSTORM:
                                                       VSBY 1/2 MILE OR LESS
                                                   8 = SMOKE OR HAZE
[NO. OF DAYS WITH]      [WEATHER - DAYS WITH]      9 = BLOWING SNOW
                                                   X = TORNADO
MAX 32 OR BELOW:   0    0.01 INCH OR MORE:   7
MAX 90 OR ABOVE:  20    0.10 INCH OR MORE:   1
MIN 32 OR BELOW:   0    0.50 INCH OR MORE:   1
MIN  0 OR BELOW:   0    1.00 INCH OR MORE:   1

[HDD (BASE 65) ]
TOTAL THIS MO.     0    CLEAR  (SCALE 0-3)  16
DPTR FM NORMAL     0    PTCLDY (SCALE 4-7)   6
TOTAL FM JUL 1     0    CLOUDY (SCALE 8-10)  1
DPTR FM NORMAL     0

[CDD (BASE 65) ]
TOTAL THIS MO.   483
DPTR FM NORMAL    28    [PRESSURE DATA]
TOTAL FM JAN 1  2157    HIGHEST SLP M ON M
DPTR FM NORMAL   250    LOWEST  SLP 29.70 ON  6

[REMARKS]
