000
CXUS51 KRLX 221112
CF6CRW
PRELIMINARY LOCAL CLIMATOLOGICAL DATA (WS FORM: F-6)

                                          STATION:   CHARLESTON WV
                                          MONTH:     SEPTEMBER
                                          YEAR:      2017
                                          LATITUDE:   38 22 N
                                          LONGITUDE:  81 36 W

  TEMPERATURE IN F:       :PCPN:    SNOW:  WIND      :SUNSHINE: SKY     :PK WND
================================================================================
1   2   3   4   5  6A  6B    7    8   9   10  11  12  13   14  15   16   17  18
                                     12Z  AVG MX 2MIN
DY MAX MIN AVG DEP HDD CDD  WTR  SNW DPTH SPD SPD DIR MIN PSBL S-S WX    SPD DR
================================================================================

 1  69  61  65  -7   0   0 1.44  0.0    0  9.1 18  70   M    M   9 12     24  60
 2  68  58  63  -9   2   0 0.12  0.0    0  5.0 15 240   M    M   9 1      19 240
 3  76  59  68  -4   0   3 0.03  0.0    0  6.5 15 210   M    M   7 1      20 240
 4  84  57  71   0   0   6 0.00  0.0    0  5.5 17 210   M    M   4 1      24 220
 5  75  64  70  -1   0   5 0.35  0.0    0  6.6 18 250   M    M   8 13     26 240
 6  71  53  62  -9   3   0    T  0.0    0  3.1 13 300   M    M   7 1      17 310
 7  69  50  60 -10   5   0 0.00  0.0    0  4.2 16 230   M    M   5 1      23 220
 8  75  46  61  -9   4   0 0.00  0.0    0  2.1 12 270   M    M   4        18 280
 9  73  51  62  -8   3   0 0.00  0.0    0  2.5 10  40   M    M   4 12     16  10
10  74  45  60 -10   5   0 0.00  0.0    0  1.9  8  40   M    M   2 12     11  50
11  67  50  59 -10   6   0 0.00  0.0    0  4.6 12  50   M    M   7 1      15  40
12  73  56  65  -4   0   0 0.25  0.0    0  5.8 15  60   M    M   9 1      19  60
13  81  59  70   2   0   5 0.07  0.0    0  3.2 15 250   M    M   7 12     19 240
14  70  62  66  -2   0   1 0.13  0.0    0  3.3 10 220   M    M   9 12     14 200
15  73  61  67  -1   0   2 0.00  0.0    0  0.3  5  50   M    M  10 12      5  60
16  81  60  71   4   0   6 0.00  0.0    0  0.4  9 320   M    M   5 128    12 320
17  83  59  71   4   0   6 0.00  0.0    0  1.0  9 250   M    M   6 12     12 250
18  84  58  71   4   0   6 0.00  0.0    0  0.5  6 220   M    M   4 12     10 330
19  85  62  74   8   0   9 0.00  0.0    0  1.5  9 260   M    M   6 12     12 310
20  85  63  74   8   0   9 0.00  0.0    0  2.5 10 300   M    M   6 1      16 310
21  87  62  75  10   0  10 0.00  0.0    0  0.6  7 280   M    M   5 12     11 320
================================================================================
SM 1603 1196        28  68  2.39     0.0  70.2          M      133
================================================================================
AV 76.3 57.0                               3.3 FASTST   M    M   6    MAX(MPH)
                                 MISC ---->  # 18  70               # 26  240
================================================================================
NOTES:
# LAST OF SEVERAL OCCURRENCES

COLUMN 17 PEAK WIND IN M.P.H.

PRELIMINARY LOCAL CLIMATOLOGICAL DATA (WS FORM: F-6) , PAGE 2

                                          STATION:  CHARLESTON WV
                                          MONTH:    SEPTEMBER
                                          YEAR:     2017
                                          LATITUDE:   38 22 N
                                          LONGITUDE:  81 36 W

[TEMPERATURE DATA]      [PRECIPITATION DATA]       SYMBOLS USED IN COLUMN 16

AVERAGE MONTHLY: 66.6   TOTAL FOR MONTH:   2.39    1 = FOG OR MIST
DPTR FM NORMAL:  -2.4   DPTR FM NORMAL:    0.07    2 = FOG REDUCING VISIBILITY
HIGHEST:    87 ON 21    GRTST 24HR  1.44 ON  1- 1      TO 1/4 MILE OR LESS
LOWEST:     45 ON 10                               3 = THUNDER
                        SNOW, ICE PELLETS, HAIL    4 = ICE PELLETS
                        TOTAL MONTH:   0.0 INCH    5 = HAIL
                        GRTST 24HR     0.0         6 = FREEZING RAIN OR DRIZZLE
                        GRTST DEPTH:   0           7 = DUSTSTORM OR SANDSTORM:
                                                       VSBY 1/2 MILE OR LESS
                                                   8 = SMOKE OR HAZE
[NO. OF DAYS WITH]      [WEATHER - DAYS WITH]      9 = BLOWING SNOW
                                                   X = TORNADO
MAX 32 OR BELOW:   0    0.01 INCH OR MORE:   7
MAX 90 OR ABOVE:   0    0.10 INCH OR MORE:   5
MIN 32 OR BELOW:   0    0.50 INCH OR MORE:   1
MIN  0 OR BELOW:   0    1.00 INCH OR MORE:   1

[HDD (BASE 65) ]
TOTAL THIS MO.    28    CLEAR  (SCALE 0-3)   1
DPTR FM NORMAL     7    PTCLDY (SCALE 4-7)  15
TOTAL FM JUL 1    28    CLOUDY (SCALE 8-10)  5
DPTR FM NORMAL     5

[CDD (BASE 65) ]
TOTAL THIS MO.    68
DPTR FM NORMAL   -37    [PRESSURE DATA]
TOTAL FM JAN 1  1006    HIGHEST SLP M ON M
DPTR FM NORMAL   -45    LOWEST  SLP 29.77 ON 13

[REMARKS]
