000
CXUS56 KTFX 301205
CF6CTB
PRELIMINARY LOCAL CLIMATOLOGICAL DATA (WS FORM: F-6)

                                          STATION:   CUT BANK MT
                                          MONTH:     APRIL
                                          YEAR:      2017
                                          LATITUDE:   48 37 N
                                          LONGITUDE: 112 23 W

  TEMPERATURE IN F:       :PCPN:    SNOW:  WIND      :SUNSHINE: SKY     :PK WND
================================================================================
1   2   3   4   5  6A  6B    7    8   9   10  11  12  13   14  15   16   17  18
                                     12Z  AVG MX 2MIN
DY MAX MIN AVG DEP HDD CDD  WTR  SNW DPTH SPD SPD DIR MIN PSBL S-S WX    SPD DR
================================================================================

 1  59  33  46   9  19   0 0.00    M    0 16.0 36 240   M    M   1        41 250
 2  51  28  40   3  25   0 0.00    M    0 15.4 37 250   M    M   3        47 250
 3  37  24  31  -6  34   0 0.04    M    1 15.0 25 330   M    M   8 1      30 330
 4  50  21  36  -2  29   0 0.00    M    0 11.8 28 250   M    M   0        35 270
 5  60  27  44   6  21   0 0.00    M    0 15.1 32 250   M    M   4        37 260
 6  67  38  53  15  12   0 0.00    M    0 11.8 26 260   M    M   4        32 240
 7  60  35  48  10  17   0    T    M    0 19.0 56 250   M    M   2        67 260
 8  56  33  45   6  20   0    T    M    0 13.6 26 250   M    M   2        35 230
 9  40  30  35  -4  30   0 0.50    M    2  9.4 28 300   M    M   8 1      34 300
10  49  21  35  -4  30   0 0.00    M    T 12.9 35 240   M    M   1        39 240
11  52  27  40   0  25   0 0.00    M    0 11.5 26 270   M    M   1        31 260
12  51  36  44   4  21   0 0.14    M    0  8.5 16 160   M    M   9 1      20 130
13  55  37  46   6  19   0 0.34    M    0  7.9 21 350   M    M   7 1      24 350
14  51  36  44   4  21   0 0.00    M    0 20.7 35 250   M    M   3        42 240
15  48  26  37  -4  28   0 0.00    M    0 25.4 41 260   M    M   1        50 250
16  50  20  35  -6  30   0 0.00    M    0  8.4 21 110   M    M   2        26 110
17  53  28  41   0  24   0 0.17    M    0 10.4 29 270   M    M   6 16     34 250
18  61  39  50   8  15   0    T    M    0 18.8 30 260   M    M   2        36 260
19  59  34  47   5  18   0 0.00    M    0 14.5 26 290   M    M   0        35 290
20  62  27  45   3  20   0    T    M    0  7.8 28 270   M    M   3        35 270
21  43  32  38  -4  27   0 0.48    M    0 16.5 30 330   M    M  10 1      37 320
22  58  30  44   1  21   0 0.00    M    0 10.8 20 130   M    M   4 1      34 150
23  53  39  46   3  19   0    T    M    0  7.1 21 340   M    M   7 123    24 340
24  51  34  43   0  22   0 0.05    M    0  9.0 18  10   M    M   6 1      24  10
25  42  33  38  -6  27   0 0.27    M    0  7.6 21 360   M    M  10 12     26  10
26  50  32  41  -3  24   0 0.04    M    0  5.8 13  60   M    M   9 1      16  60
27  44  33  39  -5  26   0 0.11    M    M  9.0 21 360   M    M  10 1      23  10
28  48  33  41  -4  24   0 0.02    M    0  7.7 18  10   M    M   9 1      21  10
29  56  31  44  -1  21   0 0.00    M    0 11.4 26 250   M    M   3        32 250
================================================================================
SM 1516  897       669   0  2.16    M    358.8          M      135
================================================================================
AV 52.3 30.9                              12.4 FASTST   M    M   5    MAX(MPH)
                                 MISC ---->  # 56 250               # 67  260
================================================================================
NOTES:
# LAST OF SEVERAL OCCURRENCES

COLUMN 17 PEAK WIND IN M.P.H.

PRELIMINARY LOCAL CLIMATOLOGICAL DATA (WS FORM: F-6) , PAGE 2

                                          STATION:  CUT BANK MT
                                          MONTH:    APRIL
                                          YEAR:     2017
                                          LATITUDE:   48 37 N
                                          LONGITUDE: 112 23 W

[TEMPERATURE DATA]      [PRECIPITATION DATA]       SYMBOLS USED IN COLUMN 16

AVERAGE MONTHLY: 41.6   TOTAL FOR MONTH:   2.16    1 = FOG OR MIST
DPTR FM NORMAL:   0.8   DPTR FM NORMAL:    1.42    2 = FOG REDUCING VISIBILITY
HIGHEST:    67 ON  6    GRTST 24HR  0.50 ON  9- 9      TO 1/4 MILE OR LESS
LOWEST:     20 ON 16                               3 = THUNDER
                        SNOW, ICE PELLETS, HAIL    4 = ICE PELLETS
                        TOTAL MONTH:    M          5 = HAIL
                        GRTST 24HR    M  ON   M    6 = FREEZING RAIN OR DRIZZLE
                        GRTST DEPTH:   2 ON  9     7 = DUSTSTORM OR SANDSTORM:
                                                       VSBY 1/2 MILE OR LESS
                                                   8 = SMOKE OR HAZE
[NO. OF DAYS WITH]      [WEATHER - DAYS WITH]      9 = BLOWING SNOW
                                                   X = TORNADO
MAX 32 OR BELOW:   0    0.01 INCH OR MORE:  11
MAX 90 OR ABOVE:   0    0.10 INCH OR MORE:   7
MIN 32 OR BELOW:  15    0.50 INCH OR MORE:   1
MIN  0 OR BELOW:   0    1.00 INCH OR MORE:   0

[HDD (BASE 65) ]
TOTAL THIS MO.   669    CLEAR  (SCALE 0-3)  13
DPTR FM NORMAL   -31    PTCLDY (SCALE 4-7)   9
TOTAL FM JUL 1  8041    CLOUDY (SCALE 8-10)  7
DPTR FM NORMAL   243

[CDD (BASE 65) ]
TOTAL THIS MO.     0
DPTR FM NORMAL     0    [PRESSURE DATA]
TOTAL FM JAN 1     0    HIGHEST SLP M ON M
DPTR FM NORMAL     0    LOWEST  SLP 29.45 ON 13

[REMARKS]
