000
CXUS52 KTAE 250800
CF6CTY
PRELIMINARY LOCAL CLIMATOLOGICAL DATA (WS FORM: F-6)

                                          STATION:   CROSS CITY
                                          MONTH:     APRIL
                                          YEAR:      2017
                                          LATITUDE:   29 37 N
                                          LONGITUDE:  83  6 W

  TEMPERATURE IN F:       :PCPN:    SNOW:  WIND      :SUNSHINE: SKY     :PK WND
================================================================================
1   2   3   4   5  6A  6B    7    8   9   10  11  12  13   14  15   16   17  18
                                     12Z  AVG MX 2MIN
DY MAX MIN AVG DEP HDD CDD  WTR  SNW DPTH SPD SPD DIR MIN PSBL S-S WX    SPD DR
================================================================================

 1  88  54  71   6   0   6 0.00  0.0    0  4.5 13 240   M    M   1 12     17 240
 2  90  48  69   4   0   4 0.00  0.0    0  3.6 10 230   M    M   1         M  M
 3  86  64  75  10   0  10 0.00  0.0    0  9.4 24 200   M    M   6 3      31 200
 4  75  66  71   6   0   6 1.46  0.0    0  7.8 15 190   M    M   9 13     28 190
 5  86  70  78  13   0  13 0.00  0.0    0 14.0 24 210   M    M   7 13     31 220
 6  77  54  66   1   0   1 0.65  0.0    0 14.0 27 220   M    M   2 13     44 220
 7  72  45  59  -7   6   0 0.00  0.0    0  7.5 18 340   M    M   0        31 320
 8  73  39  56 -10   9   0 0.00  0.0    0  5.6 13 280   M    M   0         M  M
 9  79  39  59  -7   6   0 0.00  0.0    0  3.3 12 280   M    M   0 8      18 360
10  82  48  65  -1   0   0 0.00  0.0    0  3.8  8 120   M    M   2         M  M
11  82  50  66   0   0   1 0.00  0.0    0  4.5 13 260   M    M   2        17 140
12  82  54  68   2   0   3 0.00  0.0    0  4.1 12  40   M    M   3         M  M
13  82  52  67   1   0   2 0.00  0.0    0  5.4 12  50   M    M   2        20 100
14  86  52  69   2   0   4 0.00  0.0    0  5.7 12  80   M    M   1        20 100
15  84  59  72   5   0   7 0.00  0.0    0  6.8 12  90   M    M   1        20 120
16  82  52  67   0   0   2 0.00  0.0    0  4.4 13 280   M    M   3         M  M
17  86  55  71   4   0   6 0.00  0.0    0  3.3 10 260   M    M   2         M  M
18  88  55  72   5   0   7 0.00  0.0    0  3.6 10  70   M    M   1         M  M
19  88  59  74   7   0   9 0.00  0.0    0  5.0 12  90   M    M   3        17  90
20  86  55  71   3   0   6 0.00  0.0    0  4.6 14 280   M    M   1         M  M
21  86  54  70   2   0   5 0.00  0.0    0  4.6 14 290   M    M   0         M  M
22  86  61  74   6   0   9 0.00  0.0    0  4.5 13 190   M    M   1        18 190
23  86  61  74   6   0   9 0.00  0.0    0  5.6 16 260   M    M   5        21 260
24  72  54  63  -5   2   0 0.00  0.0    0  7.4 17 280   M    M   6        24 280
================================================================================
SM 1984 1300        23 110  2.11     0.0 143.0          M       59
================================================================================
AV 82.7 54.2                               6.0 FASTST   M    M   2    MAX(MPH)
                                 MISC ---->  # 27 220               # 44  220
================================================================================
NOTES:
# LAST OF SEVERAL OCCURRENCES

COLUMN 17 PEAK WIND IN M.P.H.

PRELIMINARY LOCAL CLIMATOLOGICAL DATA (WS FORM: F-6) , PAGE 2

                                          STATION:  CROSS CITY
                                          MONTH:    APRIL
                                          YEAR:     2017
                                          LATITUDE:   29 37 N
                                          LONGITUDE:  83  6 W

[TEMPERATURE DATA]      [PRECIPITATION DATA]       SYMBOLS USED IN COLUMN 16

AVERAGE MONTHLY: 68.4   TOTAL FOR MONTH:   2.11    1 = FOG OR MIST
DPTR FM NORMAL:   2.0   DPTR FM NORMAL:   -0.52    2 = FOG REDUCING VISIBILITY
HIGHEST:    90 ON  2    GRTST 24HR  1.46 ON  4- 4      TO 1/4 MILE OR LESS
LOWEST:     39 ON  9, 8                            3 = THUNDER
                        SNOW, ICE PELLETS, HAIL    4 = ICE PELLETS
                        TOTAL MONTH:   0.0 INCH    5 = HAIL
                        GRTST 24HR     0.0         6 = FREEZING RAIN OR DRIZZLE
                        GRTST DEPTH:   0           7 = DUSTSTORM OR SANDSTORM:
                                                       VSBY 1/2 MILE OR LESS
                                                   8 = SMOKE OR HAZE
[NO. OF DAYS WITH]      [WEATHER - DAYS WITH]      9 = BLOWING SNOW
                                                   X = TORNADO
MAX 32 OR BELOW:   0    0.01 INCH OR MORE:   2
MAX 90 OR ABOVE:   1    0.10 INCH OR MORE:   2
MIN 32 OR BELOW:   0    0.50 INCH OR MORE:   2
MIN  0 OR BELOW:   0    1.00 INCH OR MORE:   1

[HDD (BASE 65) ]
TOTAL THIS MO.    23    CLEAR  (SCALE 0-3)  19
DPTR FM NORMAL   -22    PTCLDY (SCALE 4-7)   4
TOTAL FM JUL 1   757    CLOUDY (SCALE 8-10)  1
DPTR FM NORMAL  -543

[CDD (BASE 65) ]
TOTAL THIS MO.   110
DPTR FM NORMAL    32    [PRESSURE DATA]
TOTAL FM JAN 1   239    HIGHEST SLP M ON M
DPTR FM NORMAL    87    LOWEST  SLP 29.75 ON M

[REMARKS]
