000
CXUS55 KCAE 281400
CF6CUB
PRELIMINARY LOCAL CLIMATOLOGICAL DATA (WS FORM: F-6)

                                          STATION:   HAMILTON - OWENS AIRPORT SC
                                          MONTH:     JULY
                                          YEAR:      2015
                                          LATITUDE:   33 58 N
                                          LONGITUDE:  80 59 W

  TEMPERATURE IN F:       :PCPN:    SNOW:  WIND      :SUNSHINE: SKY     :PK WND
================================================================================
1   2   3   4   5  6A  6B    7    8   9   10  11  12  13   14  15   16   17  18
                                     12Z  AVG MX 2MIN
DY MAX MIN AVG DEP HDD CDD  WTR  SNW DPTH SPD SPD DIR MIN PSBL S-S WX    SPD DR
================================================================================

 1  88  71  80  -2   0  15 0.00    M    M  5.7 13 230   M    M   1        19 260
 2  93  71  82   0   0  17 0.95    M    M  6.7 29 310   M    M   1 18     47 310
 3  84  71  78  -4   0  13 0.00    M    M  8.1 17 270   M    M   3        23 270
 4  89  71  80  -2   0  15 0.06    M    M  6.7 15 250   M    M   1        24 240
 5  92  72  82   0   0  17 0.13    M    M  5.1 15 180   M    M   2 1      22 170
 6  90  71  81  -1   0  16 0.00    M    M  4.9 12 180   M    M   4 1      15 190
 7  94  73  84   2   0  19 0.00    M    M  4.4 12 170   M    M   1        17 290
 8  96  75  86   4   0  21 0.00    M    M  4.3 14 220   M    M   1        17 260
 9  98  77  88   5   0  23 0.00    M    M  5.6 13 240   M    M   0        16 270
10 102  76  89   6   0  24 0.00    M    M  4.0 14 260   M    M   0        17 240
11 101  74  88   5   0  23 0.00    M    M  4.6 15 280   M    M   1        19 290
12  98  77  88   5   0  23 0.16    M    M  3.1  9 340   M    M   2 1      14 350
13  99  76  88   5   0  23 0.02    M    M  3.8 16  10   M    M   1 18     26  20
14  93  73  83   0   0  18 0.00    M    M  6.5 16 250   M    M   1 18     23 250
15  98  73  86   3   0  21 0.00    M    M  4.7 14 280   M    M   3        21 280
16  97  78  88   5   0  23 0.00    M    M  2.4  8 330   M    M   6        13 320
17  95  78  87   4   0  22 0.00    M    M  3.2  9 180   M    M   5        15 120
18  98  74  86   3   0  21 0.49    M    M  3.1 16  50   M    M   2 18     29  50
19  99  74  87   4   0  22 0.25    M    M  2.4 14 180   M    M   1 1      20 180
20  97  75  86   3   0  21 0.00    M    M  2.8 14 230   M    M   1 1      23 220
21 101  77  89   6   0  24 0.00    M    M  7.8 18 270   M    M   1        24 270
22  99  76  88   5   0  23 0.00    M    M  2.1  9 280   M    M   1        16 220
23  99  78  89   6   0  24 0.00    M    M  6.9 18 270   M    M   1        24 290
24  90  76  83   0   0  18 0.02    M    M  1.5 10  50   M    M   8 1      17  40
25  94  72  83   0   0  18 0.00    M    M  2.2  9  60   M    M   0 1      16  40
26  96  70  83   0   0  18 0.00    M    M  2.0  9  40   M    M   1        15  30
27  98  72  85   2   0  20 0.00    M    M  1.9 10  20   M    M   2 1      16  40
================================================================================
SM 2578 2001         0 542  2.08    M    116.5          M       51
================================================================================
AV 95.5 74.1                               4.3 FASTST   M    M   2    MAX(MPH)
                                 MISC ---->  # 29 310               # 47  310
================================================================================
NOTES:
# LAST OF SEVERAL OCCURRENCES

COLUMN 17 PEAK WIND IN M.P.H.

PRELIMINARY LOCAL CLIMATOLOGICAL DATA (WS FORM: F-6) , PAGE 2

                                          STATION:  HAMILTON - OWENS AIRPORT SC
                                          MONTH:    JULY
                                          YEAR:     2015
                                          LATITUDE:   33 58 N
                                          LONGITUDE:  80 59 W

[TEMPERATURE DATA]      [PRECIPITATION DATA]       SYMBOLS USED IN COLUMN 16

AVERAGE MONTHLY: 84.8   TOTAL FOR MONTH:   2.08    1 = FOG OR MIST
DPTR FM NORMAL:   2.1   DPTR FM NORMAL:   -2.51    2 = FOG REDUCING VISIBILITY
HIGHEST:   102 ON 10    GRTST 24HR  0.95 ON  2- 2      TO 1/4 MILE OR LESS
LOWEST:     70 ON 26                               3 = THUNDER
                        SNOW, ICE PELLETS, HAIL    4 = ICE PELLETS
                        TOTAL MONTH:    M          5 = HAIL
                        GRTST 24HR    M  ON   M    6 = FREEZING RAIN OR DRIZZLE
                        GRTST DEPTH:  M  ON   M    7 = DUSTSTORM OR SANDSTORM:
                                                       VSBY 1/2 MILE OR LESS
                                                   8 = SMOKE OR HAZE
[NO. OF DAYS WITH]      [WEATHER - DAYS WITH]      9 = BLOWING SNOW
                                                   X = TORNADO
MAX 32 OR BELOW:   0    0.01 INCH OR MORE:   8
MAX 90 OR ABOVE:  24    0.10 INCH OR MORE:   5
MIN 32 OR BELOW:   0    0.50 INCH OR MORE:   1
MIN  0 OR BELOW:   0    1.00 INCH OR MORE:   0

[HDD (BASE 65) ]
TOTAL THIS MO.     0    CLEAR  (SCALE 0-3)  22
DPTR FM NORMAL     0    PTCLDY (SCALE 4-7)   5
TOTAL FM JUL 1     0    CLOUDY (SCALE 8-10)  0
DPTR FM NORMAL     0

[CDD (BASE 65) ]
TOTAL THIS MO.   542
DPTR FM NORMAL    63    [PRESSURE DATA]
TOTAL FM JAN 1  1517    HIGHEST SLP M ON M
DPTR FM NORMAL   269    LOWEST  SLP 29.70 ON M

[REMARKS]
