000
CXUS55 KCAE 161400
CF6CUB
PRELIMINARY LOCAL CLIMATOLOGICAL DATA (WS FORM: F-6)

                                          STATION:   HAMILTON - OWENS AIRPORT SC
                                          MONTH:     JANUARY
                                          YEAR:      2018
                                          LATITUDE:   33 58 N
                                          LONGITUDE:  80 59 W

  TEMPERATURE IN F:       :PCPN:    SNOW:  WIND      :SUNSHINE: SKY     :PK WND
================================================================================
1   2   3   4   5  6A  6B    7    8   9   10  11  12  13   14  15   16   17  18
                                     12Z  AVG MX 2MIN
DY MAX MIN AVG DEP HDD CDD  WTR  SNW DPTH SPD SPD DIR MIN PSBL S-S WX    SPD DR
================================================================================

 1  34  22  28 -18  37   0 0.00    M    M  4.5 13  30   M    M   5        23  80
 2  37  18  28 -17  37   0 0.00    M    M  3.0 10  50   M    M   0        18  80
 3  34  23  29 -16  36   0 0.00    M    M  3.6 10 320   M    M   3        14 300
 4  42  21  32 -13  33   0 0.00    M    M  5.5 20 270   M    M   0        27 320
 5  41  16  29 -16  36   0 0.00    M    M  2.0 10 310   M    M   0        15 310
 6  37  19  28 -17  37   0 0.00    M    M  1.3  9 280   M    M   0        15 280
 7  35  17  26 -19  39   0 0.00    M    M  2.0 10  60   M    M   0        16  70
 8  53  24  39  -6  26   0 0.00    M    M  0.9  6 160   M    M   1 8       9  50
 9  71  35  53   8  12   0 0.00    M    M  1.3  6 210   M    M   4         8 140
10  70  46  58  13   7   0 0.00    M    M  3.2  9  80   M    M   6        15 120
11  74  57  66  20   0   1 0.08    M    M  5.8 17 160   M    M  10 18     23 140
12  73  55  64  18   1   0 0.61    M    M  7.3 18 260   M    M   9 1      24 170
13  55  33  44  -2  21   0 0.00    M    M  9.1 22 280   M    M   2        34 290
14  43  27  35 -11  30   0 0.00    M    M  3.7 10  30   M    M   0        18  10
15  45  26  36 -10  29   0 0.00    M    M  3.2  8 330   M    M   0        13  40
================================================================================
SM  744  439       381   1  0.69    M     56.4          M       40
================================================================================
AV 49.6 29.3                               3.8 FASTST   M    M   3    MAX(MPH)
                                 MISC ---->  # 22 280               # 34  290
================================================================================
NOTES:
# LAST OF SEVERAL OCCURRENCES

COLUMN 17 PEAK WIND IN M.P.H.

PRELIMINARY LOCAL CLIMATOLOGICAL DATA (WS FORM: F-6) , PAGE 2

                                          STATION:  HAMILTON - OWENS AIRPORT SC
                                          MONTH:    JANUARY
                                          YEAR:     2018
                                          LATITUDE:   33 58 N
                                          LONGITUDE:  80 59 W

[TEMPERATURE DATA]      [PRECIPITATION DATA]       SYMBOLS USED IN COLUMN 16

AVERAGE MONTHLY: 39.4   TOTAL FOR MONTH:   0.69    1 = FOG OR MIST
DPTR FM NORMAL:  -6.0   DPTR FM NORMAL:   -0.93    2 = FOG REDUCING VISIBILITY
HIGHEST:    74 ON 11    GRTST 24HR  0.61 ON 12-12      TO 1/4 MILE OR LESS
LOWEST:     16 ON  5                               3 = THUNDER
                        SNOW, ICE PELLETS, HAIL    4 = ICE PELLETS
                        TOTAL MONTH:    M          5 = HAIL
                        GRTST 24HR    M  ON   M    6 = FREEZING RAIN OR DRIZZLE
                        GRTST DEPTH:  M  ON   M    7 = DUSTSTORM OR SANDSTORM:
                                                       VSBY 1/2 MILE OR LESS
                                                   8 = SMOKE OR HAZE
[NO. OF DAYS WITH]      [WEATHER - DAYS WITH]      9 = BLOWING SNOW
                                                   X = TORNADO
MAX 32 OR BELOW:   0    0.01 INCH OR MORE:   2
MAX 90 OR ABOVE:   0    0.10 INCH OR MORE:   1
MIN 32 OR BELOW:  10    0.50 INCH OR MORE:   1
MIN  0 OR BELOW:   0    1.00 INCH OR MORE:   0

[HDD (BASE 65) ]
TOTAL THIS MO.   381    CLEAR  (SCALE 0-3)  10
DPTR FM NORMAL    84    PTCLDY (SCALE 4-7)   3
TOTAL FM JUL 1  1213    CLOUDY (SCALE 8-10)  2
DPTR FM NORMAL    16

[CDD (BASE 65) ]
TOTAL THIS MO.     1
DPTR FM NORMAL     1    [PRESSURE DATA]
TOTAL FM JAN 1     1    HIGHEST SLP M ON M
DPTR FM NORMAL     1    LOWEST  SLP 29.60 ON 12

[REMARKS]
