000
CXUS52 KCHS 300715
CF6CXM
PRELIMINARY LOCAL CLIMATOLOGICAL DATA (WS FORM: F-6)

                                          STATION:   DOWNTOWN CHARLESTON SC
                                          MONTH:     JUNE
                                          YEAR:      2015
                                          LATITUDE:   32 46 N
                                          LONGITUDE:  79 56 W

  TEMPERATURE IN F:       :PCPN:    SNOW:  WIND      :SUNSHINE: SKY     :PK WND
================================================================================
1   2   3   4   5  6A  6B    7    8   9   10  11  12  13   14  15   16   17  18
                                     12Z  AVG MX 2MIN
DY MAX MIN AVG DEP HDD CDD  WTR  SNW DPTH SPD SPD DIR MIN PSBL S-S WX    SPD DR
================================================================================

 1  83  74  79   2   0  14 0.00    M    M  5.5 13 170   M    M   M        16 170
 2  82  76  79   2   0  14 0.00    M    M  5.6 12 180   M    M   M        14 180
 3  78  68  73  -4   0   8 1.47    M    M  7.3 18 120   M    M   M        21 130
 4  80  70  75  -2   0  10 0.01    M    M  7.8 12 120   M    M   M        15 100
 5  83  68  76  -1   0  11 0.00    M    M  6.7 13  10   M    M   M        14  10
 6  86  72  79   1   0  14 0.00    M    M  4.7 12 110   M    M   M        14 110
 7  84  75  80   2   0  15 0.00    M    M  8.6 17  90   M    M   M        21 100
 8  82  75  79   1   0  14 0.00    M    M  7.7 15 190   M    M   M        17 180
 9  85  69  77  -1   0  12 1.41    M    M  7.7 22  20   M    M   M        27  30
10  83  71  77  -1   0  12 0.00    M    M  5.6 12 180   M    M   M        14 170
11  83  77  80   1   0  15 0.00    M    M   M  15 180   M    M   M        18 190
12  88  77  83   4   0  18 0.00    M    M  7.9 16 180   M    M   M        23 240
13  94  76  85   6   0  20 0.01    M    M  6.2 13 210   M    M   M        16 210
14  92  77  85   6   0  20 0.00    M    M  4.8 11 210   M    M   M        15 180
15  94  79  87   8   0  22 0.00    M    M  5.3 11 200   M    M   M        14 200
16  93  80  87   7   0  22 0.00    M    M  6.3 13 190   M    M   M        15 190
17  95  80  88   8   0  23 0.00    M    M  6.0 12 180   M    M   M        15 180
18  89  80  85   5   0  20 0.00    M    M  6.8 13 190   M    M   M        16 190
19  88  81  85   5   0  20 0.00    M    M  7.4 15 180   M    M   M        16 180
20  92  82  87   7   0  22 0.00    M    M  7.3 15 180   M    M   M        20 220
21  92  82  87   7   0  22 0.00    M    M  8.3 15 220   M    M   M        21 220
22  92  82  87   7   0  22 0.00    M    M  6.5 15 180   M    M   M        17 180
23  87  77  82   1   0  17 0.00    M    M  7.8 15 190   M    M   M        18 190
24  89  76  83   2   0  18 1.30    M    M  8.7 22 190   M    M   M        36 190
25  85  73  79  -2   0  14 0.18    M    M  6.5 16  30   M    M   M        19 310
26  90  78  84   3   0  19 0.00    M    M  7.9 15 200   M    M   M        20 210
27  86  76  81   0   0  16 1.03    M    M  8.8 21 230   M    M   M        29 230
28  87  75  81   0   0  16 0.01  0.0    M  6.7 16 200   M    M   M        22 200
29  88  75  82   1   0  17 0.00  0.0    M  6.1 14 200   M    M   M        17 200
================================================================================
SM 2530 2201         0 487  5.42     0.0 192.5          M        M
================================================================================
AV 87.2 75.9                               6.9 FASTST   M    M   5    MAX(MPH)
                                 MISC ---->  # 22  20               # 36  190
================================================================================
NOTES:
# LAST OF SEVERAL OCCURRENCES

COLUMN 17 PEAK WIND IN M.P.H.

PRELIMINARY LOCAL CLIMATOLOGICAL DATA (WS FORM: F-6) , PAGE 2

                                          STATION:  DOWNTOWN CHARLESTON SC
                                          MONTH:    JUNE
                                          YEAR:     2015
                                          LATITUDE:   32 46 N
                                          LONGITUDE:  79 56 W

[TEMPERATURE DATA]      [PRECIPITATION DATA]       SYMBOLS USED IN COLUMN 16

AVERAGE MONTHLY: 81.6   TOTAL FOR MONTH:   5.42    1 = FOG OR MIST
DPTR FM NORMAL:   2.4   DPTR FM NORMAL:    0.95    2 = FOG REDUCING VISIBILITY
HIGHEST:    95 ON 17    GRTST 24HR  1.47 ON  3- 3      TO 1/4 MILE OR LESS
LOWEST:     68 ON  5, 3                            3 = THUNDER
                        SNOW, ICE PELLETS, HAIL    4 = ICE PELLETS
                        TOTAL MONTH:   0.0 INCH    5 = HAIL
                        GRTST 24HR     0.0         6 = FREEZING RAIN OR DRIZZLE
                        GRTST DEPTH:  M  ON   M    7 = DUSTSTORM OR SANDSTORM:
                                                       VSBY 1/2 MILE OR LESS
                                                   8 = SMOKE OR HAZE
[NO. OF DAYS WITH]      [WEATHER - DAYS WITH]      9 = BLOWING SNOW
                                                   X = TORNADO
MAX 32 OR BELOW:   0    0.01 INCH OR MORE:   8
MAX 90 OR ABOVE:   9    0.10 INCH OR MORE:   5
MIN 32 OR BELOW:   0    0.50 INCH OR MORE:   4
MIN  0 OR BELOW:   0    1.00 INCH OR MORE:   4

[HDD (BASE 65) ]
TOTAL THIS MO.     0    CLEAR  (SCALE 0-3)   0
DPTR FM NORMAL     0    PTCLDY (SCALE 4-7)   0
TOTAL FM JUL 1  1688    CLOUDY (SCALE 8-10)  0
DPTR FM NORMAL   -46

[CDD (BASE 65) ]
TOTAL THIS MO.   487
DPTR FM NORMAL    76    [PRESSURE DATA]
TOTAL FM JAN 1   920    HIGHEST SLP M ON M
DPTR FM NORMAL   151    LOWEST  SLP 29.82 ON  9

[REMARKS]
