000
CXUS52 KCHS 280715
CF6CXM
PRELIMINARY LOCAL CLIMATOLOGICAL DATA (WS FORM: F-6)

                                          STATION:   DOWNTOWN CHARLESTON SC
                                          MONTH:     MAY
                                          YEAR:      2016
                                          LATITUDE:   32 46 N
                                          LONGITUDE:  79 56 W

  TEMPERATURE IN F:       :PCPN:    SNOW:  WIND      :SUNSHINE: SKY     :PK WND
================================================================================
1   2   3   4   5  6A  6B    7    8   9   10  11  12  13   14  15   16   17  18
                                     12Z  AVG MX 2MIN
DY MAX MIN AVG DEP HDD CDD  WTR  SNW DPTH SPD SPD DIR MIN PSBL S-S WX    SPD DR
================================================================================

 1  77  73  75   6   0  10 0.00    M    M 10.1 16 180   M    M   M        20 180
 2  80  73  77   7   0  12 0.00    M    M  7.6 14 190   M    M   M        18 210
 3  85  66  76   6   0  11 0.66    M    M  7.3 14 210   M    M   M        25 260
 4  79  66  73   3   0   8 0.00    M    M  5.7 12 250   M    M   M        15 240
 5  70  57  64  -6   1   0 0.00    M    M  8.1 19 350   M    M   M        25 350
 6  71  51  61 -10   4   0 0.00    M    M  5.9 10 330   M    M   M        16 330
 7  79  56  68  -3   0   3 0.00    M    M  6.0 11 260   M    M   M        18 270
 8  89  67  78   7   0  13 0.00    M    M  7.0 14 210   M    M   M        17 280
 9  87  68  78   7   0  13 0.00    M    M  5.9 11 180   M    M   M        15 220
10  79  71  75   3   0  10 0.00    M    M  5.9 16 170   M    M   M        18 170
11  81  69  75   3   0  10 0.00    M    M  5.8 13 180   M    M   M        17 180
12  83  71  77   5   0  12 0.00    M    M  6.5 12 180   M    M   M        16 220
13  82  71  77   5   0  12 0.24    M    M  5.4 12 180   M    M   M        19 200
14  84  68  76   3   0  11 0.00    M    M  5.8 11 260   M    M   M        19 260
15  74  64  69  -4   0   4 0.00    M    M  7.2 15 360   M    M   M        19 360
16  75  67  71  -2   0   6 0.00    M    M  9.5 15  90   M    M   M        20  90
17  77  70  74   1   0   9 0.82    M    M  8.0 17 120   M    M   M        21 110
18  80  69  75   2   0  10 0.01    M    M  6.8 12 360   M    M   M        16  10
19  75  70  73  -1   0   8 0.02    M    M 10.4 18  80   M    M   M        21  80
20  75  69  72  -2   0   7 0.01    M    M 10.7 16  60   M    M   M        20  70
21  84  71  78   4   0  13 0.02    M    M  4.4 10 260   M    M   M        15 270
22  80  67  74   0   0   9 0.00    M    M  6.8 15 350   M    M   M        19 350
23  78  64  71  -4   0   6 0.00    M    M  6.5 12  20   M    M   M        18 350
24  78  65  72  -3   0   7 0.00    M    M  5.6 12 160   M    M   M        15 140
25  81  70  76   1   0  11 0.00    M    M  5.5 12 190   M    M   M        15 170
26  81  73  77   2   0  12 0.00    M    M  5.7 10 160   M    M   M        13 160
27  82  70  76   0   0  11 0.00  0.0    M  8.3 16  90   M    M   M        18  90
================================================================================
SM 2146 1816         5 238  1.78     0.0 188.4          M        M
================================================================================
AV 79.5 67.3                               7.0 FASTST   M    M   5    MAX(MPH)
                                 MISC ---->  # 19 350               # 25  260
================================================================================
NOTES:
# LAST OF SEVERAL OCCURRENCES

COLUMN 17 PEAK WIND IN M.P.H.

PRELIMINARY LOCAL CLIMATOLOGICAL DATA (WS FORM: F-6) , PAGE 2

                                          STATION:  DOWNTOWN CHARLESTON SC
                                          MONTH:    MAY
                                          YEAR:     2016
                                          LATITUDE:   32 46 N
                                          LONGITUDE:  79 56 W

[TEMPERATURE DATA]      [PRECIPITATION DATA]       SYMBOLS USED IN COLUMN 16

AVERAGE MONTHLY: 73.4   TOTAL FOR MONTH:   1.78    1 = FOG OR MIST
DPTR FM NORMAL:   0.9   DPTR FM NORMAL:   -0.04    2 = FOG REDUCING VISIBILITY
HIGHEST:    89 ON  8    GRTST 24HR  0.82 ON 17-17      TO 1/4 MILE OR LESS
LOWEST:     51 ON  6                               3 = THUNDER
                        SNOW, ICE PELLETS, HAIL    4 = ICE PELLETS
                        TOTAL MONTH:   0.0 INCH    5 = HAIL
                        GRTST 24HR     0.0         6 = FREEZING RAIN OR DRIZZLE
                        GRTST DEPTH:  M  ON   M    7 = DUSTSTORM OR SANDSTORM:
                                                       VSBY 1/2 MILE OR LESS
                                                   8 = SMOKE OR HAZE
[NO. OF DAYS WITH]      [WEATHER - DAYS WITH]      9 = BLOWING SNOW
                                                   X = TORNADO
MAX 32 OR BELOW:   0    0.01 INCH OR MORE:   7
MAX 90 OR ABOVE:   0    0.10 INCH OR MORE:   3
MIN 32 OR BELOW:   0    0.50 INCH OR MORE:   2
MIN  0 OR BELOW:   0    1.00 INCH OR MORE:   0

[HDD (BASE 65) ]
TOTAL THIS MO.     5    CLEAR  (SCALE 0-3)   0
DPTR FM NORMAL     0    PTCLDY (SCALE 4-7)   0
TOTAL FM JUL 1  1226    CLOUDY (SCALE 8-10)  0
DPTR FM NORMAL  -505

[CDD (BASE 65) ]
TOTAL THIS MO.   238
DPTR FM NORMAL    30    [PRESSURE DATA]
TOTAL FM JAN 1   395    HIGHEST SLP M ON M
DPTR FM NORMAL    82    LOWEST  SLP 29.57 ON  5

[REMARKS]
