000
CXUS54 KHUN 011015
CF6DCU
PRELIMINARY LOCAL CLIMATOLOGICAL DATA (WS FORM: F-6)

                                          STATION:   DECATUR
                                          MONTH:     JULY
                                          YEAR:      2014
                                          LATITUDE:   34 39 N
                                          LONGITUDE:  86 56 W

  TEMPERATURE IN F:       :PCPN:    SNOW:  WIND      :SUNSHINE: SKY     :PK WND
================================================================================
1   2   3   4   5  6A  6B    7    8   9   10  11  12  13   14  15   16   17  18
                                     12Z  AVG MX 2MIN
DY MAX MIN AVG DEP HDD CDD  WTR  SNW DPTH SPD SPD DIR MIN PSBL S-S WX    SPD DR
================================================================================

 1  93  69  81   2   0  16 0.00  0.0    0  5.6 17 320   M    M   0 1      23 320
 2  91  68  80   1   0  15 0.01  0.0    0  4.8 21 240   M    M   1        26 240
 3  85  65  75  -4   0  10 0.00  0.0    0  7.4 15 350   M    M   1        21 350
 4  82  59  71  -8   0   6 0.00  0.0    0  7.5 17 360   M    M   1        23 320
 5  88  56  72  -7   0   7 0.00  0.0    0  4.3 10 170   M    M   0        15 130
 6  90  61  76  -3   0  11 0.00  0.0    0  3.2 12 150   M    M   2 1      14 140
 7  90  65  78  -1   0  13 0.00  0.0    0  5.8 15 190   M    M   2 18     23 220
 8  90  69  80   1   0  15 0.94  0.0    0  9.0 29 280   M    M   4 13     43 100
 9  85  68  77  -3   0  12 0.52  0.0    0  5.1 16 340   M    M   4 13     22 340
10  87  70  79  -1   0  14 0.25  0.0    0  2.6 10 300   M    M   4 1      21 340
11  90  65  78  -2   0  13 0.00  0.0    0  1.2  9 290   M    M   0 1      13 300
12  93  66  80   0   0  15 0.00  0.0    0  1.1 14  10   M    M   2 1      20 150
13  91  70  81   1   0  16 0.14  0.0    0  4.6 26 190   M    M   1 138    33 180
14  92  72  82   2   0  17 0.00  0.0    0  6.5 17 270   M    M   1 1      28 220
15  83  62  73  -7   0   8 0.30  0.0    0  6.8 17 310   M    M   5 1      30 120
16  80  54  67 -13   0   2 0.00  0.0    0  6.3 15 330   M    M   1        18 340
17  81  58  70 -10   0   5 0.00  0.0    0  3.9 20 140   M    M   1        25 150
18  69  65  67 -13   0   2 2.02  0.0    0  5.3 13 120   M    M   9 1      20 110
19  82  67  75  -5   0  10 0.07  0.0    0  6.9 15 280   M    M   9 1      22  20
20  84  67  76  -4   0  11 0.00  0.0    0  2.2  9 360   M    M   5 1      18  40
21  87  67  77  -3   0  12 0.00  0.0    0  3.0 13  50   M    M   5 1       M  M
22  88  71  80   0   0  15 0.01  0.0    0  3.2 10 150   M    M   4 1      14 140
23  87  71  79  -1   0  14    T  0.0    0  3.2 15 330   M    M   2 13     26 210
24  86  64  75  -5   0  10 0.00  0.0    0  4.8 13 330   M    M   5 18     16 330
25  87  62  75  -5   0  10 0.00  0.0    0  1.7  9 300   M    M   1 1      21  30
26  90  61  76  -4   0  11 0.00  0.0    0  4.0 14 110   M    M   0 128    18 140
27  93  69  81   1   0  16 0.00  0.0    0  7.8 18 240   M    M   2 1      25 230
28  85  65  75  -5   0  10 0.00  0.0    0  7.8 17 340   M    M   1        23 330
29  79  57  68 -12   0   3 0.00  0.0    0  7.0 17 350   M    M   1        21 350
30  83  54  69 -11   0   4 0.00  0.0    0  4.1 12 360   M    M   0 1      16 320
31  84  62  73  -7   0   8 0.00  0.0    0  2.3  8  10   M    M   1 1      20 280
================================================================================
SM 2675 1999         0 331  4.26     0.0 149.0          M       75
================================================================================
AV 86.3 64.5                               4.8 FASTST   M    M   2    MAX(MPH)
                                 MISC ---->  # 29 280               # 43  100
================================================================================
NOTES:
# LAST OF SEVERAL OCCURRENCES

COLUMN 17 PEAK WIND IN M.P.H.

PRELIMINARY LOCAL CLIMATOLOGICAL DATA (WS FORM: F-6) , PAGE 2

                                          STATION:  DECATUR
                                          MONTH:    JULY
                                          YEAR:     2014
                                          LATITUDE:   34 39 N
                                          LONGITUDE:  86 56 W

[TEMPERATURE DATA]      [PRECIPITATION DATA]       SYMBOLS USED IN COLUMN 16

AVERAGE MONTHLY: 75.4   TOTAL FOR MONTH:   4.26    1 = FOG OR MIST
DPTR FM NORMAL:  -4.2   DPTR FM NORMAL:   -0.32    2 = FOG REDUCING VISIBILITY
HIGHEST:    93 ON 27,12 GRTST 24HR  2.03 ON 18-19      TO 1/4 MILE OR LESS
LOWEST:     54 ON 30,16                            3 = THUNDER
                        SNOW, ICE PELLETS, HAIL    4 = ICE PELLETS
                        TOTAL MONTH:   0.0 INCH    5 = HAIL
                        GRTST 24HR     0.0         6 = FREEZING RAIN OR DRIZZLE
                        GRTST DEPTH:   0           7 = DUSTSTORM OR SANDSTORM:
                                                       VSBY 1/2 MILE OR LESS
                                                   8 = SMOKE OR HAZE
[NO. OF DAYS WITH]      [WEATHER - DAYS WITH]      9 = BLOWING SNOW
                                                   X = TORNADO
MAX 32 OR BELOW:   0    0.01 INCH OR MORE:   9
MAX 90 OR ABOVE:  11    0.10 INCH OR MORE:   6
MIN 32 OR BELOW:   0    0.50 INCH OR MORE:   3
MIN  0 OR BELOW:   0    1.00 INCH OR MORE:   1

[HDD (BASE 65) ]
TOTAL THIS MO.     0    CLEAR  (SCALE 0-3)  21
DPTR FM NORMAL     0    PTCLDY (SCALE 4-7)   8
TOTAL FM JUL 1     0    CLOUDY (SCALE 8-10)  2
DPTR FM NORMAL     0

[CDD (BASE 65) ]
TOTAL THIS MO.   331
DPTR FM NORMAL  -120    [PRESSURE DATA]
TOTAL FM JAN 1   950    HIGHEST SLP 30.23 ON  4
DPTR FM NORMAL   -71    LOWEST  SLP 29.87 ON 15

[REMARKS]
#FINAL-07-14#
