000
CXUS54 KHUN 281015
CF6DCU
PRELIMINARY LOCAL CLIMATOLOGICAL DATA (WS FORM: F-6)

                                          STATION:   DECATUR
                                          MONTH:     APRIL
                                          YEAR:      2016
                                          LATITUDE:   34 39 N
                                          LONGITUDE:  86 56 W

  TEMPERATURE IN F:       :PCPN:    SNOW:  WIND      :SUNSHINE: SKY     :PK WND
================================================================================
1   2   3   4   5  6A  6B    7    8   9   10  11  12  13   14  15   16   17  18
                                     12Z  AVG MX 2MIN
DY MAX MIN AVG DEP HDD CDD  WTR  SNW DPTH SPD SPD DIR MIN PSBL S-S WX    SPD DR
================================================================================

 1  67  52  60   3   5   0    T  0.0    0  8.8 17 280   M    M   4        23 270
 2  61  43  52  -5  13   0 0.00  0.0    0 11.6 23 290   M    M   2        29 290
 3  66  40  53  -4  12   0 0.00  0.0    0  4.5 12  10   M    M   0        15 290
 4  77  40  59   1   6   0 0.00  0.0    0  7.3 17 220   M    M   0        21 250
 5  65  40  53  -5  12   0 0.00  0.0    0  7.5 17  20   M    M   0 8      22  40
 6  73  41  57  -1   8   0 0.28  0.0    0 12.7 32 200   M    M   3 13     41 200
 7  70  46  58   0   7   0 0.00  0.0    0  8.8 26  10   M    M   2        34 360
 8  61  45  53  -6  12   0 0.00  0.0    0 10.7 23 290   M    M   2        31 290
 9  59  40  50  -9  15   0 0.00  0.0    0  6.9 18 360   M    M   0        24 320
10  73  40  57  -2   8   0 0.02  0.0    0 13.1 28 180   M    M   3        35 180
11  68  51  60   1   5   0 1.21  0.0    0 10.4 30 140   M    M   5 1      37 140
12  66  48  57  -3   8   0    T  0.0    0  7.8 17  10   M    M   5 1      22  10
13  67  41  54  -6  11   0 0.16  0.0    0  4.4 12 190   M    M   2 1      14  40
14  67  56  62   2   3   0 0.30  0.0    0  5.6 15 140   M    M   9 1      19 140
15  71  53  62   2   3   0 0.00  0.0    0  7.8 18 120   M    M   5 8      27  80
16  75  55  65   4   0   0    T  0.0    0  8.3 18 130   M    M   5        26 130
17  77  49  63   2   2   0 0.00  0.0    0  5.5 17 140   M    M   0        21 140
18  80  46  63   2   2   0 0.00  0.0    0  2.8 13 140   M    M   0        18 140
19  76  50  63   1   2   0 0.00  0.0    0  1.5  7 290   M    M   1 8      10 220
20  83  55  69   7   0   4 0.00  0.0    0  4.8 16 200   M    M   3 8      20 190
21  71  61  66   4   0   1 0.05  0.0    0 10.8 24 210   M    M   3 18     31 210
22  77  57  67   5   0   2 0.16  0.0    0  7.8 18 290   M    M   4 13     23 300
23  78  51  65   2   0   0 0.00  0.0    0  8.0 18 350   M    M   0        25 350
24  82  49  66   3   0   1 0.00  0.0    0  3.7 15 160   M    M   0        17 160
25  82  60  71   8   0   6 0.00  0.0    0  8.1 20 180   M    M   2        27 180
26  85  57  71   7   0   6 0.00  0.0    0  6.0 16 200   M    M   0        20 210
27  82  62  72   8   0   7 0.00  0.0    0  9.8 18 180   M    M   3        24 190
================================================================================
SM 1959 1328       134  27  2.18     0.0 205.0          M       63
================================================================================
AV 72.6 49.2                               7.6 FASTST   M    M   2    MAX(MPH)
                                 MISC ---->  # 32 200               # 41  200
================================================================================
NOTES:
# LAST OF SEVERAL OCCURRENCES

COLUMN 17 PEAK WIND IN M.P.H.

PRELIMINARY LOCAL CLIMATOLOGICAL DATA (WS FORM: F-6) , PAGE 2

                                          STATION:  DECATUR
                                          MONTH:    APRIL
                                          YEAR:     2016
                                          LATITUDE:   34 39 N
                                          LONGITUDE:  86 56 W

[TEMPERATURE DATA]      [PRECIPITATION DATA]       SYMBOLS USED IN COLUMN 16

AVERAGE MONTHLY: 60.9   TOTAL FOR MONTH:   2.18    1 = FOG OR MIST
DPTR FM NORMAL:   0.6   DPTR FM NORMAL:   -1.85    2 = FOG REDUCING VISIBILITY
HIGHEST:    85 ON 26    GRTST 24HR  2.04 ON 31- 1      TO 1/4 MILE OR LESS
LOWEST:     40 ON 10, 9                            3 = THUNDER
                        SNOW, ICE PELLETS, HAIL    4 = ICE PELLETS
                        TOTAL MONTH:   0.0 INCH    5 = HAIL
                        GRTST 24HR     0.0         6 = FREEZING RAIN OR DRIZZLE
                        GRTST DEPTH:   0           7 = DUSTSTORM OR SANDSTORM:
                                                       VSBY 1/2 MILE OR LESS
                                                   8 = SMOKE OR HAZE
[NO. OF DAYS WITH]      [WEATHER - DAYS WITH]      9 = BLOWING SNOW
                                                   X = TORNADO
MAX 32 OR BELOW:   0    0.01 INCH OR MORE:   7
MAX 90 OR ABOVE:   0    0.10 INCH OR MORE:   5
MIN 32 OR BELOW:   0    0.50 INCH OR MORE:   1
MIN  0 OR BELOW:   0    1.00 INCH OR MORE:   1

[HDD (BASE 65) ]
TOTAL THIS MO.   134    CLEAR  (SCALE 0-3)  18
DPTR FM NORMAL   -34    PTCLDY (SCALE 4-7)   8
TOTAL FM JUL 1  2636    CLOUDY (SCALE 8-10)  1
DPTR FM NORMAL  -547

[CDD (BASE 65) ]
TOTAL THIS MO.    27
DPTR FM NORMAL   -16    [PRESSURE DATA]
TOTAL FM JAN 1    40    HIGHEST SLP M ON M
DPTR FM NORMAL   -11    LOWEST  SLP 29.66 ON  1

[REMARKS]
