000
CXUS53 KARX 230930
CF6DEH
PRELIMINARY LOCAL CLIMATOLOGICAL DATA (WS FORM: F-6)

                                          STATION:   DECORAH IA
                                          MONTH:     FEBRUARY
                                          YEAR:      2017
                                          LATITUDE:   43 16 N
                                          LONGITUDE:  91 44 W

  TEMPERATURE IN F:       :PCPN:    SNOW:  WIND      :SUNSHINE: SKY     :PK WND
================================================================================
1   2   3   4   5  6A  6B    7    8   9   10  11  12  13   14  15   16   17  18
                                     12Z  AVG MX 2MIN
DY MAX MIN AVG DEP HDD CDD  WTR  SNW DPTH SPD SPD DIR MIN PSBL S-S WX    SPD DR
================================================================================

 1  30   9  20   M  45   0 0.00  0.0    2  8.2 17 310   M    M   3        25 320
 2  16   7  12   M  53   0 0.00  0.0    2  7.1 15 300   M    M   3        25 300
 3  19   5  12   M  53   0 0.00  0.0    2  5.5 10 300   M    M   1        16 290
 4  32   9  21   M  44   0 0.00  0.0    2 10.5 20 180   M    M   4        28 180
 5  28  18  23   M  42   0 0.00  0.0    2  7.6 17 310   M    M   4        25 310
 6  39  16  28   M  37   0 0.00  0.0    1  6.3 10 150   M    M   3        15 130
 7  37  21  29   M  36   0 0.00  0.0    1 11.1 23 320   M    M  10 12     31 320
 8  21  10  16   M  49   0 0.00  0.0    1 12.8 20 330   M    M   5        22 340
 9  19   5  12   M  53   0 0.00  0.0    M  7.0 10 290   M    M   2        20 180
10  41  18  30   M  35   0 0.00  0.0    M  9.9 17 180   M    M   2        24 180
11  43  36  40   M  25   0    M  0.0    M  2.1  6  20   M    M   7         M  M
12  37  28  33   M  32   0 0.03    M    M 10.1 21 310   M    M   3        32 300
13  45  27  36   M  29   0 0.00  0.0    M  7.5 16 220   M    M   0        28 220
14  41  28  35   M  30   0 0.00  0.0    M  8.9 17 310   M    M   1        27 310
15  32  21  27   M  38   0 0.00  0.0    M  8.0 15 340   M    M   1        24 340
16  39  25  32   M  33   0 0.00  0.0    0  8.3 15 150   M    M   1        22 140
17  59  30  45   M  20   0 0.00  0.0    0  6.9 10 180   M    M   0        16 170
18  57  36  47   M  18   0 0.00  0.0    0  3.8  8 320   M    M   0         M  M
19  59  30  45   M  20   0 0.00  0.0    0  5.8 13 140   M    M   1 1      20 150
20  55  48  52   M  13   0 0.41  0.0    0 11.5 16 150   M    M   6 1      22 150
21  59  32  46   M  19   0 0.00  0.0    0  5.7 12 170   M    M   2 12     18 190
22  63  43  53   M  12   0 0.00  0.0    0  8.0 12 200   M    M   1        18 200
================================================================================
SM  871  502       736   0  0.44     0.0 172.6          M       60
================================================================================
AV 39.6 22.8                               7.8 FASTST   M    M   3    MAX(MPH)
                                 MISC ---->  # 23 320                 32    M
================================================================================
NOTES:
# LAST OF SEVERAL OCCURRENCES

COLUMN 17 PEAK WIND IN M.P.H.

PRELIMINARY LOCAL CLIMATOLOGICAL DATA (WS FORM: F-6) , PAGE 2

                                          STATION:  DECORAH IA
                                          MONTH:    FEBRUARY
                                          YEAR:     2017
                                          LATITUDE:   43 16 N
                                          LONGITUDE:  91 44 W

[TEMPERATURE DATA]      [PRECIPITATION DATA]       SYMBOLS USED IN COLUMN 16

AVERAGE MONTHLY: 31.2   TOTAL FOR MONTH:   0.44    1 = FOG OR MIST
DPTR FM NORMAL:     M   DPTR FM NORMAL:       M    2 = FOG REDUCING VISIBILITY
HIGHEST:    63 ON 22    GRTST 24HR  0.41 ON 20-20      TO 1/4 MILE OR LESS
LOWEST:      5 ON  9, 3                            3 = THUNDER
                        SNOW, ICE PELLETS, HAIL    4 = ICE PELLETS
                        TOTAL MONTH:   0.0 INCH    5 = HAIL
                        GRTST 24HR     0.0         6 = FREEZING RAIN OR DRIZZLE
                        GRTST DEPTH:   2 ON  5, 4  7 = DUSTSTORM OR SANDSTORM:
                                                       VSBY 1/2 MILE OR LESS
                                                   8 = SMOKE OR HAZE
[NO. OF DAYS WITH]      [WEATHER - DAYS WITH]      9 = BLOWING SNOW
                                                   X = TORNADO
MAX 32 OR BELOW:   8    0.01 INCH OR MORE:   2
MAX 90 OR ABOVE:   0    0.10 INCH OR MORE:   1
MIN 32 OR BELOW:  18    0.50 INCH OR MORE:   0
MIN  0 OR BELOW:   0    1.00 INCH OR MORE:   0

[HDD (BASE 65) ]
TOTAL THIS MO.   736    CLEAR  (SCALE 0-3)  16
DPTR FM NORMAL     M    PTCLDY (SCALE 4-7)   5
TOTAL FM JUL 1  4486    CLOUDY (SCALE 8-10)  1
DPTR FM NORMAL     M

[CDD (BASE 65) ]
TOTAL THIS MO.     0
DPTR FM NORMAL     M    [PRESSURE DATA]
TOTAL FM JAN 1     0    HIGHEST SLP M ON M
DPTR FM NORMAL     M    LOWEST  SLP M ON M

[REMARKS]
