000
CXUS54 KSHV 291300
CF6DEQ
PRELIMINARY LOCAL CLIMATOLOGICAL DATA (WS FORM: F-6)

                                          STATION:   DE QUEEN
                                          MONTH:     AUGUST
                                          YEAR:      2015
                                          LATITUDE:   34  2 N
                                          LONGITUDE:  94 24 W

  TEMPERATURE IN F:       :PCPN:    SNOW:  WIND      :SUNSHINE: SKY     :PK WND
================================================================================
1   2   3   4   5  6A  6B    7    8   9   10  11  12  13   14  15   16   17  18
                                     12Z  AVG MX 2MIN
DY MAX MIN AVG DEP HDD CDD  WTR  SNW DPTH SPD SPD DIR MIN PSBL S-S WX    SPD DR
================================================================================

 1  95  64  80  -1   0  15 0.00  0.0    0  2.8  9 120   M    M   0 12     14 160
 2  97  65  81   0   0  16 0.00  0.0    0  2.7 13 110   M    M   0 1      15 120
 3  98  66  82   0   0  17 0.00  0.0    0  3.0 14 130   M    M   0 1      17 130
 4  94  70  82   0   0  17 0.00  0.0    0  1.6  9 180   M    M   1 18     12 190
 5  99  73  86   4   0  21 0.00  0.0    0  5.1 15 230   M    M   1 18     23 230
 6 101  72  87   5   0  22 0.00  0.0    0  4.9 16 250   M    M   0 1      21 240
 7 102  71  87   5   0  22 0.00  0.0    0  4.0 14 220   M    M   0 1      19 240
 8 101  72  87   5   0  22 0.00  0.0    0  3.1 12 200   M    M   0 1      17 210
 9 103  70  87   5   0  22 0.00  0.0    0  2.9 13 250   M    M   1 128    16 230
10 107  66  87   5   0  22    T  0.0    0  3.6 15  90   M    M   1 13     18 360
11 104  73  89   7   0  24 0.00  0.0    0  3.4 15  20   M    M   1 1      21  10
12  96  68  82   0   0  17 0.00  0.0    0  4.5 13 110   M    M   2 8      17 110
13  95  64  80  -2   0  15 0.00  0.0    0  4.6 15 110   M    M   0 1      19 130
14  96  62  79  -3   0  14 0.00  0.0    0  3.8 13 120   M    M   1 8      17 130
15  94  63  79  -3   0  14 0.00  0.0    0  3.8 14 100   M    M   0 1      18 100
16  97  66  82   0   0  17 0.00  0.0    0  4.8 13  80   M    M   0 1      18  80
17  97  68  83   1   0  18 0.00  0.0    0  3.8 14 210   M    M   1 1      19 170
18  97  68  83   1   0  18 0.00  0.0    0  5.4 15 210   M    M   0 1      20 210
19  84  65  75  -6   0  10 0.46  0.0    0  4.5 20 330   M    M   6 13     26 330
20  80  60  70 -11   0   5 0.00  0.0    0  3.5 12 110   M    M   5 1      16  90
21  89  67  78  -3   0  13 0.00  0.0    0  4.1 13 170   M    M   6 1      17 150
22  87  71  79  -2   0  14 0.29  0.0    0  3.9 16 160   M    M   5 1238   22 130
23  87  71  79  -2   0  14 0.07  0.0    0  3.4 22  30   M    M   4 1      30  40
24  91  70  81   0   0  16 0.00  0.0    0  2.6 10 100   M    M   4 13     13 120
25  87  61  74  -7   0   9    T  0.0    0  4.9 15 100   M    M   5 1      19 110
26  92  56  74  -6   0   9 0.00  0.0    0  2.1 10 190   M    M   0 1      13 180
27  84  61  73  -7   0   8 0.00  0.0    0  3.9  9 110   M    M   1 12     14 100
28  87  57  72  -8   0   7 0.00  0.0    0  2.7 12 100   M    M   2 12     15 120
================================================================================
SM 2641 1860         0 438  0.82     0.0 103.4          M       47
================================================================================
AV 94.3 66.4                               3.7 FASTST   M    M   2    MAX(MPH)
                                 MISC ---->  # 22  30               # 30   40
================================================================================
NOTES:
# LAST OF SEVERAL OCCURRENCES

COLUMN 17 PEAK WIND IN M.P.H.

PRELIMINARY LOCAL CLIMATOLOGICAL DATA (WS FORM: F-6) , PAGE 2

                                          STATION:  DE QUEEN
                                          MONTH:    AUGUST
                                          YEAR:     2015
                                          LATITUDE:   34  2 N
                                          LONGITUDE:  94 24 W

[TEMPERATURE DATA]      [PRECIPITATION DATA]       SYMBOLS USED IN COLUMN 16

AVERAGE MONTHLY: 80.4   TOTAL FOR MONTH:   0.82    1 = FOG OR MIST
DPTR FM NORMAL:  -1.1   DPTR FM NORMAL:   -1.11    2 = FOG REDUCING VISIBILITY
HIGHEST:   107 ON 10    GRTST 24HR  0.46 ON 19-19      TO 1/4 MILE OR LESS
LOWEST:     56 ON 26                               3 = THUNDER
                        SNOW, ICE PELLETS, HAIL    4 = ICE PELLETS
                        TOTAL MONTH:   0.0 INCH    5 = HAIL
                        GRTST 24HR     0.0         6 = FREEZING RAIN OR DRIZZLE
                        GRTST DEPTH:   0           7 = DUSTSTORM OR SANDSTORM:
                                                       VSBY 1/2 MILE OR LESS
                                                   8 = SMOKE OR HAZE
[NO. OF DAYS WITH]      [WEATHER - DAYS WITH]      9 = BLOWING SNOW
                                                   X = TORNADO
MAX 32 OR BELOW:   0    0.01 INCH OR MORE:   3
MAX 90 OR ABOVE:  20    0.10 INCH OR MORE:   2
MIN 32 OR BELOW:   0    0.50 INCH OR MORE:   0
MIN  0 OR BELOW:   0    1.00 INCH OR MORE:   0

[HDD (BASE 65) ]
TOTAL THIS MO.     0    CLEAR  (SCALE 0-3)  21
DPTR FM NORMAL     0    PTCLDY (SCALE 4-7)   7
TOTAL FM JUL 1     0    CLOUDY (SCALE 8-10)  0
DPTR FM NORMAL     0

[CDD (BASE 65) ]
TOTAL THIS MO.   438
DPTR FM NORMAL   -21    [PRESSURE DATA]
TOTAL FM JAN 1  1649    HIGHEST SLP M ON M
DPTR FM NORMAL    98    LOWEST  SLP 29.75 ON 18

[REMARKS]
