000
CXUS54 KSHV 211300
CF6DEQ
PRELIMINARY LOCAL CLIMATOLOGICAL DATA (WS FORM: F-6)

                                          STATION:   DE QUEEN
                                          MONTH:     JULY
                                          YEAR:      2017
                                          LATITUDE:   34  2 N
                                          LONGITUDE:  94 24 W

  TEMPERATURE IN F:       :PCPN:    SNOW:  WIND      :SUNSHINE: SKY     :PK WND
================================================================================
1   2   3   4   5  6A  6B    7    8   9   10  11  12  13   14  15   16   17  18
                                     12Z  AVG MX 2MIN
DY MAX MIN AVG DEP HDD CDD  WTR  SNW DPTH SPD SPD DIR MIN PSBL S-S WX    SPD DR
================================================================================

 1  87  69  78  -2   0  13 0.09  0.0    0  4.6 21 280   M    M   3 13     27 280
 2  90  71  81   1   0  16 0.27  0.0    0  4.5 21 270   M    M   6 13     28 310
 3  87  70  79  -2   0  14 0.86  0.0    0  3.9 13 190   M    M   5 13     16 210
 4  90  74  82   1   0  17    T  0.0    0  4.5 13 220   M    M   4 3      17 220
 5  85  70  78  -3   0  13 2.04  0.0    0  5.5 23 310   M    M   5 1238   34 320
 6  91  72  82   1   0  17 0.65  0.0    0  4.2 17 220   M    M   3 13     25 210
 7  94  72  83   2   0  18 0.00  0.0    0  2.7 10 230   M    M   2 12     13 240
 8  83  70  77  -4   0  12 0.19  0.0    0  1.5  9 190   M    M   4 123    17 280
 9  90  68  79  -2   0  14 0.00  0.0    0  2.7 17 200   M    M   4 12     26 200
10  90  67  79  -2   0  14 0.00  0.0    0  2.5 10 190   M    M   2 12     14 160
11  93  72  83   2   0  18 0.00  0.0    0  3.2 10 190   M    M   2 1      14 180
12  93  72  83   2   0  18 0.00  0.0    0  3.4 12 200   M    M   2 1      15 200
13  94  72  83   2   0  18 0.00  0.0    0  2.3  9 240   M    M   1 1      11 240
14  93  73  83   2   0  18    T  0.0    0  2.4 18  50   M    M   1 13     24  30
15  94  73  84   3   0  19 0.07  0.0    0  1.7 15 110   M    M   3 13     21 110
16  93  73  83   2   0  18 0.00  0.0    0  2.3  9  90   M    M   1 1      14 150
17  93  70  82   1   0  17 0.00  0.0    0  2.4  9 140   M    M   1 12     13 120
18  96  69  83   2   0  18 0.00  0.0    0  1.4  8 200   M    M   1 1      10 220
19  96  74  85   4   0  20 0.00  0.0    0  2.8  9 240   M    M   1 1      12 260
20  96  75  86   5   0  21 0.00  0.0    0  2.6 10 240   M    M   1 128    19 290
================================================================================
SM 1828 1426         0 333  4.17     0.0  61.1          M       52
================================================================================
AV 91.4 71.3                               3.1 FASTST   M    M   3    MAX(MPH)
                                 MISC ---->  # 23 310               # 34  320
================================================================================
NOTES:
# LAST OF SEVERAL OCCURRENCES

COLUMN 17 PEAK WIND IN M.P.H.

PRELIMINARY LOCAL CLIMATOLOGICAL DATA (WS FORM: F-6) , PAGE 2

                                          STATION:  DE QUEEN
                                          MONTH:    JULY
                                          YEAR:     2017
                                          LATITUDE:   34  2 N
                                          LONGITUDE:  94 24 W

[TEMPERATURE DATA]      [PRECIPITATION DATA]       SYMBOLS USED IN COLUMN 16

AVERAGE MONTHLY: 81.4   TOTAL FOR MONTH:   4.17    1 = FOG OR MIST
DPTR FM NORMAL:   0.5   DPTR FM NORMAL:    1.50    2 = FOG REDUCING VISIBILITY
HIGHEST:    96 ON 20,19 GRTST 24HR  2.04 ON  5- 5      TO 1/4 MILE OR LESS
LOWEST:     67 ON 10                               3 = THUNDER
                        SNOW, ICE PELLETS, HAIL    4 = ICE PELLETS
                        TOTAL MONTH:   0.0 INCH    5 = HAIL
                        GRTST 24HR     0.0         6 = FREEZING RAIN OR DRIZZLE
                        GRTST DEPTH:   0           7 = DUSTSTORM OR SANDSTORM:
                                                       VSBY 1/2 MILE OR LESS
                                                   8 = SMOKE OR HAZE
[NO. OF DAYS WITH]      [WEATHER - DAYS WITH]      9 = BLOWING SNOW
                                                   X = TORNADO
MAX 32 OR BELOW:   0    0.01 INCH OR MORE:   7
MAX 90 OR ABOVE:  16    0.10 INCH OR MORE:   5
MIN 32 OR BELOW:   0    0.50 INCH OR MORE:   3
MIN  0 OR BELOW:   0    1.00 INCH OR MORE:   1

[HDD (BASE 65) ]
TOTAL THIS MO.     0    CLEAR  (SCALE 0-3)  14
DPTR FM NORMAL     0    PTCLDY (SCALE 4-7)   6
TOTAL FM JUL 1     0    CLOUDY (SCALE 8-10)  0
DPTR FM NORMAL     0

[CDD (BASE 65) ]
TOTAL THIS MO.   333
DPTR FM NORMAL    14    [PRESSURE DATA]
TOTAL FM JAN 1   993    HIGHEST SLP M ON M
DPTR FM NORMAL    79    LOWEST  SLP 29.86 ON 16

[REMARKS]
