000
CXUS56 KOTX 271500
CF6DEW
PRELIMINARY LOCAL CLIMATOLOGICAL DATA (WS FORM: F-6)

                                          STATION:   DEER_PARK WA AIRPORT
                                          MONTH:     MARCH
                                          YEAR:      2015
                                          LATITUDE:   47 58 N
                                          LONGITUDE: 117 25 W

  TEMPERATURE IN F:       :PCPN:    SNOW:  WIND      :SUNSHINE: SKY     :PK WND
================================================================================
1   2   3   4   5  6A  6B    7    8   9   10  11  12  13   14  15   16   17  18
                                     12Z  AVG MX 2MIN
DY MAX MIN AVG DEP HDD CDD  WTR  SNW DPTH SPD SPD DIR MIN PSBL S-S WX    SPD DR
================================================================================

 1  41  13  27  -6  38   0 0.00    M    M  2.2  9 170   M    M   3        12 170
 2  43  23  33  -1  32   0 0.01    M    M  5.0 17  40   M    M   8 1      22  40
 3  39  11  25  -9  40   0 0.00    M    M  3.7 12 220   M    M   0        15  40
 4  46  10  28  -6  37   0 0.00    M    M  3.7 15 210   M    M   0        18 200
 5  51  19  35   1  30   0 0.00    M    M  2.1 10 200   M    M   0        14 210
 6  59  23  41   6  24   0 0.00    M    M  2.3 13 200   M    M   0        20 190
 7  63  25  44   9  21   0 0.00    M    M  3.0 13 310   M    M   0        19 260
 8  62  24  43   8  22   0 0.00    M    M  4.2 15 210   M    M   0        19 220
 9  63  25  44   8  21   0 0.00    M    M  4.5 18 250   M    M   0        24 250
10  65  24  45   9  20   0 0.00    M    M  2.0 10 200   M    M   0        13 200
11  55  38  47  11  18   0 0.01    M    M  2.3  9 180   M    M   8        12 190
12  61  30  46   9  19   0 0.00    M    M  6.9 20 210   M    M   4        25 240
13  65  28  47  10  18   0 0.00    M    M  4.3 14  50   M    M   0        17  50
14  60  43  52  15  13   0 0.29    M    M  9.7 25 210   M    M   9 1      30 200
15  49  42  46   8  19   0 0.93    M    M  5.4 28 200   M    M  10 1      36 200
16  54  38  46   8  19   0 0.00    M    M  8.2 21 200   M    M   6        25 200
17  47  39  43   5  22   0 0.23    M    M  7.6 16  40   M    M   7 1      20  30
18  57  33  45   6  20   0    T    M    M  6.2 14 210   M    M   6 1      17 210
19  55  27  41   2  24   0 0.00    M    M  3.0 10 220   M    M   3 1      13 210
20  58  37  48   9  17   0 0.00    M    M  2.0  9 290   M    M   4        12 250
21  58  30  44   4  21   0 0.04    M    M 11.0 30 230   M    M   6 3      38 230
22  60  25  43   3  22   0 0.00    M    M  3.1 12  20   M    M   3 8      15  10
23  53  39  46   6  19   0 0.07    M    M  6.8 22 180   M    M   9 1      26 180
24  51  29  40   0  25   0 0.05  0.0    0  5.4 23 290   M    M   6 1      29 280
25  46  28  37  -4  28   0 0.24    M    M  4.8 13 210   M    M   8 1      16 200
26  62  39  51  10  14   0 0.04    M    M  4.4 10 210   M    M   7 12     14 220
================================================================================
SM 1423  742       603   0  1.91     0.0 123.8          M      107
================================================================================
AV 54.7 28.5                               4.8 FASTST   M    M   4    MAX(MPH)
                                 MISC ---->  # 30 230               # 38  230
================================================================================
NOTES:
# LAST OF SEVERAL OCCURRENCES

COLUMN 17 PEAK WIND IN M.P.H.

PRELIMINARY LOCAL CLIMATOLOGICAL DATA (WS FORM: F-6) , PAGE 2

                                          STATION:  DEER_PARK WA AIRPORT
                                          MONTH:    MARCH
                                          YEAR:     2015
                                          LATITUDE:   47 58 N
                                          LONGITUDE: 117 25 W

[TEMPERATURE DATA]      [PRECIPITATION DATA]       SYMBOLS USED IN COLUMN 16

AVERAGE MONTHLY: 41.6   TOTAL FOR MONTH:   1.91    1 = FOG OR MIST
DPTR FM NORMAL:   4.5   DPTR FM NORMAL:    0.20    2 = FOG REDUCING VISIBILITY
HIGHEST:    65 ON 13,10 GRTST 24HR  0.93 ON 15-15      TO 1/4 MILE OR LESS
LOWEST:     10 ON  4                               3 = THUNDER
                        SNOW, ICE PELLETS, HAIL    4 = ICE PELLETS
                        TOTAL MONTH:   0.0 INCH    5 = HAIL
                        GRTST 24HR     0.0         6 = FREEZING RAIN OR DRIZZLE
                        GRTST DEPTH:   0           7 = DUSTSTORM OR SANDSTORM:
                                                       VSBY 1/2 MILE OR LESS
                                                   8 = SMOKE OR HAZE
[NO. OF DAYS WITH]      [WEATHER - DAYS WITH]      9 = BLOWING SNOW
                                                   X = TORNADO
MAX 32 OR BELOW:   0    0.01 INCH OR MORE:  10
MAX 90 OR ABOVE:   0    0.10 INCH OR MORE:   4
MIN 32 OR BELOW:  17    0.50 INCH OR MORE:   1
MIN  0 OR BELOW:   0    1.00 INCH OR MORE:   0

[HDD (BASE 65) ]
TOTAL THIS MO.   603    CLEAR  (SCALE 0-3)  11
DPTR FM NORMAL  -122    PTCLDY (SCALE 4-7)  11
TOTAL FM JUL 1  5172    CLOUDY (SCALE 8-10)  4
DPTR FM NORMAL  -918

[CDD (BASE 65) ]
TOTAL THIS MO.     0
DPTR FM NORMAL     0    [PRESSURE DATA]
TOTAL FM JAN 1     0    HIGHEST SLP M ON M
DPTR FM NORMAL     0    LOWEST  SLP  0.00 ON M

[REMARKS]
