000
CXUS53 KIWX 310800
CF6DFI
PRELIMINARY LOCAL CLIMATOLOGICAL DATA (WS FORM: F-6)

                                          STATION:   DEFIANCE MEMORIAL
                                          MONTH:     OCTOBER
                                          YEAR:      2014
                                          LATITUDE:   41 20 N
                                          LONGITUDE:  84 26 W

  TEMPERATURE IN F:       :PCPN:    SNOW:  WIND      :SUNSHINE: SKY     :PK WND
================================================================================
1   2   3   4   5  6A  6B    7    8   9   10  11  12  13   14  15   16   17  18
                                     12Z  AVG MX 2MIN
DY MAX MIN AVG DEP HDD CDD  WTR  SNW DPTH SPD SPD DIR MIN PSBL S-S WX    SPD DR
================================================================================

 1  68  45  57   0   8   0 0.00  0.0    0  3.9  9 130   M    M   4 1      15  80
 2  76  49  63   6   2   0 1.25  0.0    0  6.1 17 210   M    M   5 138    22 210
 3  73  47  60   4   5   0 0.49  0.0    0 10.2 25 220   M    M   6 1      40 220
 4  48  41  45 -11  20   0 0.01  0.0    0  9.9 17 250   M    M   9        30 260
 5  58  40  49  -7  16   0    T  0.0    0  9.6 22 230   M    M   8        33 220
 6  58  41  50  -5  15   0 0.18  0.0    0  5.2 17 210   M    M   6 12     25 210
 7  58  41  50  -5  15   0 0.36  0.0    0  4.3 14 200   M    M   6 1      18 220
 8  63  45  54   0  11   0 0.00  0.0    0  6.2 16 260   M    M   1        28 260
 9  62  41  52  -2  13   0 0.00  0.0    0  3.3 14 310   M    M   0        20 330
10  58  37  48  -6  17   0 0.00  0.0    0  4.3 12  20   M    M   0        16  40
11  60  36  48  -6  17   0 0.00  0.0    0  4.8 14  20   M    M   0        18  20
12  64  32  48  -5  17   0 0.00  0.0    0  5.6 15 110   M    M   3 1      23 340
13  76  50  63  10   2   0 0.20  0.0    0  8.0 15 150   M    M   7 13     25 140
14  73  57  65  13   0   0 0.15  0.0    0  9.0 24 190   M    M   8 1      35 180
15  64  53  59   7   6   0    T  0.0    0  3.8 13 170   M    M   8 12     16 180
16  66  53  60   8   5   0    T  0.0    0  4.6 14 310   M    M   8 128    18 230
17  68  53  61   9   4   0 0.04  0.0    0  9.6 20 210   M    M   7 18     26 270
18  54  45  50  -1  15   0 0.01  0.0    0  9.5 18 330   M    M   8 1      27 310
19  54  31  43  -8  22   0 0.00  0.0    0  4.3 10 330   M    M   1 1       M  M
20  56  47  52   1  13   0 0.14  0.0    0  7.2 16 220   M    M  10 1      21 220
21  54  44  49  -1  16   0    T    M    0  8.7 17  10   M    M  10        24  10
22  51  35  43  -7  22   0 0.00  0.0    0  5.6 13  30   M    M   8 1      16  10
23  59  30  45  -5  20   0 0.00  0.0    0  0.6  9 220   M    M   2 128    12 190
24  62  34  48  -1  17   0 0.00  0.0    0  3.0  9 220   M    M   4 18     11 230
25  70  48  59  10   6   0 0.00  0.0    0  7.6 20 290   M    M   3 18     29 300
26  64  37  51   2  14   0 0.00  0.0    0  3.6 14 300   M    M   0        19 290
27  79  38  59  11   6   0 0.02  0.0    0  9.4 28 200   M    M   4        37 190
28  69  49  59  11   6   0 0.06    M    0  9.9 22 230   M    M   4 13     32 230
29  50  42  46  -2  19   0    T    M    0  6.6 15 260   M    M   6        21 290
30  49  36  43  -5  22   0 0.00  0.0    0  3.0  9 200   M    M   9        12 220
================================================================================
SM 1864 1277       371   0  2.91     0.0 187.4          M      155
================================================================================
AV 62.1 42.6                               6.2 FASTST   M    M   5    MAX(MPH)
                                 MISC ---->  # 28 200               # 40  220
================================================================================
NOTES:
# LAST OF SEVERAL OCCURRENCES

COLUMN 17 PEAK WIND IN M.P.H.

PRELIMINARY LOCAL CLIMATOLOGICAL DATA (WS FORM: F-6) , PAGE 2

                                          STATION:  DEFIANCE MEMORIAL
                                          MONTH:    OCTOBER
                                          YEAR:     2014
                                          LATITUDE:   41 20 N
                                          LONGITUDE:  84 26 W

[TEMPERATURE DATA]      [PRECIPITATION DATA]       SYMBOLS USED IN COLUMN 16

AVERAGE MONTHLY: 52.3   TOTAL FOR MONTH:   2.91    1 = FOG OR MIST
DPTR FM NORMAL:   0.2   DPTR FM NORMAL:    0.62    2 = FOG REDUCING VISIBILITY
HIGHEST:    79 ON 27    GRTST 24HR  1.66 ON  2- 3      TO 1/4 MILE OR LESS
LOWEST:     30 ON 23                               3 = THUNDER
                        SNOW, ICE PELLETS, HAIL    4 = ICE PELLETS
                        TOTAL MONTH:   0.0 INCH    5 = HAIL
                        GRTST 24HR     0.0         6 = FREEZING RAIN OR DRIZZLE
                        GRTST DEPTH:   0           7 = DUSTSTORM OR SANDSTORM:
                                                       VSBY 1/2 MILE OR LESS
                                                   8 = SMOKE OR HAZE
[NO. OF DAYS WITH]      [WEATHER - DAYS WITH]      9 = BLOWING SNOW
                                                   X = TORNADO
MAX 32 OR BELOW:   0    0.01 INCH OR MORE:  12
MAX 90 OR ABOVE:   0    0.10 INCH OR MORE:   7
MIN 32 OR BELOW:   3    0.50 INCH OR MORE:   1
MIN  0 OR BELOW:   0    1.00 INCH OR MORE:   1

[HDD (BASE 65) ]
TOTAL THIS MO.   371    CLEAR  (SCALE 0-3)   9
DPTR FM NORMAL   -23    PTCLDY (SCALE 4-7)  13
TOTAL FM JUL 1   475    CLOUDY (SCALE 8-10)  8
DPTR FM NORMAL   -42

[CDD (BASE 65) ]
TOTAL THIS MO.     0
DPTR FM NORMAL    -9    [PRESSURE DATA]
TOTAL FM JAN 1   743    HIGHEST SLP M ON M
DPTR FM NORMAL    45    LOWEST  SLP 29.49 ON 14

[REMARKS]
