000
CXUS53 KIWX 240800
CF6DFI
PRELIMINARY LOCAL CLIMATOLOGICAL DATA (WS FORM: F-6)

                                          STATION:   DEFIANCE MEMORIAL
                                          MONTH:     AUGUST
                                          YEAR:      2016
                                          LATITUDE:   41 20 N
                                          LONGITUDE:  84 26 W

  TEMPERATURE IN F:       :PCPN:    SNOW:  WIND      :SUNSHINE: SKY     :PK WND
================================================================================
1   2   3   4   5  6A  6B    7    8   9   10  11  12  13   14  15   16   17  18
                                     12Z  AVG MX 2MIN
DY MAX MIN AVG DEP HDD CDD  WTR  SNW DPTH SPD SPD DIR MIN PSBL S-S WX    SPD DR
================================================================================

 1  87  65  76   4   0  11 0.00  0.0    0  3.0  9 360   M    M   2 18     13 320
 2  89  65  77   5   0  12 0.00  0.0    0  2.9 13  80   M    M   0 18     15  70
 3  92  65  79   7   0  14 0.00  0.0    0  2.8 10 100   M    M   1 1      13  20
 4  93  65  79   7   0  14 0.00  0.0    0  2.0  8 230   M    M   0        13 180
 5  89  70  80   8   0  15 0.15  0.0    0  6.3 15 300   M    M   2 18     20 300
 6  86  64  75   3   0  10 0.00  0.0    0  6.0 10 360   M    M   3        14 310
 7  86  61  74   2   0   9 0.00  0.0    0  4.8 13 360   M    M   1        16  20
 8  86  64  75   3   0  10 0.00  0.0    0  5.5 16  80   M    M   0        20  80
 9  91  64  78   6   0  13 0.00  0.0    0  1.9 10 110   M    M   2        13 110
10  94  69  82  10   0  17 2.13  0.0    0  2.3 22 160   M    M   5 138    30 170
11  91  75  83  11   0  18 0.67  0.0    0  6.3 17 210   M    M   3 13     21 240
12  91  76  84  12   0  19 0.41  0.0    0  6.8 22 200   M    M   4 3      28 210
13  86  75  81  10   0  16 0.16  0.0    0  9.2 17 230   M    M   6 18     23 240
14  81  68  75   4   0  10 0.00  0.0    0  2.9  6 220   M    M   2         M  M
15  76  71  74   3   0   9 0.26  0.0    M  4.9 12 130   M    M   9 1      20 130
16  74  72  73   2   0   8 0.01  0.0    0  7.1 15 200   M    M   8        27 200
17  83  67  75   4   0  10 0.01  0.0    0  3.5 15 240   M    M   5 123    26 230
18  82  63  73   2   0   8 0.00  0.0    0  2.3 13 210   M    M   2 12     17 200
19  86  65  76   5   0  11 0.00  0.0    0  4.7 23 310   M    M   1 1      31 300
20  81  67  74   3   0   9 0.31  0.0    0  6.8 20 200   M    M   3 13     28 190
21  76  58  67  -4   0   2 0.00  0.0    0  6.2 17 300   M    M   2        26 300
22  78  52  65  -5   0   0    T  0.0    0  1.4  9 220   M    M   1        12 220
23  82  56  69  -1   0   4 0.00  0.0    0  4.1 14 210   M    M   1        17 220
================================================================================
SM 1960 1517         0 249  4.11     0.0 103.7          M       63
================================================================================
AV 85.2 66.0                               4.5 FASTST   M    M   3    MAX(MPH)
                                 MISC ---->  # 23 310               # 31  300
================================================================================
NOTES:
# LAST OF SEVERAL OCCURRENCES

COLUMN 17 PEAK WIND IN M.P.H.

PRELIMINARY LOCAL CLIMATOLOGICAL DATA (WS FORM: F-6) , PAGE 2

                                          STATION:  DEFIANCE MEMORIAL
                                          MONTH:    AUGUST
                                          YEAR:     2016
                                          LATITUDE:   41 20 N
                                          LONGITUDE:  84 26 W

[TEMPERATURE DATA]      [PRECIPITATION DATA]       SYMBOLS USED IN COLUMN 16

AVERAGE MONTHLY: 75.6   TOTAL FOR MONTH:   4.11    1 = FOG OR MIST
DPTR FM NORMAL:   4.2   DPTR FM NORMAL:    1.71    2 = FOG REDUCING VISIBILITY
HIGHEST:    94 ON 10    GRTST 24HR  2.80 ON 10-11      TO 1/4 MILE OR LESS
LOWEST:     52 ON 22                               3 = THUNDER
                        SNOW, ICE PELLETS, HAIL    4 = ICE PELLETS
                        TOTAL MONTH:   0.0 INCH    5 = HAIL
                        GRTST 24HR     0.0         6 = FREEZING RAIN OR DRIZZLE
                        GRTST DEPTH:   0           7 = DUSTSTORM OR SANDSTORM:
                                                       VSBY 1/2 MILE OR LESS
                                                   8 = SMOKE OR HAZE
[NO. OF DAYS WITH]      [WEATHER - DAYS WITH]      9 = BLOWING SNOW
                                                   X = TORNADO
MAX 32 OR BELOW:   0    0.01 INCH OR MORE:   9
MAX 90 OR ABOVE:   6    0.10 INCH OR MORE:   7
MIN 32 OR BELOW:   0    0.50 INCH OR MORE:   2
MIN  0 OR BELOW:   0    1.00 INCH OR MORE:   1

[HDD (BASE 65) ]
TOTAL THIS MO.     0    CLEAR  (SCALE 0-3)  16
DPTR FM NORMAL     0    PTCLDY (SCALE 4-7)   5
TOTAL FM JUL 1     1    CLOUDY (SCALE 8-10)  2
DPTR FM NORMAL    -1

[CDD (BASE 65) ]
TOTAL THIS MO.   249
DPTR FM NORMAL    97    [PRESSURE DATA]
TOTAL FM JAN 1   904    HIGHEST SLP M ON M
DPTR FM NORMAL   319    LOWEST  SLP 29.58 ON 20

[REMARKS]
